{"id":7763,"date":"2014-01-04T14:33:01","date_gmt":"2014-01-04T13:33:01","guid":{"rendered":"https:\/\/gr1993records.com\/?post_type=product&#038;p=7763"},"modified":"2026-03-31T12:06:33","modified_gmt":"2026-03-31T10:06:33","slug":"djabe-witchi-tai-to-dvd-audio","status":"publish","type":"product","link":"https:\/\/gr1993records.com\/index.php\/product\/djabe-witchi-tai-to-dvd-audio\/","title":{"rendered":"Djabe <br\/>Witchi Tai To <br\/>DVD-Audio"},"content":{"rendered":"<p>A Djabe 1998-as albuma a m\u00e1sodik volt a zenekar t\u00f6rt\u00e9net\u00e9ben.\u00a0A dupla CD nagyr\u00e9szt m\u00e1r az \u00e9ppen \u00e1tadott saj\u00e1t st\u00fadi\u00f3ban k\u00e9sz\u00fclt.\u00a0A zene a Djabe els\u0151, quartet form\u00e1ci\u00f3j\u00e1nak munk\u00e1ja. Sipos Andr\u00e1s \u00e9nekel \u00e9s \u00fct\u0151hangszeren j\u00e1tszik, Muck Ferenc szaxofonon m\u0171k\u00f6dik k\u00f6zre, \u00c9gerh\u00e1zi Attila git\u00e1rozik, valamint Barab\u00e1s Tam\u00e1s basszusgit\u00e1rozik.\u00a0A kiadv\u00e1ny nagy felt\u0171n\u00e9st keltett, mid a szakma, mind a k\u00f6z\u00f6ns\u00e9g nagyon j\u00f3l fogadta.\u00a0Jel\u00f6lt\u00e9k a magyar zenei d\u00edjra, melyet meg is kapott World Music kateg\u00f3ri\u00e1ban. (2000 &#8211; Arany Zsir\u00e1f d\u00edj).\u00a0A dupla CD k\u00fcl\u00f6nlegess\u00e9ge volt, az akkor m\u00e9g ritkas\u00e1gnak sz\u00e1m\u00edt\u00f3 pap\u00edr csomagol\u00e1s a digipak, mely Hollandi\u00e1ban k\u00e9sz\u00fclt.\u00a0M\u00e1s k\u00fclf\u00f6ldi vonatkoz\u00e1sa is volt a kiadv\u00e1nynak. A m\u00e1sodik CD, melyre a r\u00e1di\u00f3k sz\u00e1m\u00e1ra k\u00e9sz\u00edtett remixek ker\u00fcltek, tartalmazott egy sz\u00e1m\u00edt\u00f3g\u00e9pben lej\u00e1tszhat\u00f3 \u00fagynevezett enhanced part\u00edci\u00f3t, melyen interakt\u00edv fel\u00fclet seg\u00edts\u00e9g\u00e9vel vide\u00f3k voltak lej\u00e1tszhat\u00f3k, \u00e9s sok inform\u00e1ci\u00f3t is el lehetett olvasni a zenekarr\u00f3l. Mindezeken fel\u00fcl weblink seg\u00edts\u00e9g\u00e9vel a Djabe honlapj\u00e1ra is el lehetett jutni. Ezt a lemeziparban \u00e9ppen bevezet\u00e9sre ker\u00fclt megjelen\u00e9si form\u00e1t, akkoriban m\u00e9g csak a legend\u00e1s londoni Abbey Road st\u00fadi\u00f3ban tudt\u00e1k kivitelezni. \u00cdgy a produkci\u00f3 a Gramy st\u00fadi\u00f3 mellett a Pink Floyd \u00e9s a Beatles egykori m\u0171hely\u00e9ben k\u00e9sz\u00fclt.\u00a0A CD \u00e9s a vinyl LP v\u00e1ltozat is a High-End szalonok \u00e9s Hi-Fi rajong\u00f3k egyik kedvenc lemeze lett, mai napig sokan eml\u00e9keznek r\u00e1.\u00a02013-ban ezt a legend\u00e1s hangz\u00e1st \u00faj\u00edtotta fel a Djabe.\u00a0A zene ma is frissen sz\u00f3l, a 15 \u00e9v m\u00e9g ink\u00e1bb meg\u00e9rlelte a produkci\u00f3t \u00e9s a hallgat\u00f3i f\u00fcleket.\u00a0A zenekar kiadv\u00e1nyainak hangm\u00e9rn\u00f6ke Barab\u00e1s Tam\u00e1s az eredeti felv\u00e9telt a nyers hangs\u00e1vokb\u00f3l kiindulva teljesen \u00fajrakeverte.\u00a0Megtartva az eredeti CD hangz\u00e1sbeli \u00e9rt\u00e9keit, tov\u00e1bbfejlesztette a hangk\u00e9pet, mely ism\u00e9t a tesztlemez lehet az ig\u00e9nyes hangz\u00e1st kedvel\u0151k sz\u00e1m\u00e1ra. K\u00fcl\u00f6n\u00f6sen igaz ez a surround v\u00e1ltozatra. 5.1-ben m\u00e9g plasztikusabb a hangz\u00e1s, az akusztikus hangszerekre \u00e9p\u00fcl\u0151 felv\u00e9tel minden egyes finom r\u00e9szlete kivehet\u0151, olyanok is, melyek \u00e9rtelemszer\u0171en \u00f6sszemos\u00f3dnak a sztere\u00f3ban.<\/p>\n\n <div id=\"wrapperMI_0\" class=\"wrap-mjp flip \" style=\"position: relative; padding:5px 0px 30px 0px; margin:0px; width:100%;\">\n\t<div style=\"display:none;\" class=\"Eabove-mjp\" id=\"Eabove-mjp_0\"><\/div>\n\t <div class=\"subwrap-MI\">\n\t\t <div class=\"jp-innerwrap\">\n\t\t\t <div class=\"innerx\"><\/div>\n\t\t\t <div class=\"innerleft\"><\/div>\n\t\t\t <div class=\"innerright\"><\/div>\n\t\t\t <div class=\"innertab\"><\/div>\n\t\t\t <div class=\"interface-mjp\" style=\"height:75px;\" id=\"interfaceMI_0\">\n\t\t\t\t <div class=\"MI-image Himg left-mjp\" id=\"MI_image_0\" style=\" width:auto; height:75px; overflow:hidden;\"><\/div>\n\t\t\t\t <div id=\"T_mp3j_0\" class=\"player-track-title centre-mjp bold-mjp plain-mjp childNorm-mjp childItalic-mjp\" style=\"left:18px; right:18px;  top:14px;\"><\/div>\n\t\t\t\t <div class=\"bars_holder\">\n\t\t\t\t\t <div class=\"loadMI_mp3j\" id=\"load_mp3j_0\"><\/div>\n\t\t\t\t\t <div class=\"poscolMI_mp3j soften-mjp\" id=\"poscol_mp3j_0\"><\/div>\n\t\t\t\t\t <div class=\"posbarMI_mp3j\" id=\"posbar_mp3j_0\"><\/div>\n\t\t\t\t <\/div>\n\t\t\t\t <div id=\"P-Time-MI_0\" class=\"jp-play-time\"><\/div>\n\t\t\t\t <div id=\"T-Time-MI_0\" class=\"jp-total-time\"><\/div>\n\t\t\t\t <div id=\"statusMI_0\" class=\"statusMI\"><\/div>\n\t\t\t\t <div class=\"transport-MI\"><div class=\"play-mjp\" id=\"playpause_mp3j_0\">Play<\/div><div class=\"stop-mjp\" id=\"stop_mp3j_0\">Stop<\/div><div class=\"next-mjp\" id=\"Next_mp3j_0\">Next&raquo;<\/div><div class=\"prev-mjp\" id=\"Prev_mp3j_0\">&laquo;Prev<\/div><\/div>\n\t\t\t\t <div class=\"buttons-wrap-mjp\" id=\"buttons-wrap-mjp_0\">\n\t\t\t\t\t <div class=\"playlist-toggle-MI\" id=\"playlist-toggle_0\">HIDE PLAYLIST<\/div>\n\t\t\t\t\t <div class=\"mp3j-popout-MI\" id=\"lpp_mp3j_0\" style=\"\"><\/div>\n\t\t\t\t\t \n\t\t\t\t <\/div>\n\t\t\t <\/div>\n\t\t\t <div class=\"mjp-volwrap\">\n\t\t\t\t <div class=\"MIsliderVolume\" id=\"vol_mp3j_0\"><\/div>\n\t\t\t\t <div class=\"innerExt1\" id=\"innerExt1_0\"><\/div>\n\t\t\t\t <div class=\"innerExt2\" id=\"innerExt2_0\"><\/div>\n\t\t\t <\/div>\n\t\t <\/div>\n\t\t <div style=\"display:none;\" class=\"Ebetween-mjp\" id=\"Ebetween-mjp_0\"><\/div>\n\t\t <div class=\"listwrap_mp3j\" id=\"L_mp3j_0\" style=\"overflow:auto; max-height:450px;\"><div class=\"wrapper-mjp\"><div class=\"playlist-colour\"><\/div><div class=\"wrapper-mjp\"><ul class=\"ul-mjp dark-mjp childBold-mjp childPlain-mjp left-mjp\" id=\"UL_mp3j_0\"><li><\/li><\/ul><\/div><\/div><\/div>\n\t <\/div>\n\t <div id=\"mp3j_finfo_0\" class=\"mp3j-finfo\" style=\"display:none;\"><div class=\"mp3j-finfo-sleeve\"><div id=\"mp3j_finfo_gif_0\" class=\"mp3j-finfo-gif\"><\/div><div id=\"mp3j_finfo_txt_0\" class=\"mp3j-finfo-txt\"><\/div><div class=\"mp3j-finfo-close\" id=\"mp3j_finfo_close_0\">X<\/div><\/div><\/div><div id=\"mp3j_dlf_0\" class=\"mp3j-dlframe\" style=\"display:none;\"><\/div>\n\t <div class=\"mp3j-nosolution\" id=\"mp3j_nosolution_0\" style=\"display:none;\"><\/div>\n\t <div style=\"display:none;\" class=\"Ebelow-mjp\" id=\"Ebelow-mjp_0\"><\/div>\n <\/div> \n<script>\nMP3jPLAYLISTS.MI_0 = [\n\t{ name: \"Witchi Tai To\", formats: [\"mp3\"], mp3: \"aHR0cHM6Ly9ncjE5OTNyZWNvcmRzLmNvbS93cC1jb250ZW50L3VwbG9hZHMvMjAyNi8wMS9XaXRjaGktVGFpLVRvLVdpdGNoaS1UYWktVG8ubXAz\", counterpart:\"\", artist: \"\", image: \"false\", imgurl: \"\" },\n\t{ name: \"Visions\", formats: [\"mp3\"], mp3: \"aHR0cHM6Ly9ncjE5OTNyZWNvcmRzLmNvbS93cC1jb250ZW50L3VwbG9hZHMvMjAyNi8wMS9XaXRjaGktVGFpLVRvLVZpc2lvbnMubXAz\", counterpart:\"\", artist: \"\", image: \"false\", imgurl: \"\" },\n\t{ name: \"Visions after the Rain\", formats: [\"mp3\"], mp3: \"aHR0cHM6Ly9ncjE5OTNyZWNvcmRzLmNvbS93cC1jb250ZW50L3VwbG9hZHMvMjAyNi8wMS9XaXRjaGktVGFpLVRvLU9kZS5tcDM=\", counterpart:\"\", artist: \"\", image: \"false\", imgurl: \"\" },\n\t{ name: \"Ode\", formats: [\"mp3\"], mp3: \"aHR0cHM6Ly9ncjE5OTNyZWNvcmRzLmNvbS93cC1jb250ZW50L3VwbG9hZHMvMjAyNi8wMS9XaXRjaGktVGFpLVRvLVZpc2lvbnMtYWZ0ZXItdGhlLVJhaW4ubXAz\", counterpart:\"\", artist: \"\", image: \"false\", imgurl: \"\" },\n\t{ name: \"Djabe (Radio Edit)\", formats: [\"mp3\"], mp3: \"aHR0cHM6Ly9ncjE5OTNyZWNvcmRzLmNvbS93cC1jb250ZW50L3VwbG9hZHMvMjAyNi8wMS9XaXRjaGktVGFpLVRvLURqYWJlLVJhZGlvLUVkaXQubXAz\", counterpart:\"\", artist: \"\", image: \"false\", imgurl: \"\" }\n];\n<\/script>\n\n<script>MP3jPLAYERS[0] = { list:MP3jPLAYLISTS.MI_0, tr:0, type:'MI', lstate:true, loop:false, play_txt:'Play', pause_txt:'Pause', pp_title:'GR1993 Records', autoplay:false, download:false, vol:100, height:75, cssclass:'flip ', popout_css:{ enabled:true, \t\t\tcolours: [\"#f0f0f0\", \"#f8f8f8\", \"#f8f8f8\", \"rgba(49, 49, 49, 0.64)\", \"rgba(0, 88, 131, 0.91)\", \"rgba(0, 88, 131, 0.1)\", \"rgba(167, 177, 183, 0.1)\", \"#3d3232\", \"#3d3232\", \"#005681\", \"#005681\", \"\/\", 400, 600 ],\n\t\t\tcssInterface: { \"color\": \"#3d3232\" },\n\t\t\tcssTitle: { \"left\": \"18px\", \"right\":\"18px\", \"top\":\"14px\" },\n\t\t\tcssImage: { \"overflow\": \"hidden\", \"width\":\"auto\", \"height\":\"75px\"  },\n\t\t\tcssFontSize: { \"title\": \"22px\", \"caption\": \"15.4px\", \"list\": \"18px\" },\n\t\t\tclasses: { interface:'', title:' centre-mjp bold-mjp plain-mjp childNorm-mjp childItalic-mjp', image:' Himg left-mjp', poscol:' soften-mjp', ul:' dark-mjp childBold-mjp childPlain-mjp left-mjp' }} };<\/script>\n\n\n<p>A most megjelent 2014-es v\u00e1ltozat a Djab\u00e9t\u00f3l megszokott magas sz\u00ednvonal\u00fa egylemezes DVD kiadv\u00e1ny. \u00a0A form\u00e1tuma ford\u00edthat\u00f3 DVD10, teh\u00e1t a lemez mindk\u00e9t oldal\u00e1ra ker\u00fclt tartalom. Az egyik oldalon tal\u00e1lhat\u00f3 a DVD Audio k\u00e9sz\u00fcl\u00e9kekben lej\u00e1tszhat\u00f3 DVD Audio part\u00edci\u00f3. Ezen a layeren \u00e9rhetj\u00fck el a nagyfelbont\u00e1s\u00fa t\u00f6m\u00f6r\u00edtetlen MLP (24 bit\/96kHz) sztere\u00f3 \u00e9s 5.1 hangs\u00e1vokat. Az eg\u00e9sz eredeti album meghallgathat\u00f3 ebben a min\u0151s\u00e9gben, valamint 1 bonus track is, az 1999-ben r\u00f6gz\u00edtett Visions is. A DVD m\u00e1sik oldal\u00e1t, mely DVD video form\u00e1tum\u00fa, minden DVD \u00e9s Blu-Ray k\u00e9sz\u00fcl\u00e9k lej\u00e1tssza. Term\u00e9szetesen itt is meghallgathat\u00f3 a teljes album \u00e9s a Visions 1999 sztere\u00f3ban (PCM), \u00e9s k\u00e9tf\u00e9le 5.1-ben is (DTS \u00e9s Dolby Digital). A DVD video layeren tal\u00e1lhat\u00f3k az extr\u00e1k is, amelyek az eredeti dupla CD m\u00e1sodik korongj\u00e1n voltak. Felker\u00fclt az \u00faj kiad\u00e1sra a Djabe: Live 1997 c\u00edm\u0171 film. Ebben az 1997-es Pecsa koncertet a zenekari tagok nyilatkozatai szak\u00edtj\u00e1k meg. A r\u00e1di\u00f3s remixek is itt tal\u00e1lhat\u00f3k, azonban nemcsak hangban, hanem az album eredeti megjelen\u00e9si id\u0151pontja ut\u00e1n ezekre k\u00e9sz\u00edtett vide\u00f3 klipeket is megn\u00e9zhetj\u00fck. A kiadv\u00e1ny minden elem\u00e9re igaz, hogy min\u0151s\u00e9gben meghaladta az eredeti megjelen\u00e9s \u00e1ltal magasra tett m\u00e9rc\u00e9t. Ez minden k\u00e9p \u00e9s hangs\u00e1vra igaz.<\/p>\n<h2>Tracklista:<\/h2>\n<p>Coffee Break<br \/>\nOde<br \/>\nIsland<br \/>\nOdyssey<br \/>\nVisions After The Rain<br \/>\nEarly Morning Snow <div id=\"mp3jWrap_1\" class=\"mjp-s-wrapper s-graphic unsel-mjp \" style=\"font-size:18px;\"><span id=\"playpause_wrap_mp3j_1\" class=\"wrap_inline_mp3j\" style=\"font-weight:700;\"><span class=\"gfxbutton_mp3j play-mjp\" id=\"playpause_mp3j_1\" style=\"font-size:18px;\">&nbsp;&nbsp;&nbsp;&nbsp;&nbsp;<\/span>&nbsp;<span class=\"group_wrap\"><span class=\"bars_mp3j\"><span class=\"loadB_mp3j\" id=\"load_mp3j_1\"><\/span><span class=\"posbarB_mp3j\" id=\"posbar_mp3j_1\"><\/span><\/span><span class=\"T_mp3j\" id=\"T_mp3j_1\" style=\"font-size:18px;\">djabe_witchi_tai_to_2014_early_morning_snow<\/span><span class=\"indi_mp3j\" style=\"font-size:12.6px;\" id=\"statusMI_1\"><\/span><\/span><span class=\"vol_mp3j flipped\" id=\"vol_mp3j_1\"><\/span><\/span><\/div><span class=\"s-nosolution\" id=\"mp3j_nosolution_1\" style=\"display:none;\"><\/span><script>\nMP3jPLAYLISTS.inline_0 = [\n\t{ name: \"djabe_witchi_tai_to_2014_early_morning_snow\", formats: [\"mp3\"], mp3: \"aHR0cDovL3d3dy5ncjE5OTNyZWNvcmRzLmNvbS9tdXNpY3MvZGphYmVfd2l0Y2hpX3RhaV90b18yMDE0X2Vhcmx5X21vcm5pbmdfc25vdy5tcDM=\", counterpart:\"\", artist: \"\", image: \"\", imgurl: \"\" }\n];\n<\/script>\n\n<script>MP3jPLAYERS[1] = { list: MP3jPLAYLISTS.inline_0, tr:0, type:'single', lstate:'', loop:false, play_txt:'&nbsp;&nbsp;&nbsp;&nbsp;&nbsp;', pause_txt:'&nbsp;&nbsp;&nbsp;&nbsp;&nbsp;', pp_title:'', autoplay:false, download:false, vol:100, height:'' };<\/script>Visions Coctail<br \/>\nDesert<br \/>\nVisions<br \/>\nGallop<br \/>\nLast Vision<br \/>\nWitchi Tai To<br \/>\nVisions 1999 (Bonus track)<\/p>\n<p><strong>DVD Audio side: <\/strong><br \/>\nMLP 2.0, MLP 5.1 (24bit\/96kHz)<br \/>\nA teljes album surround MLP 5.1 \u00e9s sztereo MLP 2.0 hangs\u00e1vokkal<\/p>\n<p><strong>DVD Video oldal: <\/strong><br \/>\nLPCM 2.0, Dolby Digital 5.1, DTS 5.1<br \/>\n(24bit\/48kHz)<br \/>\nA teljes album surround DTS 5.1, Dolby Digital 5.1 \u00e9s sztereo LPCM 2.0 hangs\u00e1vokkal.<\/p>\n<p><strong>Video extras:<\/strong>\u00a0 Djabe Live 1997, Djabe vide\u00f3 klip, Coffee Break vide\u00f3 klip<br \/>\n<strong>Audio extra:<\/strong> Confidence<\/p>\n<h2>A lemezen szerepl\u0151 el\u0151ad\u00f3k:<\/h2>\n<p>Barab\u00e1s Tam\u00e1s \u2013 basszusgit\u00e1r<br \/>\n\u00c9gerh\u00e1zi Attila \u2013 git\u00e1r<br \/>\nMuck Ferenc \u2013 saxofon<br \/>\nSipos Andr\u00e1s \u2013 \u00e9nek, \u00fct\u0151hangszerek<br \/>\nVend\u00e9gek:<br \/>\nSn\u00e9tberger Ferenc \u2013 git\u00e1r (1)<br \/>\nSzal\u00f3ky B\u00e9la \u2013 sz\u00e1rnyk\u00fcrt (6)<br \/>\nHerczeg Judit &#8211; \u00e9nek (4)<\/p>\n<p><iframe loading=\"lazy\" title=\"Djabe - Djabe\" width=\"840\" height=\"630\" src=\"https:\/\/www.youtube.com\/embed\/Lo5_2DShxA4?feature=oembed\" frameborder=\"0\" allow=\"accelerometer; autoplay; clipboard-write; encrypted-media; gyroscope; picture-in-picture; web-share\" referrerpolicy=\"strict-origin-when-cross-origin\" allowfullscreen><\/iframe><\/p>","protected":false},"excerpt":{"rendered":"<p>A Djabe 1998-as albuma a m\u00e1sodik volt a zenekar t\u00f6rt\u00e9net\u00e9ben.\u00a0A dupla CD nagyr\u00e9szt m\u00e1r az \u00e9ppen \u00e1tadott saj\u00e1t st\u00fadi\u00f3ban k\u00e9sz\u00fclt.\u00a0A zene a Djabe els\u0151, quartet form\u00e1ci\u00f3j\u00e1nak munk\u00e1ja. Sipos Andr\u00e1s \u00e9nekel \u00e9s \u00fct\u0151hangszeren j\u00e1tszik, Muck Ferenc szaxofonon m\u0171k\u00f6dik k\u00f6zre, \u00c9gerh\u00e1zi Attila git\u00e1rozik, valamint Barab\u00e1s Tam\u00e1s basszusgit\u00e1rozik.\u00a0A kiadv\u00e1ny nagy felt\u0171n\u00e9st keltett, mid a szakma, mind a k\u00f6z\u00f6ns\u00e9g [&hellip;]<\/p>\n","protected":false},"featured_media":7769,"template":"","meta":[],"product_brand":[],"product_cat":[108],"product_tag":[],"class_list":{"0":"post-7763","1":"product","2":"type-product","3":"status-publish","4":"has-post-thumbnail","6":"product_cat-dvd_audio","7":"yith_product_brand-djabe","8":"col-12 col-sm-6 col-md-4","10":"first","11":"instock","12":"shipping-taxable","13":"purchasable","14":"product-type-simple"},"yoast_head":"<!-- This site is optimized with the Yoast SEO plugin v27.4 - https:\/\/yoast.com\/product\/yoast-seo-wordpress\/ -->\n<title>Djabe Witchi Tai To DVD-Audio &#8211; GR1993 Records<\/title>\n<meta name=\"robots\" content=\"index, follow, max-snippet:-1, max-image-preview:large, max-video-preview:-1\" \/>\n<link rel=\"canonical\" href=\"https:\/\/gr1993records.com\/index.php\/product\/djabe-witchi-tai-to-dvd-audio\/\" \/>\n<meta property=\"og:locale\" content=\"hu_HU\" \/>\n<meta property=\"og:type\" content=\"article\" \/>\n<meta property=\"og:title\" content=\"Djabe Witchi Tai To DVD-Audio &#8211; GR1993 Records\" \/>\n<meta property=\"og:description\" content=\"A Djabe 1998-as albuma a m\u00e1sodik volt a zenekar t\u00f6rt\u00e9net\u00e9ben.\u00a0A dupla CD nagyr\u00e9szt m\u00e1r az \u00e9ppen \u00e1tadott saj\u00e1t st\u00fadi\u00f3ban k\u00e9sz\u00fclt.\u00a0A zene a Djabe els\u0151, quartet form\u00e1ci\u00f3j\u00e1nak munk\u00e1ja. Sipos Andr\u00e1s \u00e9nekel \u00e9s \u00fct\u0151hangszeren j\u00e1tszik, Muck Ferenc szaxofonon m\u0171k\u00f6dik k\u00f6zre, \u00c9gerh\u00e1zi Attila git\u00e1rozik, valamint Barab\u00e1s Tam\u00e1s basszusgit\u00e1rozik.\u00a0A kiadv\u00e1ny nagy felt\u0171n\u00e9st keltett, mid a szakma, mind a k\u00f6z\u00f6ns\u00e9g [&hellip;]\" \/>\n<meta property=\"og:url\" content=\"https:\/\/gr1993records.com\/index.php\/product\/djabe-witchi-tai-to-dvd-audio\/\" \/>\n<meta property=\"og:site_name\" content=\"GR1993 Records\" \/>\n<meta property=\"article:publisher\" content=\"https:\/\/www.facebook.com\/GR1993Records-113564886691383\/\" \/>\n<meta property=\"article:modified_time\" content=\"2026-03-31T10:06:33+00:00\" \/>\n<meta property=\"og:image\" content=\"https:\/\/gr1993records.com\/wp-content\/uploads\/2026\/01\/2014_Witchi_tai_to_DVD_audio.jpg\" \/>\n\t<meta property=\"og:image:width\" content=\"1646\" \/>\n\t<meta property=\"og:image:height\" content=\"1646\" \/>\n\t<meta property=\"og:image:type\" content=\"image\/jpeg\" \/>\n<meta name=\"twitter:card\" content=\"summary_large_image\" \/>\n<meta name=\"twitter:image\" content=\"https:\/\/gr1993records.com\/wp-content\/uploads\/2026\/01\/2014_Witchi_tai_to_DVD_audio.jpg\" \/>\n<meta name=\"twitter:label1\" content=\"Becs\u00fclt olvas\u00e1si id\u0151\" \/>\n\t<meta name=\"twitter:data1\" content=\"5 perc\" \/>\n<script type=\"application\/ld+json\" class=\"yoast-schema-graph\">{\"@context\":\"https:\\\/\\\/schema.org\",\"@graph\":[{\"@type\":\"WebPage\",\"@id\":\"https:\\\/\\\/gr1993records.com\\\/index.php\\\/product\\\/djabe-witchi-tai-to-dvd-audio\\\/\",\"url\":\"https:\\\/\\\/gr1993records.com\\\/index.php\\\/product\\\/djabe-witchi-tai-to-dvd-audio\\\/\",\"name\":\"Djabe Witchi Tai To DVD-Audio &#8211; GR1993 Records\",\"isPartOf\":{\"@id\":\"https:\\\/\\\/gr1993records.com\\\/#website\"},\"primaryImageOfPage\":{\"@id\":\"https:\\\/\\\/gr1993records.com\\\/index.php\\\/product\\\/djabe-witchi-tai-to-dvd-audio\\\/#primaryimage\"},\"image\":{\"@id\":\"https:\\\/\\\/gr1993records.com\\\/index.php\\\/product\\\/djabe-witchi-tai-to-dvd-audio\\\/#primaryimage\"},\"thumbnailUrl\":\"https:\\\/\\\/gr1993records.com\\\/wp-content\\\/uploads\\\/2026\\\/01\\\/2014_Witchi_tai_to_DVD_audio.jpg\",\"datePublished\":\"2014-01-04T13:33:01+00:00\",\"dateModified\":\"2026-03-31T10:06:33+00:00\",\"breadcrumb\":{\"@id\":\"https:\\\/\\\/gr1993records.com\\\/index.php\\\/product\\\/djabe-witchi-tai-to-dvd-audio\\\/#breadcrumb\"},\"inLanguage\":\"hu\",\"potentialAction\":[{\"@type\":\"ReadAction\",\"target\":[\"https:\\\/\\\/gr1993records.com\\\/index.php\\\/product\\\/djabe-witchi-tai-to-dvd-audio\\\/\"]}]},{\"@type\":\"ImageObject\",\"inLanguage\":\"hu\",\"@id\":\"https:\\\/\\\/gr1993records.com\\\/index.php\\\/product\\\/djabe-witchi-tai-to-dvd-audio\\\/#primaryimage\",\"url\":\"https:\\\/\\\/gr1993records.com\\\/wp-content\\\/uploads\\\/2026\\\/01\\\/2014_Witchi_tai_to_DVD_audio.jpg\",\"contentUrl\":\"https:\\\/\\\/gr1993records.com\\\/wp-content\\\/uploads\\\/2026\\\/01\\\/2014_Witchi_tai_to_DVD_audio.jpg\",\"width\":1646,\"height\":1646},{\"@type\":\"BreadcrumbList\",\"@id\":\"https:\\\/\\\/gr1993records.com\\\/index.php\\\/product\\\/djabe-witchi-tai-to-dvd-audio\\\/#breadcrumb\",\"itemListElement\":[{\"@type\":\"ListItem\",\"position\":1,\"name\":\"Home\",\"item\":\"https:\\\/\\\/gr1993records.com\\\/\"},{\"@type\":\"ListItem\",\"position\":2,\"name\":\"Kiadv\u00e1nyok\",\"item\":\"https:\\\/\\\/gr1993records.com\\\/index.php\\\/shop\\\/\"},{\"@type\":\"ListItem\",\"position\":3,\"name\":\"Djabe Witchi Tai To DVD-Audio\"}]},{\"@type\":\"WebSite\",\"@id\":\"https:\\\/\\\/gr1993records.com\\\/#website\",\"url\":\"https:\\\/\\\/gr1993records.com\\\/\",\"name\":\"GR1993 Records\",\"description\":\"\",\"publisher\":{\"@id\":\"https:\\\/\\\/gr1993records.com\\\/#organization\"},\"potentialAction\":[{\"@type\":\"SearchAction\",\"target\":{\"@type\":\"EntryPoint\",\"urlTemplate\":\"https:\\\/\\\/gr1993records.com\\\/?s={search_term_string}\"},\"query-input\":{\"@type\":\"PropertyValueSpecification\",\"valueRequired\":true,\"valueName\":\"search_term_string\"}}],\"inLanguage\":\"hu\"},{\"@type\":\"Organization\",\"@id\":\"https:\\\/\\\/gr1993records.com\\\/#organization\",\"name\":\"Gramy-H Ltd.\",\"url\":\"https:\\\/\\\/gr1993records.com\\\/\",\"logo\":{\"@type\":\"ImageObject\",\"inLanguage\":\"hu\",\"@id\":\"https:\\\/\\\/gr1993records.com\\\/#\\\/schema\\\/logo\\\/image\\\/\",\"url\":\"https:\\\/\\\/gr1993records.com\\\/wp-content\\\/uploads\\\/2019\\\/08\\\/GR1993_Records_logo_CC.png\",\"contentUrl\":\"https:\\\/\\\/gr1993records.com\\\/wp-content\\\/uploads\\\/2019\\\/08\\\/GR1993_Records_logo_CC.png\",\"width\":2900,\"height\":2001,\"caption\":\"Gramy-H Ltd.\"},\"image\":{\"@id\":\"https:\\\/\\\/gr1993records.com\\\/#\\\/schema\\\/logo\\\/image\\\/\"},\"sameAs\":[\"https:\\\/\\\/www.facebook.com\\\/GR1993Records-113564886691383\\\/\"]}]}<\/script>\n<!-- \/ Yoast SEO plugin. -->","yoast_head_json":{"title":"Djabe Witchi Tai To DVD-Audio &#8211; GR1993 Records","robots":{"index":"index","follow":"follow","max-snippet":"max-snippet:-1","max-image-preview":"max-image-preview:large","max-video-preview":"max-video-preview:-1"},"canonical":"https:\/\/gr1993records.com\/index.php\/product\/djabe-witchi-tai-to-dvd-audio\/","og_locale":"hu_HU","og_type":"article","og_title":"Djabe Witchi Tai To DVD-Audio &#8211; GR1993 Records","og_description":"A Djabe 1998-as albuma a m\u00e1sodik volt a zenekar t\u00f6rt\u00e9net\u00e9ben.\u00a0A dupla CD nagyr\u00e9szt m\u00e1r az \u00e9ppen \u00e1tadott saj\u00e1t st\u00fadi\u00f3ban k\u00e9sz\u00fclt.\u00a0A zene a Djabe els\u0151, quartet form\u00e1ci\u00f3j\u00e1nak munk\u00e1ja. Sipos Andr\u00e1s \u00e9nekel \u00e9s \u00fct\u0151hangszeren j\u00e1tszik, Muck Ferenc szaxofonon m\u0171k\u00f6dik k\u00f6zre, \u00c9gerh\u00e1zi Attila git\u00e1rozik, valamint Barab\u00e1s Tam\u00e1s basszusgit\u00e1rozik.\u00a0A kiadv\u00e1ny nagy felt\u0171n\u00e9st keltett, mid a szakma, mind a k\u00f6z\u00f6ns\u00e9g [&hellip;]","og_url":"https:\/\/gr1993records.com\/index.php\/product\/djabe-witchi-tai-to-dvd-audio\/","og_site_name":"GR1993 Records","article_publisher":"https:\/\/www.facebook.com\/GR1993Records-113564886691383\/","article_modified_time":"2026-03-31T10:06:33+00:00","og_image":[{"width":1646,"height":1646,"url":"https:\/\/gr1993records.com\/wp-content\/uploads\/2026\/01\/2014_Witchi_tai_to_DVD_audio.jpg","type":"image\/jpeg"}],"twitter_card":"summary_large_image","twitter_image":"https:\/\/gr1993records.com\/wp-content\/uploads\/2026\/01\/2014_Witchi_tai_to_DVD_audio.jpg","twitter_misc":{"Becs\u00fclt olvas\u00e1si id\u0151":"5 perc"},"schema":{"@context":"https:\/\/schema.org","@graph":[{"@type":"WebPage","@id":"https:\/\/gr1993records.com\/index.php\/product\/djabe-witchi-tai-to-dvd-audio\/","url":"https:\/\/gr1993records.com\/index.php\/product\/djabe-witchi-tai-to-dvd-audio\/","name":"Djabe Witchi Tai To DVD-Audio &#8211; GR1993 Records","isPartOf":{"@id":"https:\/\/gr1993records.com\/#website"},"primaryImageOfPage":{"@id":"https:\/\/gr1993records.com\/index.php\/product\/djabe-witchi-tai-to-dvd-audio\/#primaryimage"},"image":{"@id":"https:\/\/gr1993records.com\/index.php\/product\/djabe-witchi-tai-to-dvd-audio\/#primaryimage"},"thumbnailUrl":"https:\/\/gr1993records.com\/wp-content\/uploads\/2026\/01\/2014_Witchi_tai_to_DVD_audio.jpg","datePublished":"2014-01-04T13:33:01+00:00","dateModified":"2026-03-31T10:06:33+00:00","breadcrumb":{"@id":"https:\/\/gr1993records.com\/index.php\/product\/djabe-witchi-tai-to-dvd-audio\/#breadcrumb"},"inLanguage":"hu","potentialAction":[{"@type":"ReadAction","target":["https:\/\/gr1993records.com\/index.php\/product\/djabe-witchi-tai-to-dvd-audio\/"]}]},{"@type":"ImageObject","inLanguage":"hu","@id":"https:\/\/gr1993records.com\/index.php\/product\/djabe-witchi-tai-to-dvd-audio\/#primaryimage","url":"https:\/\/gr1993records.com\/wp-content\/uploads\/2026\/01\/2014_Witchi_tai_to_DVD_audio.jpg","contentUrl":"https:\/\/gr1993records.com\/wp-content\/uploads\/2026\/01\/2014_Witchi_tai_to_DVD_audio.jpg","width":1646,"height":1646},{"@type":"BreadcrumbList","@id":"https:\/\/gr1993records.com\/index.php\/product\/djabe-witchi-tai-to-dvd-audio\/#breadcrumb","itemListElement":[{"@type":"ListItem","position":1,"name":"Home","item":"https:\/\/gr1993records.com\/"},{"@type":"ListItem","position":2,"name":"Kiadv\u00e1nyok","item":"https:\/\/gr1993records.com\/index.php\/shop\/"},{"@type":"ListItem","position":3,"name":"Djabe Witchi Tai To DVD-Audio"}]},{"@type":"WebSite","@id":"https:\/\/gr1993records.com\/#website","url":"https:\/\/gr1993records.com\/","name":"GR1993 Records","description":"","publisher":{"@id":"https:\/\/gr1993records.com\/#organization"},"potentialAction":[{"@type":"SearchAction","target":{"@type":"EntryPoint","urlTemplate":"https:\/\/gr1993records.com\/?s={search_term_string}"},"query-input":{"@type":"PropertyValueSpecification","valueRequired":true,"valueName":"search_term_string"}}],"inLanguage":"hu"},{"@type":"Organization","@id":"https:\/\/gr1993records.com\/#organization","name":"Gramy-H Ltd.","url":"https:\/\/gr1993records.com\/","logo":{"@type":"ImageObject","inLanguage":"hu","@id":"https:\/\/gr1993records.com\/#\/schema\/logo\/image\/","url":"https:\/\/gr1993records.com\/wp-content\/uploads\/2019\/08\/GR1993_Records_logo_CC.png","contentUrl":"https:\/\/gr1993records.com\/wp-content\/uploads\/2019\/08\/GR1993_Records_logo_CC.png","width":2900,"height":2001,"caption":"Gramy-H Ltd."},"image":{"@id":"https:\/\/gr1993records.com\/#\/schema\/logo\/image\/"},"sameAs":["https:\/\/www.facebook.com\/GR1993Records-113564886691383\/"]}]}},"jetpack_sharing_enabled":true,"_links":{"self":[{"href":"https:\/\/gr1993records.com\/index.php\/wp-json\/wp\/v2\/product\/7763","targetHints":{"allow":["GET"]}}],"collection":[{"href":"https:\/\/gr1993records.com\/index.php\/wp-json\/wp\/v2\/product"}],"about":[{"href":"https:\/\/gr1993records.com\/index.php\/wp-json\/wp\/v2\/types\/product"}],"wp:featuredmedia":[{"embeddable":true,"href":"https:\/\/gr1993records.com\/index.php\/wp-json\/wp\/v2\/media\/7769"}],"wp:attachment":[{"href":"https:\/\/gr1993records.com\/index.php\/wp-json\/wp\/v2\/media?parent=7763"}],"wp:term":[{"taxonomy":"product_brand","embeddable":true,"href":"https:\/\/gr1993records.com\/index.php\/wp-json\/wp\/v2\/product_brand?post=7763"},{"taxonomy":"product_cat","embeddable":true,"href":"https:\/\/gr1993records.com\/index.php\/wp-json\/wp\/v2\/product_cat?post=7763"},{"taxonomy":"product_tag","embeddable":true,"href":"https:\/\/gr1993records.com\/index.php\/wp-json\/wp\/v2\/product_tag?post=7763"}],"curies":[{"name":"wp","href":"https:\/\/api.w.org\/{rel}","templated":true}]}}