{"id":7637,"date":"2005-01-03T16:14:11","date_gmt":"2005-01-03T15:14:11","guid":{"rendered":"https:\/\/gr1993records.com\/?post_type=product&#038;p=7637"},"modified":"2026-03-31T12:10:16","modified_gmt":"2026-03-31T10:10:16","slug":"the-930-collective-momentary-fame-cd","status":"publish","type":"product","link":"https:\/\/gr1993records.com\/index.php\/product\/the-930-collective-momentary-fame-cd\/","title":{"rendered":"The 9:30 Collective <br\/>Momentary Fame <br\/>CD"},"content":{"rendered":"<p>[vc_row][vc_column][vc_column_text]A 9:30 Collective t\u00f6rt\u00e9nete 1998-ra ny\u00falik vissza, amikor a zenekar 9:30 n\u00e9ven megjelentette els\u00f5 album\u00e1t. Az akkori fel\u00e1ll\u00e1s: Husz\u00e1r Endre (dob), Zsemlye S\u00e1ndor (saxofon), Szappanos Gy\u00f6rgy (basszusgit\u00e1r), Nagy J\u00e1nos (zongora), Fekete Kov\u00e1cs Korn\u00e9l (trombita), T\u00e1trai Tibor, Birta Mikl\u00f3s, Kormos J\u00e1nos (git\u00e1r), Sandra Grant (\u00e9nek, szaxofon), Jamie Winchester (rap). A lemez a jazz m\u00fbfaj\u00e1ban szokatlanul intenz\u00edv m\u00e9diavisszhangot kapott. A n\u00e9pes szerepl\u00f5g\u00e1rda a megjelen\u00e9st k\u00f6vet\u00f5en t\u00f6bb koncertet is adott, ezek sor\u00e1ban volt az els\u00f5 Hungarian Jazz Festival is, amelyet a Magyar Telev\u00edzi\u00f3 1-es csatorn\u00e1ja \u00f6n\u00e1ll\u00f3 m\u00fbsorban sug\u00e1rzott.<\/p>\n<p>Ezt az id\u00f5szakot egy k\u00f6zel hat \u00e9vig tart\u00f3 szakasz k\u00f6vette, amelynek sor\u00e1n r\u00e9szben \u00faj fel\u00e1ll\u00e1sban folyamatosan k\u00e9sz\u00fcltek az \u00faj lemez felv\u00e9telei. El\u00f5sz\u00f6r Magyarorsz\u00e1gon, ahol a magyar \u00e9s amerikai szerepl\u00f5ket vett\u00e9k fel, majd Lengyelorsz\u00e1gban, ahol a kever\u00e9st is v\u00e9gezt\u00e9k, v\u00e9g\u00fcl a felv\u00e9tel Ausztr\u00e1li\u00e1ban, Melbourne-ben nyerte el v\u00e9gs\u00f5 form\u00e1j\u00e1t. A v\u00e9geredm\u00e9ny egy nemzetk\u00f6zi m\u00e9rc\u00e9vel is kifog\u00e1stalan hangz\u00e1s\u00fa, korszer\u00fb \u00e9s hallgathat\u00f3 album, r\u00e1ad\u00e1sk\u00e9nt pedig egy kis t\u00f6rt\u00e9net arr\u00f3l, hogy a mai m\u00e9diaviszonyok k\u00f6z\u00f6tt milyen lehetne egy jazzlemez \u00fatja a kereskedelmi m\u00e9di\u00e1ba. A sz\u00e1mok k\u00f6z\u00f6tti jelenetekb\u00f5l \u00f6ssze\u00e1ll\u00f3 t\u00f6rt\u00e9net alapj\u00e1n anim\u00e1ci\u00f3s film k\u00e9sz\u00fclt, amely az albumon is l\u00e1that\u00f3 az audio felv\u00e9telek mellett.[\/vc_column_text][vc_separator][\/vc_column][\/vc_row][vc_row][vc_column][vc_column_text]<\/p>\n<h3 style=\"text-align: center;\"><strong>Tracklista<\/strong><\/h3>\n<p>[\/vc_column_text][vc_column_text]<\/p>\n<ol start=\"1\" type=\"1\">\n<li style=\"text-align: center;\">1. Scene 1: A Meeting<br \/>\n2. Sometimes<br \/>\n3. Scene 2: An Appearance In a Commercial Radio<br \/>\n4. Momentary Fame<br \/>\n5. Scene 3: On the Beach<br \/>\n6. Our French Connection<br \/>\n7. Scene 4: Another Meeting<br \/>\n8. Miles Who? (Time to Change My Life)<br \/>\n9. The Next Station is: Fineistan<br \/>\n10. Scene 5: At the Scene of a Murder<br \/>\n11. Awakening<br \/>\n12. Fine Art of Rescue<br \/>\n13. Scene 6: The Long Awaited Answer About the Future of Music<br \/>\n14. No Moral<br \/>\n15. Scene 7: Yet Another Appearance In a Commercial Radio<\/li>\n<\/ol>\n<p>[\/vc_column_text][\/vc_column][\/vc_row][vc_row][vc_column][vc_column_text]<\/p>\n<p style=\"text-align: center;\"><b>K\u00f6zrem\u0171k\u00f6d\u0151k:<\/b><\/p>\n<p style=\"text-align: center;\">Desney Bailey (USA) &#8211; \u00e9nek<br \/>\nKozma Orsi &#8211; \u00e9nek<br \/>\nTisza Bea &#8211; \u00e9nek<br \/>\nWinand G\u00e1bor &#8211; \u00e9nek<br \/>\nNorbert Marius (USA) &#8211; basszusgit\u00e1r<br \/>\nKrzysztof Scieranski (PL) &#8211; basszusgit\u00e1r<br \/>\nSzappanos Gy\u00f6rgy &#8211; basszusgit\u00e1r<br \/>\nH\u00e1rs Viktor &#8211; nagyb\u00f5g\u00f5 \u00e9s basszusgit\u00e1r<br \/>\nNagy J\u00e1nos &#8211; billenty\u00fbs hangszerek<br \/>\nMohai Tam\u00e1s &#8211; git\u00e1r<br \/>\nFrankie L\u00e1t\u00f3 &#8211; heged\u00fb \u00e9s scat<br \/>\nZsemlye S\u00e1ndor &#8211; szopr\u00e1n- \u00e9s altszaxofon<br \/>\nF\u00f6d\u00f5 S\u00e1ndor &#8211; \u00fct\u00f5hangszerek<br \/>\nKov\u00e1cs &#8220;Tobzi&#8221; Tam\u00e1s &#8211; \u00fct\u00f5hangszerek<br \/>\nHusz\u00e1r Endre &#8211; dob, billenty\u00fbs hangszerek, doromb, programok<\/p>\n<p>[\/vc_column_text][\/vc_column][\/vc_row]<\/p>","protected":false},"excerpt":{"rendered":"<p>[vc_row][vc_column][vc_column_text]A 9:30 Collective t\u00f6rt\u00e9nete 1998-ra ny\u00falik vissza, amikor a zenekar 9:30 n\u00e9ven megjelentette els\u00f5 album\u00e1t. Az akkori fel\u00e1ll\u00e1s: Husz\u00e1r Endre (dob), Zsemlye S\u00e1ndor (saxofon), Szappanos Gy\u00f6rgy (basszusgit\u00e1r), Nagy J\u00e1nos (zongora), Fekete Kov\u00e1cs Korn\u00e9l (trombita), T\u00e1trai Tibor, Birta Mikl\u00f3s, Kormos J\u00e1nos (git\u00e1r), Sandra Grant (\u00e9nek, szaxofon), Jamie Winchester (rap). A lemez a jazz m\u00fbfaj\u00e1ban szokatlanul intenz\u00edv [&hellip;]<\/p>\n","protected":false},"featured_media":7638,"template":"","meta":[],"product_brand":[],"product_cat":[92],"product_tag":[],"class_list":{"0":"post-7637","1":"product","2":"type-product","3":"status-publish","4":"has-post-thumbnail","6":"product_cat-cd","7":"yith_product_brand-930-collective","8":"col-12 col-sm-6 col-md-4","10":"first","11":"instock","12":"sale","13":"shipping-taxable","14":"purchasable","15":"product-type-simple"},"yoast_head":"<!-- This site is optimized with the Yoast SEO plugin v27.2 - https:\/\/yoast.com\/product\/yoast-seo-wordpress\/ -->\n<title>The 9:30 Collective Momentary Fame CD &#8211; GR1993 Records<\/title>\n<meta name=\"robots\" content=\"index, follow, max-snippet:-1, max-image-preview:large, max-video-preview:-1\" \/>\n<link rel=\"canonical\" href=\"https:\/\/gr1993records.com\/index.php\/product\/the-930-collective-momentary-fame-cd\/\" \/>\n<meta property=\"og:locale\" content=\"hu_HU\" \/>\n<meta property=\"og:type\" content=\"article\" \/>\n<meta property=\"og:title\" content=\"The 9:30 Collective Momentary Fame CD &#8211; GR1993 Records\" \/>\n<meta property=\"og:description\" content=\"[vc_row][vc_column][vc_column_text]A 9:30 Collective t\u00f6rt\u00e9nete 1998-ra ny\u00falik vissza, amikor a zenekar 9:30 n\u00e9ven megjelentette els\u00f5 album\u00e1t. Az akkori fel\u00e1ll\u00e1s: Husz\u00e1r Endre (dob), Zsemlye S\u00e1ndor (saxofon), Szappanos Gy\u00f6rgy (basszusgit\u00e1r), Nagy J\u00e1nos (zongora), Fekete Kov\u00e1cs Korn\u00e9l (trombita), T\u00e1trai Tibor, Birta Mikl\u00f3s, Kormos J\u00e1nos (git\u00e1r), Sandra Grant (\u00e9nek, szaxofon), Jamie Winchester (rap). A lemez a jazz m\u00fbfaj\u00e1ban szokatlanul intenz\u00edv [&hellip;]\" \/>\n<meta property=\"og:url\" content=\"https:\/\/gr1993records.com\/index.php\/product\/the-930-collective-momentary-fame-cd\/\" \/>\n<meta property=\"og:site_name\" content=\"GR1993 Records\" \/>\n<meta property=\"article:publisher\" content=\"https:\/\/www.facebook.com\/GR1993Records-113564886691383\/\" \/>\n<meta property=\"article:modified_time\" content=\"2026-03-31T10:10:16+00:00\" \/>\n<meta property=\"og:image\" content=\"https:\/\/gr1993records.com\/wp-content\/uploads\/2025\/07\/The_9_30_Collective_Momentary_Fame_CD_Front_1.jpg\" \/>\n\t<meta property=\"og:image:width\" content=\"1700\" \/>\n\t<meta property=\"og:image:height\" content=\"1700\" \/>\n\t<meta property=\"og:image:type\" content=\"image\/jpeg\" \/>\n<meta name=\"twitter:card\" content=\"summary_large_image\" \/>\n<meta name=\"twitter:image\" content=\"https:\/\/gr1993records.com\/wp-content\/uploads\/2025\/07\/The_9_30_Collective_Momentary_Fame_CD_Front_1.jpg\" \/>\n<meta name=\"twitter:label1\" content=\"Becs\u00fclt olvas\u00e1si id\u0151\" \/>\n\t<meta name=\"twitter:data1\" content=\"3 perc\" \/>\n<script type=\"application\/ld+json\" class=\"yoast-schema-graph\">{\"@context\":\"https:\/\/schema.org\",\"@graph\":[{\"@type\":\"WebPage\",\"@id\":\"https:\/\/gr1993records.com\/index.php\/product\/the-930-collective-momentary-fame-cd\/\",\"url\":\"https:\/\/gr1993records.com\/index.php\/product\/the-930-collective-momentary-fame-cd\/\",\"name\":\"The 9:30 Collective Momentary Fame CD &#8211; GR1993 Records\",\"isPartOf\":{\"@id\":\"https:\/\/gr1993records.com\/#website\"},\"primaryImageOfPage\":{\"@id\":\"https:\/\/gr1993records.com\/index.php\/product\/the-930-collective-momentary-fame-cd\/#primaryimage\"},\"image\":{\"@id\":\"https:\/\/gr1993records.com\/index.php\/product\/the-930-collective-momentary-fame-cd\/#primaryimage\"},\"thumbnailUrl\":\"https:\/\/gr1993records.com\/wp-content\/uploads\/2025\/07\/The_9_30_Collective_Momentary_Fame_CD_Front_1.jpg\",\"datePublished\":\"2005-01-03T15:14:11+00:00\",\"dateModified\":\"2026-03-31T10:10:16+00:00\",\"breadcrumb\":{\"@id\":\"https:\/\/gr1993records.com\/index.php\/product\/the-930-collective-momentary-fame-cd\/#breadcrumb\"},\"inLanguage\":\"hu\",\"potentialAction\":[{\"@type\":\"ReadAction\",\"target\":[\"https:\/\/gr1993records.com\/index.php\/product\/the-930-collective-momentary-fame-cd\/\"]}]},{\"@type\":\"ImageObject\",\"inLanguage\":\"hu\",\"@id\":\"https:\/\/gr1993records.com\/index.php\/product\/the-930-collective-momentary-fame-cd\/#primaryimage\",\"url\":\"https:\/\/gr1993records.com\/wp-content\/uploads\/2025\/07\/The_9_30_Collective_Momentary_Fame_CD_Front_1.jpg\",\"contentUrl\":\"https:\/\/gr1993records.com\/wp-content\/uploads\/2025\/07\/The_9_30_Collective_Momentary_Fame_CD_Front_1.jpg\",\"width\":1700,\"height\":1700},{\"@type\":\"BreadcrumbList\",\"@id\":\"https:\/\/gr1993records.com\/index.php\/product\/the-930-collective-momentary-fame-cd\/#breadcrumb\",\"itemListElement\":[{\"@type\":\"ListItem\",\"position\":1,\"name\":\"Home\",\"item\":\"https:\/\/gr1993records.com\/\"},{\"@type\":\"ListItem\",\"position\":2,\"name\":\"Kiadv\u00e1nyok\",\"item\":\"https:\/\/gr1993records.com\/index.php\/shop\/\"},{\"@type\":\"ListItem\",\"position\":3,\"name\":\"The 9:30 Collective Momentary Fame CD\"}]},{\"@type\":\"WebSite\",\"@id\":\"https:\/\/gr1993records.com\/#website\",\"url\":\"https:\/\/gr1993records.com\/\",\"name\":\"GR1993 Records\",\"description\":\"\",\"publisher\":{\"@id\":\"https:\/\/gr1993records.com\/#organization\"},\"potentialAction\":[{\"@type\":\"SearchAction\",\"target\":{\"@type\":\"EntryPoint\",\"urlTemplate\":\"https:\/\/gr1993records.com\/?s={search_term_string}\"},\"query-input\":{\"@type\":\"PropertyValueSpecification\",\"valueRequired\":true,\"valueName\":\"search_term_string\"}}],\"inLanguage\":\"hu\"},{\"@type\":\"Organization\",\"@id\":\"https:\/\/gr1993records.com\/#organization\",\"name\":\"Gramy-H Ltd.\",\"url\":\"https:\/\/gr1993records.com\/\",\"logo\":{\"@type\":\"ImageObject\",\"inLanguage\":\"hu\",\"@id\":\"https:\/\/gr1993records.com\/#\/schema\/logo\/image\/\",\"url\":\"https:\/\/gr1993records.com\/wp-content\/uploads\/2019\/08\/GR1993_Records_logo_CC.png\",\"contentUrl\":\"https:\/\/gr1993records.com\/wp-content\/uploads\/2019\/08\/GR1993_Records_logo_CC.png\",\"width\":2900,\"height\":2001,\"caption\":\"Gramy-H Ltd.\"},\"image\":{\"@id\":\"https:\/\/gr1993records.com\/#\/schema\/logo\/image\/\"},\"sameAs\":[\"https:\/\/www.facebook.com\/GR1993Records-113564886691383\/\"]}]}<\/script>\n<!-- \/ Yoast SEO plugin. -->","yoast_head_json":{"title":"The 9:30 Collective Momentary Fame CD &#8211; GR1993 Records","robots":{"index":"index","follow":"follow","max-snippet":"max-snippet:-1","max-image-preview":"max-image-preview:large","max-video-preview":"max-video-preview:-1"},"canonical":"https:\/\/gr1993records.com\/index.php\/product\/the-930-collective-momentary-fame-cd\/","og_locale":"hu_HU","og_type":"article","og_title":"The 9:30 Collective Momentary Fame CD &#8211; GR1993 Records","og_description":"[vc_row][vc_column][vc_column_text]A 9:30 Collective t\u00f6rt\u00e9nete 1998-ra ny\u00falik vissza, amikor a zenekar 9:30 n\u00e9ven megjelentette els\u00f5 album\u00e1t. Az akkori fel\u00e1ll\u00e1s: Husz\u00e1r Endre (dob), Zsemlye S\u00e1ndor (saxofon), Szappanos Gy\u00f6rgy (basszusgit\u00e1r), Nagy J\u00e1nos (zongora), Fekete Kov\u00e1cs Korn\u00e9l (trombita), T\u00e1trai Tibor, Birta Mikl\u00f3s, Kormos J\u00e1nos (git\u00e1r), Sandra Grant (\u00e9nek, szaxofon), Jamie Winchester (rap). A lemez a jazz m\u00fbfaj\u00e1ban szokatlanul intenz\u00edv [&hellip;]","og_url":"https:\/\/gr1993records.com\/index.php\/product\/the-930-collective-momentary-fame-cd\/","og_site_name":"GR1993 Records","article_publisher":"https:\/\/www.facebook.com\/GR1993Records-113564886691383\/","article_modified_time":"2026-03-31T10:10:16+00:00","og_image":[{"width":1700,"height":1700,"url":"https:\/\/gr1993records.com\/wp-content\/uploads\/2025\/07\/The_9_30_Collective_Momentary_Fame_CD_Front_1.jpg","type":"image\/jpeg"}],"twitter_card":"summary_large_image","twitter_image":"https:\/\/gr1993records.com\/wp-content\/uploads\/2025\/07\/The_9_30_Collective_Momentary_Fame_CD_Front_1.jpg","twitter_misc":{"Becs\u00fclt olvas\u00e1si id\u0151":"3 perc"},"schema":{"@context":"https:\/\/schema.org","@graph":[{"@type":"WebPage","@id":"https:\/\/gr1993records.com\/index.php\/product\/the-930-collective-momentary-fame-cd\/","url":"https:\/\/gr1993records.com\/index.php\/product\/the-930-collective-momentary-fame-cd\/","name":"The 9:30 Collective Momentary Fame CD &#8211; GR1993 Records","isPartOf":{"@id":"https:\/\/gr1993records.com\/#website"},"primaryImageOfPage":{"@id":"https:\/\/gr1993records.com\/index.php\/product\/the-930-collective-momentary-fame-cd\/#primaryimage"},"image":{"@id":"https:\/\/gr1993records.com\/index.php\/product\/the-930-collective-momentary-fame-cd\/#primaryimage"},"thumbnailUrl":"https:\/\/gr1993records.com\/wp-content\/uploads\/2025\/07\/The_9_30_Collective_Momentary_Fame_CD_Front_1.jpg","datePublished":"2005-01-03T15:14:11+00:00","dateModified":"2026-03-31T10:10:16+00:00","breadcrumb":{"@id":"https:\/\/gr1993records.com\/index.php\/product\/the-930-collective-momentary-fame-cd\/#breadcrumb"},"inLanguage":"hu","potentialAction":[{"@type":"ReadAction","target":["https:\/\/gr1993records.com\/index.php\/product\/the-930-collective-momentary-fame-cd\/"]}]},{"@type":"ImageObject","inLanguage":"hu","@id":"https:\/\/gr1993records.com\/index.php\/product\/the-930-collective-momentary-fame-cd\/#primaryimage","url":"https:\/\/gr1993records.com\/wp-content\/uploads\/2025\/07\/The_9_30_Collective_Momentary_Fame_CD_Front_1.jpg","contentUrl":"https:\/\/gr1993records.com\/wp-content\/uploads\/2025\/07\/The_9_30_Collective_Momentary_Fame_CD_Front_1.jpg","width":1700,"height":1700},{"@type":"BreadcrumbList","@id":"https:\/\/gr1993records.com\/index.php\/product\/the-930-collective-momentary-fame-cd\/#breadcrumb","itemListElement":[{"@type":"ListItem","position":1,"name":"Home","item":"https:\/\/gr1993records.com\/"},{"@type":"ListItem","position":2,"name":"Kiadv\u00e1nyok","item":"https:\/\/gr1993records.com\/index.php\/shop\/"},{"@type":"ListItem","position":3,"name":"The 9:30 Collective Momentary Fame CD"}]},{"@type":"WebSite","@id":"https:\/\/gr1993records.com\/#website","url":"https:\/\/gr1993records.com\/","name":"GR1993 Records","description":"","publisher":{"@id":"https:\/\/gr1993records.com\/#organization"},"potentialAction":[{"@type":"SearchAction","target":{"@type":"EntryPoint","urlTemplate":"https:\/\/gr1993records.com\/?s={search_term_string}"},"query-input":{"@type":"PropertyValueSpecification","valueRequired":true,"valueName":"search_term_string"}}],"inLanguage":"hu"},{"@type":"Organization","@id":"https:\/\/gr1993records.com\/#organization","name":"Gramy-H Ltd.","url":"https:\/\/gr1993records.com\/","logo":{"@type":"ImageObject","inLanguage":"hu","@id":"https:\/\/gr1993records.com\/#\/schema\/logo\/image\/","url":"https:\/\/gr1993records.com\/wp-content\/uploads\/2019\/08\/GR1993_Records_logo_CC.png","contentUrl":"https:\/\/gr1993records.com\/wp-content\/uploads\/2019\/08\/GR1993_Records_logo_CC.png","width":2900,"height":2001,"caption":"Gramy-H Ltd."},"image":{"@id":"https:\/\/gr1993records.com\/#\/schema\/logo\/image\/"},"sameAs":["https:\/\/www.facebook.com\/GR1993Records-113564886691383\/"]}]}},"jetpack_sharing_enabled":true,"_links":{"self":[{"href":"https:\/\/gr1993records.com\/index.php\/wp-json\/wp\/v2\/product\/7637","targetHints":{"allow":["GET"]}}],"collection":[{"href":"https:\/\/gr1993records.com\/index.php\/wp-json\/wp\/v2\/product"}],"about":[{"href":"https:\/\/gr1993records.com\/index.php\/wp-json\/wp\/v2\/types\/product"}],"wp:featuredmedia":[{"embeddable":true,"href":"https:\/\/gr1993records.com\/index.php\/wp-json\/wp\/v2\/media\/7638"}],"wp:attachment":[{"href":"https:\/\/gr1993records.com\/index.php\/wp-json\/wp\/v2\/media?parent=7637"}],"wp:term":[{"taxonomy":"product_brand","embeddable":true,"href":"https:\/\/gr1993records.com\/index.php\/wp-json\/wp\/v2\/product_brand?post=7637"},{"taxonomy":"product_cat","embeddable":true,"href":"https:\/\/gr1993records.com\/index.php\/wp-json\/wp\/v2\/product_cat?post=7637"},{"taxonomy":"product_tag","embeddable":true,"href":"https:\/\/gr1993records.com\/index.php\/wp-json\/wp\/v2\/product_tag?post=7637"}],"curies":[{"name":"wp","href":"https:\/\/api.w.org\/{rel}","templated":true}]}}