{"id":7608,"date":"1994-01-01T16:20:10","date_gmt":"1994-01-01T15:20:10","guid":{"rendered":"https:\/\/gr1993records.com\/?post_type=product&#038;p=7608"},"modified":"2026-03-31T12:12:35","modified_gmt":"2026-03-31T10:12:35","slug":"novus-jam-profiles-cd","status":"publish","type":"product","link":"https:\/\/gr1993records.com\/index.php\/product\/novus-jam-profiles-cd\/","title":{"rendered":"Novus Jam <br\/>Profiles <br\/>CD"},"content":{"rendered":"<p>[vc_row][vc_column][vc_column_text]A Novus Jam els\u00f5 \u00f6n\u00e1ll\u00f3 CD-je, mely az alap\u00edt\u00e1s ut\u00e1n 10 \u00e9vvel jelent meg, j\u00f3l \u00f6sszefoglalja mindazt, ami a zenekart fenn\u00e1ll\u00e1s\u00e1nak megel\u00f5z\u00f5 10 \u00e9v\u00e9ben zeneileg jellemezte. Ez a felv\u00e9tel \u00c9gerh\u00e1zi Attila \u00e9s Sipos Andr\u00e1s els\u00f5 k\u00f6z\u00f6s munk\u00e1ja.[\/vc_column_text][vc_separator][\/vc_column][\/vc_row][vc_row][vc_column][vc_column_text]<\/p>\n<h3 style=\"text-align: center;\"><strong>Tracklista<\/strong><\/h3>\n<p>[\/vc_column_text][vc_column_text]<\/p>\n<ol start=\"1\" type=\"1\">\n<li style=\"text-align: center;\">1. The island where the wind always blows<br \/>\n2. Crazy dance<br \/>\n3. Profiles<br \/>\n4. Fairy dance<br \/>\n5. Diamond<br \/>\n6. Yo no quisiera<br \/>\n7. In the garden of the castle<br \/>\n8. Desires<br \/>\n9. Deathbell<br \/>\n10. Gallop<br \/>\n11. Via Appia<br \/>\n12. Sighes<br \/>\n13. Have no fear, world<br \/>\n14. Force<br \/>\na\/ Ritual experiment to get across the wall<br \/>\nb\/ The other side<\/li>\n<\/ol>\n<p>[\/vc_column_text][\/vc_column][\/vc_row][vc_row][vc_column][vc_column_text]<\/p>\n<p style=\"text-align: center;\"><b>K\u00f6zrem\u0171k\u00f6d\u0151k:<\/b><\/p>\n<p style=\"text-align: center;\">Gesztelyi Nagy Judit &#8211; fuvola, \u00e9nek<br \/>\n\u00c9gerh\u00e1zi Attila &#8211; git\u00e1r<br \/>\nR\u00e1cz Tam\u00e1s &#8211; git\u00e1r<br \/>\nSipos Andr\u00e1s &#8211; \u00fct\u00f5hangszerek<br \/>\nBubik Istv\u00e1n &#8211; \u00fct\u00f5hangszerek<br \/>\nMuck Ferenc &#8211; saxofon<\/p>\n<p>[\/vc_column_text][\/vc_column][\/vc_row]<\/p>","protected":false},"excerpt":{"rendered":"<p>[vc_row][vc_column][vc_column_text]A Novus Jam els\u00f5 \u00f6n\u00e1ll\u00f3 CD-je, mely az alap\u00edt\u00e1s ut\u00e1n 10 \u00e9vvel jelent meg, j\u00f3l \u00f6sszefoglalja mindazt, ami a zenekart fenn\u00e1ll\u00e1s\u00e1nak megel\u00f5z\u00f5 10 \u00e9v\u00e9ben zeneileg jellemezte. Ez a felv\u00e9tel \u00c9gerh\u00e1zi Attila \u00e9s Sipos Andr\u00e1s els\u00f5 k\u00f6z\u00f6s munk\u00e1ja.[\/vc_column_text][vc_separator][\/vc_column][\/vc_row][vc_row][vc_column][vc_column_text] Tracklista [\/vc_column_text][vc_column_text] 1. The island where the wind always blows 2. Crazy dance 3. Profiles 4. Fairy dance [&hellip;]<\/p>\n","protected":false},"featured_media":7609,"template":"","meta":[],"product_brand":[],"product_cat":[92],"product_tag":[],"class_list":{"0":"post-7608","1":"product","2":"type-product","3":"status-publish","4":"has-post-thumbnail","6":"product_cat-cd","7":"yith_product_brand-novus-jam","8":"col-12 col-sm-6 col-md-4","10":"first","11":"instock","12":"sale","13":"shipping-taxable","14":"purchasable","15":"product-type-simple"},"yoast_head":"<!-- This site is optimized with the Yoast SEO plugin v27.2 - https:\/\/yoast.com\/product\/yoast-seo-wordpress\/ -->\n<title>Novus Jam Profiles CD &#8211; GR1993 Records<\/title>\n<meta name=\"robots\" content=\"index, follow, max-snippet:-1, max-image-preview:large, max-video-preview:-1\" \/>\n<link rel=\"canonical\" href=\"https:\/\/gr1993records.com\/index.php\/product\/novus-jam-profiles-cd\/\" \/>\n<meta property=\"og:locale\" content=\"hu_HU\" \/>\n<meta property=\"og:type\" content=\"article\" \/>\n<meta property=\"og:title\" content=\"Novus Jam Profiles CD &#8211; GR1993 Records\" \/>\n<meta property=\"og:description\" content=\"[vc_row][vc_column][vc_column_text]A Novus Jam els\u00f5 \u00f6n\u00e1ll\u00f3 CD-je, mely az alap\u00edt\u00e1s ut\u00e1n 10 \u00e9vvel jelent meg, j\u00f3l \u00f6sszefoglalja mindazt, ami a zenekart fenn\u00e1ll\u00e1s\u00e1nak megel\u00f5z\u00f5 10 \u00e9v\u00e9ben zeneileg jellemezte. Ez a felv\u00e9tel \u00c9gerh\u00e1zi Attila \u00e9s Sipos Andr\u00e1s els\u00f5 k\u00f6z\u00f6s munk\u00e1ja.[\/vc_column_text][vc_separator][\/vc_column][\/vc_row][vc_row][vc_column][vc_column_text] Tracklista [\/vc_column_text][vc_column_text] 1. The island where the wind always blows 2. Crazy dance 3. Profiles 4. Fairy dance [&hellip;]\" \/>\n<meta property=\"og:url\" content=\"https:\/\/gr1993records.com\/index.php\/product\/novus-jam-profiles-cd\/\" \/>\n<meta property=\"og:site_name\" content=\"GR1993 Records\" \/>\n<meta property=\"article:publisher\" content=\"https:\/\/www.facebook.com\/GR1993Records-113564886691383\/\" \/>\n<meta property=\"article:modified_time\" content=\"2026-03-31T10:12:35+00:00\" \/>\n<meta property=\"og:image\" content=\"https:\/\/gr1993records.com\/wp-content\/uploads\/2025\/07\/Novus_Jam_Profiles_FRONT_1.jpg\" \/>\n\t<meta property=\"og:image:width\" content=\"1403\" \/>\n\t<meta property=\"og:image:height\" content=\"1403\" \/>\n\t<meta property=\"og:image:type\" content=\"image\/jpeg\" \/>\n<meta name=\"twitter:card\" content=\"summary_large_image\" \/>\n<meta name=\"twitter:image\" content=\"https:\/\/gr1993records.com\/wp-content\/uploads\/2025\/07\/Novus_Jam_Profiles_FRONT_1.jpg\" \/>\n<meta name=\"twitter:label1\" content=\"Becs\u00fclt olvas\u00e1si id\u0151\" \/>\n\t<meta name=\"twitter:data1\" content=\"1 perc\" \/>\n<script type=\"application\/ld+json\" class=\"yoast-schema-graph\">{\"@context\":\"https:\/\/schema.org\",\"@graph\":[{\"@type\":\"WebPage\",\"@id\":\"https:\/\/gr1993records.com\/index.php\/product\/novus-jam-profiles-cd\/\",\"url\":\"https:\/\/gr1993records.com\/index.php\/product\/novus-jam-profiles-cd\/\",\"name\":\"Novus Jam Profiles CD &#8211; GR1993 Records\",\"isPartOf\":{\"@id\":\"https:\/\/gr1993records.com\/#website\"},\"primaryImageOfPage\":{\"@id\":\"https:\/\/gr1993records.com\/index.php\/product\/novus-jam-profiles-cd\/#primaryimage\"},\"image\":{\"@id\":\"https:\/\/gr1993records.com\/index.php\/product\/novus-jam-profiles-cd\/#primaryimage\"},\"thumbnailUrl\":\"https:\/\/gr1993records.com\/wp-content\/uploads\/2025\/07\/Novus_Jam_Profiles_FRONT_1.jpg\",\"datePublished\":\"1994-01-01T15:20:10+00:00\",\"dateModified\":\"2026-03-31T10:12:35+00:00\",\"breadcrumb\":{\"@id\":\"https:\/\/gr1993records.com\/index.php\/product\/novus-jam-profiles-cd\/#breadcrumb\"},\"inLanguage\":\"hu\",\"potentialAction\":[{\"@type\":\"ReadAction\",\"target\":[\"https:\/\/gr1993records.com\/index.php\/product\/novus-jam-profiles-cd\/\"]}]},{\"@type\":\"ImageObject\",\"inLanguage\":\"hu\",\"@id\":\"https:\/\/gr1993records.com\/index.php\/product\/novus-jam-profiles-cd\/#primaryimage\",\"url\":\"https:\/\/gr1993records.com\/wp-content\/uploads\/2025\/07\/Novus_Jam_Profiles_FRONT_1.jpg\",\"contentUrl\":\"https:\/\/gr1993records.com\/wp-content\/uploads\/2025\/07\/Novus_Jam_Profiles_FRONT_1.jpg\",\"width\":1403,\"height\":1403},{\"@type\":\"BreadcrumbList\",\"@id\":\"https:\/\/gr1993records.com\/index.php\/product\/novus-jam-profiles-cd\/#breadcrumb\",\"itemListElement\":[{\"@type\":\"ListItem\",\"position\":1,\"name\":\"Home\",\"item\":\"https:\/\/gr1993records.com\/\"},{\"@type\":\"ListItem\",\"position\":2,\"name\":\"Kiadv\u00e1nyok\",\"item\":\"https:\/\/gr1993records.com\/index.php\/shop\/\"},{\"@type\":\"ListItem\",\"position\":3,\"name\":\"Novus Jam Profiles CD\"}]},{\"@type\":\"WebSite\",\"@id\":\"https:\/\/gr1993records.com\/#website\",\"url\":\"https:\/\/gr1993records.com\/\",\"name\":\"GR1993 Records\",\"description\":\"\",\"publisher\":{\"@id\":\"https:\/\/gr1993records.com\/#organization\"},\"potentialAction\":[{\"@type\":\"SearchAction\",\"target\":{\"@type\":\"EntryPoint\",\"urlTemplate\":\"https:\/\/gr1993records.com\/?s={search_term_string}\"},\"query-input\":{\"@type\":\"PropertyValueSpecification\",\"valueRequired\":true,\"valueName\":\"search_term_string\"}}],\"inLanguage\":\"hu\"},{\"@type\":\"Organization\",\"@id\":\"https:\/\/gr1993records.com\/#organization\",\"name\":\"Gramy-H Ltd.\",\"url\":\"https:\/\/gr1993records.com\/\",\"logo\":{\"@type\":\"ImageObject\",\"inLanguage\":\"hu\",\"@id\":\"https:\/\/gr1993records.com\/#\/schema\/logo\/image\/\",\"url\":\"https:\/\/gr1993records.com\/wp-content\/uploads\/2019\/08\/GR1993_Records_logo_CC.png\",\"contentUrl\":\"https:\/\/gr1993records.com\/wp-content\/uploads\/2019\/08\/GR1993_Records_logo_CC.png\",\"width\":2900,\"height\":2001,\"caption\":\"Gramy-H Ltd.\"},\"image\":{\"@id\":\"https:\/\/gr1993records.com\/#\/schema\/logo\/image\/\"},\"sameAs\":[\"https:\/\/www.facebook.com\/GR1993Records-113564886691383\/\"]}]}<\/script>\n<!-- \/ Yoast SEO plugin. -->","yoast_head_json":{"title":"Novus Jam Profiles CD &#8211; GR1993 Records","robots":{"index":"index","follow":"follow","max-snippet":"max-snippet:-1","max-image-preview":"max-image-preview:large","max-video-preview":"max-video-preview:-1"},"canonical":"https:\/\/gr1993records.com\/index.php\/product\/novus-jam-profiles-cd\/","og_locale":"hu_HU","og_type":"article","og_title":"Novus Jam Profiles CD &#8211; GR1993 Records","og_description":"[vc_row][vc_column][vc_column_text]A Novus Jam els\u00f5 \u00f6n\u00e1ll\u00f3 CD-je, mely az alap\u00edt\u00e1s ut\u00e1n 10 \u00e9vvel jelent meg, j\u00f3l \u00f6sszefoglalja mindazt, ami a zenekart fenn\u00e1ll\u00e1s\u00e1nak megel\u00f5z\u00f5 10 \u00e9v\u00e9ben zeneileg jellemezte. Ez a felv\u00e9tel \u00c9gerh\u00e1zi Attila \u00e9s Sipos Andr\u00e1s els\u00f5 k\u00f6z\u00f6s munk\u00e1ja.[\/vc_column_text][vc_separator][\/vc_column][\/vc_row][vc_row][vc_column][vc_column_text] Tracklista [\/vc_column_text][vc_column_text] 1. The island where the wind always blows 2. Crazy dance 3. Profiles 4. Fairy dance [&hellip;]","og_url":"https:\/\/gr1993records.com\/index.php\/product\/novus-jam-profiles-cd\/","og_site_name":"GR1993 Records","article_publisher":"https:\/\/www.facebook.com\/GR1993Records-113564886691383\/","article_modified_time":"2026-03-31T10:12:35+00:00","og_image":[{"width":1403,"height":1403,"url":"https:\/\/gr1993records.com\/wp-content\/uploads\/2025\/07\/Novus_Jam_Profiles_FRONT_1.jpg","type":"image\/jpeg"}],"twitter_card":"summary_large_image","twitter_image":"https:\/\/gr1993records.com\/wp-content\/uploads\/2025\/07\/Novus_Jam_Profiles_FRONT_1.jpg","twitter_misc":{"Becs\u00fclt olvas\u00e1si id\u0151":"1 perc"},"schema":{"@context":"https:\/\/schema.org","@graph":[{"@type":"WebPage","@id":"https:\/\/gr1993records.com\/index.php\/product\/novus-jam-profiles-cd\/","url":"https:\/\/gr1993records.com\/index.php\/product\/novus-jam-profiles-cd\/","name":"Novus Jam Profiles CD &#8211; GR1993 Records","isPartOf":{"@id":"https:\/\/gr1993records.com\/#website"},"primaryImageOfPage":{"@id":"https:\/\/gr1993records.com\/index.php\/product\/novus-jam-profiles-cd\/#primaryimage"},"image":{"@id":"https:\/\/gr1993records.com\/index.php\/product\/novus-jam-profiles-cd\/#primaryimage"},"thumbnailUrl":"https:\/\/gr1993records.com\/wp-content\/uploads\/2025\/07\/Novus_Jam_Profiles_FRONT_1.jpg","datePublished":"1994-01-01T15:20:10+00:00","dateModified":"2026-03-31T10:12:35+00:00","breadcrumb":{"@id":"https:\/\/gr1993records.com\/index.php\/product\/novus-jam-profiles-cd\/#breadcrumb"},"inLanguage":"hu","potentialAction":[{"@type":"ReadAction","target":["https:\/\/gr1993records.com\/index.php\/product\/novus-jam-profiles-cd\/"]}]},{"@type":"ImageObject","inLanguage":"hu","@id":"https:\/\/gr1993records.com\/index.php\/product\/novus-jam-profiles-cd\/#primaryimage","url":"https:\/\/gr1993records.com\/wp-content\/uploads\/2025\/07\/Novus_Jam_Profiles_FRONT_1.jpg","contentUrl":"https:\/\/gr1993records.com\/wp-content\/uploads\/2025\/07\/Novus_Jam_Profiles_FRONT_1.jpg","width":1403,"height":1403},{"@type":"BreadcrumbList","@id":"https:\/\/gr1993records.com\/index.php\/product\/novus-jam-profiles-cd\/#breadcrumb","itemListElement":[{"@type":"ListItem","position":1,"name":"Home","item":"https:\/\/gr1993records.com\/"},{"@type":"ListItem","position":2,"name":"Kiadv\u00e1nyok","item":"https:\/\/gr1993records.com\/index.php\/shop\/"},{"@type":"ListItem","position":3,"name":"Novus Jam Profiles CD"}]},{"@type":"WebSite","@id":"https:\/\/gr1993records.com\/#website","url":"https:\/\/gr1993records.com\/","name":"GR1993 Records","description":"","publisher":{"@id":"https:\/\/gr1993records.com\/#organization"},"potentialAction":[{"@type":"SearchAction","target":{"@type":"EntryPoint","urlTemplate":"https:\/\/gr1993records.com\/?s={search_term_string}"},"query-input":{"@type":"PropertyValueSpecification","valueRequired":true,"valueName":"search_term_string"}}],"inLanguage":"hu"},{"@type":"Organization","@id":"https:\/\/gr1993records.com\/#organization","name":"Gramy-H Ltd.","url":"https:\/\/gr1993records.com\/","logo":{"@type":"ImageObject","inLanguage":"hu","@id":"https:\/\/gr1993records.com\/#\/schema\/logo\/image\/","url":"https:\/\/gr1993records.com\/wp-content\/uploads\/2019\/08\/GR1993_Records_logo_CC.png","contentUrl":"https:\/\/gr1993records.com\/wp-content\/uploads\/2019\/08\/GR1993_Records_logo_CC.png","width":2900,"height":2001,"caption":"Gramy-H Ltd."},"image":{"@id":"https:\/\/gr1993records.com\/#\/schema\/logo\/image\/"},"sameAs":["https:\/\/www.facebook.com\/GR1993Records-113564886691383\/"]}]}},"jetpack_sharing_enabled":true,"_links":{"self":[{"href":"https:\/\/gr1993records.com\/index.php\/wp-json\/wp\/v2\/product\/7608","targetHints":{"allow":["GET"]}}],"collection":[{"href":"https:\/\/gr1993records.com\/index.php\/wp-json\/wp\/v2\/product"}],"about":[{"href":"https:\/\/gr1993records.com\/index.php\/wp-json\/wp\/v2\/types\/product"}],"wp:featuredmedia":[{"embeddable":true,"href":"https:\/\/gr1993records.com\/index.php\/wp-json\/wp\/v2\/media\/7609"}],"wp:attachment":[{"href":"https:\/\/gr1993records.com\/index.php\/wp-json\/wp\/v2\/media?parent=7608"}],"wp:term":[{"taxonomy":"product_brand","embeddable":true,"href":"https:\/\/gr1993records.com\/index.php\/wp-json\/wp\/v2\/product_brand?post=7608"},{"taxonomy":"product_cat","embeddable":true,"href":"https:\/\/gr1993records.com\/index.php\/wp-json\/wp\/v2\/product_cat?post=7608"},{"taxonomy":"product_tag","embeddable":true,"href":"https:\/\/gr1993records.com\/index.php\/wp-json\/wp\/v2\/product_tag?post=7608"}],"curies":[{"name":"wp","href":"https:\/\/api.w.org\/{rel}","templated":true}]}}