{"id":7573,"date":"2008-01-01T14:42:31","date_gmt":"2008-01-01T13:42:31","guid":{"rendered":"https:\/\/gr1993records.com\/?post_type=product&#038;p=7573"},"modified":"2026-03-31T12:09:39","modified_gmt":"2026-03-31T10:09:39","slug":"szoke-nikoletta-golden-earrings-cd","status":"publish","type":"product","link":"https:\/\/gr1993records.com\/index.php\/product\/szoke-nikoletta-golden-earrings-cd\/","title":{"rendered":"Sz\u0151ke Nikoletta <br>Golden Earrings <br>CD"},"content":{"rendered":"<p>[vc_row][vc_column][vc_column_text]<strong>Sz\u0151ke Niki,<\/strong> akit akkort\u00e1jt j\u00f3form\u00e1n ismeretlen volt Magyarorsz\u00e1gon, mindenkit b\u00e1mulatba ejtett azzal, hogy megnyerte a 2005-\u00f6s Montreux Jazz Festival \u00e9nekverseny\u00e9t, a Shure Jazz Voice World Competition-t. Egy hihetetlen\u00fcl tehets\u00e9ges improvizat\u0151r, magas intelligenci\u00e1j\u00fa \u00e9nekes saj\u00e1t st\u00edlussal \u00e9s elk\u00e9peszt\u0151 timing-gal, egyik\u00e9v\u00e9 v\u00e1lt azoknak, akiket a k\u00f6z\u00f6ns\u00e9g \u00e9s a zen\u00e9szt\u00e1rsak egyar\u00e1nt im\u00e1dnak. Ugyan cig\u00e1nyzen\u00e9sz dinaszti\u00e1ba sz\u00fcletett (\u00e9desapja, Sz\u0151ke S\u00e1ndor neves cimbalmos), 18 \u00e9ves kor\u00e1ig nem tanult zen\u00e9t. Els\u0151 tan\u00e1ra az \u00e9nekes Winand G\u00e1bor volt, akit a befoly\u00e1sos francia magazin, a Jazzman kritik\u00e1iban Eur\u00f3pa legeredetibb jazz\u00e9nekes\u00e9nek nevezett meg. Egyetlen jazz\u00e9nekes n\u00f6vend\u00e9kk\u00e9nt klasszikus \u00e9nek \u00f3r\u00e1kat is vett Bikfalvy J\u00fali\u00e1n\u00e1l, akinek a sz\u00e1rnyai al\u00f3l ker\u00fclt ki vil\u00e1gh\u00edr\u0171 szopr\u00e1n d\u00edva, Rost Andrea. Eredetileg angol-orosz szakon tanult az E\u00f6tv\u00f6s Lor\u00e1nd Tudom\u00e1nyegyetemen, az els\u0151 \u00e9v ut\u00e1n Sz\u0151ke Nikinek v\u00e1lasztania kellett a tanulm\u00e1nyai \u00e9s a jazz\u00e9nekl\u00e9s k\u00f6z\u00f6tt. D\u00f6nt\u00e9se az Egyetemnek vesztes\u00e9get, a jazz vil\u00e1g\u00e1nak viszont \u00f3ri\u00e1si nyeres\u00e9get hozott. Most, 25 \u00e9vesen a magyar jazz szc\u00e9na hozz\u00e1\u00e9rt\u0151inek vitathatatlan kedvence.<\/p>\n<p>Ez a bemutatkoz\u00f3 album j\u00f3 p\u00e9ld\u00e1ja brili\u00e1ns egy\u00e9nis\u00e9g\u00e9nek \u00e9s annak, hogy el\u0151szeretettel keres \u00faj kih\u00edv\u00e1sokat. Az \u00e9nekhang, git\u00e1r \u00e9s b\u0151g\u0151 szokatlan form\u00e1ci\u00f3ja egyenrang\u00fa k\u00f6vetelm\u00e9nyeket t\u00e1maszt ennek a kiv\u00e1l\u00f3 tri\u00f3nak a tagjaival szemben, \u00e9s Niki, aki k\u00e9pes hangszerk\u00e9nt haszn\u00e1lni a hangj\u00e1t, zen\u00e9sznyelven sz\u00f3lva \u201eegyike a fi\u00faknak\u201d . A \u201efi\u00fak\u2019 az \u00e9l\u00e9nk magyar jazzvil\u00e1g \u00e9lvonal\u00e1hoz tartoznak. <strong>Ol\u00e1h Szabolcs<\/strong> git\u00e1ros klasszikus heged\u0171sk\u00e9nt kezdte tanulm\u00e1nyait, azonban hamarosan a jazz vonz\u00e1s\u00e1ba ker\u00fclt, \u00e9s 15 \u00e9vesen elkezdett git\u00e1rozni. Nyolc \u00e9ve a egy Nemzetk\u00f6zi Ifj\u00fas\u00e1gi Fesztiv\u00e1lon a legjobb sz\u00f3list\u00e1nak v\u00e1lasztott\u00e1k, n\u00e9gy \u00e9ve pedig a Magyar Jazz Sz\u00f6vets\u00e9g Jazz zeneszerz\u0151 \u00e9s hangszerel\u0151 verseny els\u0151 d\u00edj\u00e1t is \u0151 kapta meg. M\u00e9rhetetlen\u00fcl \u00e1tgondolt \u00e9s eredeti m\u0171v\u00e9sz. Sz\u00e1mos ismert hazai \u00e9s k\u00fclf\u00f6ldi jazz m\u0171v\u00e9szel j\u00e1tszott egy\u00fctt mint: Budapest Jazz Orchestra, Bob Mintzer, Jasper Van&#8217;t Hof, Matus Jakabcic, Julian Joseph, Mazura &amp; Friends. <strong>Barcza Horv\u00e1th J\u00f3zsef<\/strong> 1974-ben sz\u00fcletett Budapesten zen\u00e9sz csal\u00e1dban. Iskol\u00e1it a Bart\u00f3k B\u00e9la Zenem\u0171v\u00e9szeti Szakk\u00f6z\u00e9piskol\u00e1ban \u00e9s a Liszt Ferenc Zenem\u0171v\u00e9szeti Egyetem Budapesti Tan\u00e1rk\u00e9pz\u0151 Int\u00e9zet\u00e9ben v\u00e9gzi. 1995-1997-ig a Claudio Abbado vezette Gustav Mahler Ifj\u00fas\u00e1gi Zenekar tagja. 1997-1998-ig a Budapesti Fesztiv\u00e1lzenekarral dolgozik. 1995-ben Krakk\u00f3ban (Lengyelorsz\u00e1g) a &#8220;Jazz Juniors&#8221; versenyen a &#8220;legjobb nagyb\u0151g\u0151s&#8221;. A Magyar R\u00e1di\u00f3 Jazzb\u0151g\u0151 Tehets\u00e9gkutat\u00f3 Verseny zs\u0171rij\u00e9nek aleln\u00f6ke 2002-ben. A k\u00f6z\u00e9piskol\u00e1s \u00e9vek \u00f3ta folyamatosan r\u00e9szt vesz a magyar jazz\u00e9letben, sz\u00e1mos neves m\u0171v\u00e9sszel j\u00e1tszott egy\u00fctt, mint Kirk Lightsey, Benny Bailey, Tony Lakatos, Rick Margitza, Eric Truffaz, Sn\u00e9tberger Ferenc, Jack De Johnette, Ray Anderson, Frank London,Palle Mikkelborg. 2003 \u00f3ta az Egressy B\u00e9ni Zenem\u0171v\u00e9szeti Szakk\u00f6z\u00e9piskola tan\u00e1ra. 2007-2008-ig a Liszt Ferenc Zenem\u0171v\u00e9szeti Egyetem Jazz Tanszak\u00e1nak a nagyb\u0151g\u0151 tan\u00e1ra.<\/p>\n<p><em>Peter Pallai <\/em><br \/>\n<em>(producer and presenter of jazz programmes on the BBC World Service between 1968 and 1995, jazz critic of Gramofon magazine)<\/em><\/p>\n<p><strong>Sz\u0151ke Nikoletta: Golden Earrings<\/strong><\/p>\n<p>Adva van egy fiatal \u00e9nekesn\u0151 remek hanggal, hib\u00e1tlan inton\u00e1ci\u00f3val, fraz\u00edroz\u00e1si k\u00e9pess\u00e9ggel \u00e9s id\u0151\u00e9rz\u00e9kkel. \u00c9vek \u00f3ta figyelemmel k\u00eds\u00e9rj\u00fck p\u00e1ly\u00e1j\u00e1t, hazai \u00e9s nemzetk\u00f6zi sikereit, \u00edgy ann\u00e1l f\u00e1j\u00f3bb volt, hogy eddig nem k\u00e9sz\u00fclt vele hanglemez. Most v\u00e9gre itt van m\u00e9gpedig egy igaz\u00e1n \u00e9rett produkci\u00f3 form\u00e1j\u00e1ban. Nem mintha a hagyom\u00e1nyos zongoratri\u00f3 k\u00eds\u00e9rettel nem lett volna remek, de jelenlegi form\u00e1ci\u00f3ja \u2013 amivel a CD-n is szerepel \u2013 igazi telital\u00e1lat. Csak f\u00e9rje, a rendk\u00edv\u00fcl sokoldal\u00fa Barcza Horv\u00e1th J\u00f3zsef b\u0151g\u0151s \u00e9s az \u00faj gener\u00e1ci\u00f3 egyik legtehets\u00e9gesebb hangszeres m\u0171v\u00e9sze, a git\u00e1ros Ol\u00e1h Szabolcs szerepelnek a tri\u00f3ban. H\u00e1rman k\u00e1pr\u00e1ztatj\u00e1k el a hallgat\u00f3t azzal a mag\u00e1val ragad\u00f3, intellektu\u00e1lis kamarajazzel, amit gy\u00f6ny\u00f6r\u0171s\u00e9g meghallgatni \u00e9l\u0151ben \u00e9s lemezr\u0151l egyar\u00e1nt. Ellent\u00e9tben sz\u00e1mos hazai \u00e9s k\u00fclf\u00f6ldi \u00e9nekesn\u0151vel, Niki k\u00e9pes a val\u00f3di intimit\u00e1st ny\u00fajt\u00f3 el\u0151ad\u00e1sra, modoross\u00e1gnak, affekt\u00e1l\u00e1snak nyoma sincs, scattel\u00e9se visszafogott \u00e9s takar\u00e9kosan haszn\u00e1lja a vibrat\u00f3t. K\u00eds\u00e9r\u0151i kiv\u00e1l\u00f3an oldj\u00e1k meg a nem k\u00f6nny\u0171 feladatot: k\u00e9t hangszerrel teljes \u00e9rt\u00e9k\u0171 zenei teljes\u00edtm\u00e9nyt ny\u00fajtani. A b\u0151g\u0151 olykor szinte dallamhangszerk\u00e9nt funkcion\u00e1l, r\u00e1ad\u00e1sul a manaps\u00e1g sajn\u00e1latosan ritka von\u00f3s sz\u00f3l\u00f3val \u00f6rvendezteti meg a hallgat\u00f3t. Szabolcs minden hangja coolosan eleg\u00e1ns, m\u00e9gis bels\u0151 t\u0171zt\u0151l f\u0171t\u00f6tt. Az ember nem is gondoln\u00e1, hogy a m\u00e1r annyiszor j\u00e1tszott dalokb\u00f3l mit lehet m\u00e9g kihozni, ha igaz\u00e1n kreat\u00edv muzsikusok dolgozz\u00e1k fel azokat. A reperto\u00e1r ugyanis fele r\u00e9szben \u00f6r\u00f6kz\u00f6ldekb\u0151l, fele r\u00e9szben pedig a popvil\u00e1g \u2013 lassan m\u00e1r jazzstandardekk\u00e9 \u00e9rett \u2013 darabjaib\u00f3l \u00e1ll Michel Legrandt\u00f3l a Lenon-McCarthy szerz\u0151p\u00e1rosig. Mind\u00f6ssze a nyit\u00f3 sz\u00e1m Sz\u0151ke- Barcza Horv\u00e1th p\u00e1ros szerzem\u00e9nye.<\/p>\n<p><em>M\u00e1rton Attila kritik\u00e1ja <\/em><br \/>\n<em>Gramofon 2008-2009 t\u00e9l<\/em>[\/vc_column_text][vc_empty_space height=&#8221;30px&#8221;][vc_single_image image=&#8221;7585&#8243; img_size=&#8221;ful&#8221; alignment=&#8221;center&#8221;][vc_column_text]<\/p>\n<h3 style=\"text-align: center;\"><strong>Tracklista<\/strong><\/h3>\n<p>[\/vc_column_text][\/vc_column][\/vc_row][vc_row][vc_column][vc_column_text]<\/p>\n<p style=\"text-align: center;\">1. The North Sea<br \/>\n2. En La Orilla Del Mundo<br \/>\n3. My Romance<br \/>\n4. Golden Earrings<br \/>\n5. Overjoyed<br \/>\n6. Centerpiece<br \/>\n7. You Must Believe In Spring<br \/>\n8. &#8216;S Wonderful<br \/>\n9. Like Dreamers Do<\/p>\n<p>[\/vc_column_text][\/vc_column][\/vc_row][vc_row][vc_column][vc_column_text]<\/p>\n<h4 style=\"text-align: center;\"><strong>K\u00f6zrem\u0171k\u00f6d\u0151k:<\/strong><\/h4>\n<p style=\"text-align: center;\">Sz\u0151ke Nikoletta &#8211; \u00e9nek<br \/>\nOl\u00e1h Szabolcs &#8211; akusztikus \u00e9s elektromos git\u00e1rok<br \/>\nHorv\u00e1th Barcza J\u00f3zsef &#8211; b\u0151g\u0151<br \/>\nBorb\u00e9ly Moh\u00e1ly &#8211; klarin\u00e9t (2)<br \/>\nD\u00e9s Andr\u00e1s &#8211; \u00fct\u0151hangszerek (5)<\/p>\n<p>[\/vc_column_text][\/vc_column][\/vc_row]<\/p>","protected":false},"excerpt":{"rendered":"<p>[vc_row][vc_column][vc_column_text]Sz\u0151ke Niki, akit akkort\u00e1jt j\u00f3form\u00e1n ismeretlen volt Magyarorsz\u00e1gon, mindenkit b\u00e1mulatba ejtett azzal, hogy megnyerte a 2005-\u00f6s Montreux Jazz Festival \u00e9nekverseny\u00e9t, a Shure Jazz Voice World Competition-t. Egy hihetetlen\u00fcl tehets\u00e9ges improvizat\u0151r, magas intelligenci\u00e1j\u00fa \u00e9nekes saj\u00e1t st\u00edlussal \u00e9s elk\u00e9peszt\u0151 timing-gal, egyik\u00e9v\u00e9 v\u00e1lt azoknak, akiket a k\u00f6z\u00f6ns\u00e9g \u00e9s a zen\u00e9szt\u00e1rsak egyar\u00e1nt im\u00e1dnak. Ugyan cig\u00e1nyzen\u00e9sz dinaszti\u00e1ba sz\u00fcletett (\u00e9desapja, Sz\u0151ke [&hellip;]<\/p>\n","protected":false},"featured_media":7584,"template":"","meta":[],"product_brand":[],"product_cat":[92],"product_tag":[],"class_list":{"0":"post-7573","1":"product","2":"type-product","3":"status-publish","4":"has-post-thumbnail","6":"product_cat-cd","7":"yith_product_brand-szoke-nikoletta","8":"col-12 col-sm-6 col-md-4","10":"first","11":"instock","12":"sale","13":"shipping-taxable","14":"purchasable","15":"product-type-simple"},"yoast_head":"<!-- This site is optimized with the Yoast SEO plugin v27.2 - https:\/\/yoast.com\/product\/yoast-seo-wordpress\/ -->\n<title>Sz\u0151ke Nikoletta Golden Earrings CD &#8211; GR1993 Records<\/title>\n<meta name=\"robots\" content=\"index, follow, max-snippet:-1, max-image-preview:large, max-video-preview:-1\" \/>\n<link rel=\"canonical\" href=\"https:\/\/gr1993records.com\/index.php\/product\/szoke-nikoletta-golden-earrings-cd\/\" \/>\n<meta property=\"og:locale\" content=\"hu_HU\" \/>\n<meta property=\"og:type\" content=\"article\" \/>\n<meta property=\"og:title\" content=\"Sz\u0151ke Nikoletta Golden Earrings CD &#8211; GR1993 Records\" \/>\n<meta property=\"og:description\" content=\"[vc_row][vc_column][vc_column_text]Sz\u0151ke Niki, akit akkort\u00e1jt j\u00f3form\u00e1n ismeretlen volt Magyarorsz\u00e1gon, mindenkit b\u00e1mulatba ejtett azzal, hogy megnyerte a 2005-\u00f6s Montreux Jazz Festival \u00e9nekverseny\u00e9t, a Shure Jazz Voice World Competition-t. Egy hihetetlen\u00fcl tehets\u00e9ges improvizat\u0151r, magas intelligenci\u00e1j\u00fa \u00e9nekes saj\u00e1t st\u00edlussal \u00e9s elk\u00e9peszt\u0151 timing-gal, egyik\u00e9v\u00e9 v\u00e1lt azoknak, akiket a k\u00f6z\u00f6ns\u00e9g \u00e9s a zen\u00e9szt\u00e1rsak egyar\u00e1nt im\u00e1dnak. Ugyan cig\u00e1nyzen\u00e9sz dinaszti\u00e1ba sz\u00fcletett (\u00e9desapja, Sz\u0151ke [&hellip;]\" \/>\n<meta property=\"og:url\" content=\"https:\/\/gr1993records.com\/index.php\/product\/szoke-nikoletta-golden-earrings-cd\/\" \/>\n<meta property=\"og:site_name\" content=\"GR1993 Records\" \/>\n<meta property=\"article:publisher\" content=\"https:\/\/www.facebook.com\/GR1993Records-113564886691383\/\" \/>\n<meta property=\"article:modified_time\" content=\"2026-03-31T10:09:39+00:00\" \/>\n<meta property=\"og:image\" content=\"https:\/\/gr1993records.com\/wp-content\/uploads\/2008\/01\/szoke_nikoletta_golden_earrings_CD_cover_2008_OK.jpg\" \/>\n\t<meta property=\"og:image:width\" content=\"2000\" \/>\n\t<meta property=\"og:image:height\" content=\"2000\" \/>\n\t<meta property=\"og:image:type\" content=\"image\/jpeg\" \/>\n<meta name=\"twitter:card\" content=\"summary_large_image\" \/>\n<meta name=\"twitter:image\" content=\"https:\/\/gr1993records.com\/wp-content\/uploads\/2008\/01\/szoke_nikoletta_golden_earrings_CD_cover_2008_OK.jpg\" \/>\n<meta name=\"twitter:label1\" content=\"Becs\u00fclt olvas\u00e1si id\u0151\" \/>\n\t<meta name=\"twitter:data1\" content=\"3 perc\" \/>\n<script type=\"application\/ld+json\" class=\"yoast-schema-graph\">{\"@context\":\"https:\/\/schema.org\",\"@graph\":[{\"@type\":\"WebPage\",\"@id\":\"https:\/\/gr1993records.com\/index.php\/product\/szoke-nikoletta-golden-earrings-cd\/\",\"url\":\"https:\/\/gr1993records.com\/index.php\/product\/szoke-nikoletta-golden-earrings-cd\/\",\"name\":\"Sz\u0151ke Nikoletta Golden Earrings CD &#8211; GR1993 Records\",\"isPartOf\":{\"@id\":\"https:\/\/gr1993records.com\/#website\"},\"primaryImageOfPage\":{\"@id\":\"https:\/\/gr1993records.com\/index.php\/product\/szoke-nikoletta-golden-earrings-cd\/#primaryimage\"},\"image\":{\"@id\":\"https:\/\/gr1993records.com\/index.php\/product\/szoke-nikoletta-golden-earrings-cd\/#primaryimage\"},\"thumbnailUrl\":\"https:\/\/gr1993records.com\/wp-content\/uploads\/2008\/01\/szoke_nikoletta_golden_earrings_CD_cover_2008_OK.jpg\",\"datePublished\":\"2008-01-01T13:42:31+00:00\",\"dateModified\":\"2026-03-31T10:09:39+00:00\",\"breadcrumb\":{\"@id\":\"https:\/\/gr1993records.com\/index.php\/product\/szoke-nikoletta-golden-earrings-cd\/#breadcrumb\"},\"inLanguage\":\"hu\",\"potentialAction\":[{\"@type\":\"ReadAction\",\"target\":[\"https:\/\/gr1993records.com\/index.php\/product\/szoke-nikoletta-golden-earrings-cd\/\"]}]},{\"@type\":\"ImageObject\",\"inLanguage\":\"hu\",\"@id\":\"https:\/\/gr1993records.com\/index.php\/product\/szoke-nikoletta-golden-earrings-cd\/#primaryimage\",\"url\":\"https:\/\/gr1993records.com\/wp-content\/uploads\/2008\/01\/szoke_nikoletta_golden_earrings_CD_cover_2008_OK.jpg\",\"contentUrl\":\"https:\/\/gr1993records.com\/wp-content\/uploads\/2008\/01\/szoke_nikoletta_golden_earrings_CD_cover_2008_OK.jpg\",\"width\":2000,\"height\":2000},{\"@type\":\"BreadcrumbList\",\"@id\":\"https:\/\/gr1993records.com\/index.php\/product\/szoke-nikoletta-golden-earrings-cd\/#breadcrumb\",\"itemListElement\":[{\"@type\":\"ListItem\",\"position\":1,\"name\":\"Home\",\"item\":\"https:\/\/gr1993records.com\/\"},{\"@type\":\"ListItem\",\"position\":2,\"name\":\"Kiadv\u00e1nyok\",\"item\":\"https:\/\/gr1993records.com\/index.php\/shop\/\"},{\"@type\":\"ListItem\",\"position\":3,\"name\":\"Sz\u0151ke Nikoletta Golden Earrings CD\"}]},{\"@type\":\"WebSite\",\"@id\":\"https:\/\/gr1993records.com\/#website\",\"url\":\"https:\/\/gr1993records.com\/\",\"name\":\"GR1993 Records\",\"description\":\"\",\"publisher\":{\"@id\":\"https:\/\/gr1993records.com\/#organization\"},\"potentialAction\":[{\"@type\":\"SearchAction\",\"target\":{\"@type\":\"EntryPoint\",\"urlTemplate\":\"https:\/\/gr1993records.com\/?s={search_term_string}\"},\"query-input\":{\"@type\":\"PropertyValueSpecification\",\"valueRequired\":true,\"valueName\":\"search_term_string\"}}],\"inLanguage\":\"hu\"},{\"@type\":\"Organization\",\"@id\":\"https:\/\/gr1993records.com\/#organization\",\"name\":\"Gramy-H Ltd.\",\"url\":\"https:\/\/gr1993records.com\/\",\"logo\":{\"@type\":\"ImageObject\",\"inLanguage\":\"hu\",\"@id\":\"https:\/\/gr1993records.com\/#\/schema\/logo\/image\/\",\"url\":\"https:\/\/gr1993records.com\/wp-content\/uploads\/2019\/08\/GR1993_Records_logo_CC.png\",\"contentUrl\":\"https:\/\/gr1993records.com\/wp-content\/uploads\/2019\/08\/GR1993_Records_logo_CC.png\",\"width\":2900,\"height\":2001,\"caption\":\"Gramy-H Ltd.\"},\"image\":{\"@id\":\"https:\/\/gr1993records.com\/#\/schema\/logo\/image\/\"},\"sameAs\":[\"https:\/\/www.facebook.com\/GR1993Records-113564886691383\/\"]}]}<\/script>\n<!-- \/ Yoast SEO plugin. -->","yoast_head_json":{"title":"Sz\u0151ke Nikoletta Golden Earrings CD &#8211; GR1993 Records","robots":{"index":"index","follow":"follow","max-snippet":"max-snippet:-1","max-image-preview":"max-image-preview:large","max-video-preview":"max-video-preview:-1"},"canonical":"https:\/\/gr1993records.com\/index.php\/product\/szoke-nikoletta-golden-earrings-cd\/","og_locale":"hu_HU","og_type":"article","og_title":"Sz\u0151ke Nikoletta Golden Earrings CD &#8211; GR1993 Records","og_description":"[vc_row][vc_column][vc_column_text]Sz\u0151ke Niki, akit akkort\u00e1jt j\u00f3form\u00e1n ismeretlen volt Magyarorsz\u00e1gon, mindenkit b\u00e1mulatba ejtett azzal, hogy megnyerte a 2005-\u00f6s Montreux Jazz Festival \u00e9nekverseny\u00e9t, a Shure Jazz Voice World Competition-t. Egy hihetetlen\u00fcl tehets\u00e9ges improvizat\u0151r, magas intelligenci\u00e1j\u00fa \u00e9nekes saj\u00e1t st\u00edlussal \u00e9s elk\u00e9peszt\u0151 timing-gal, egyik\u00e9v\u00e9 v\u00e1lt azoknak, akiket a k\u00f6z\u00f6ns\u00e9g \u00e9s a zen\u00e9szt\u00e1rsak egyar\u00e1nt im\u00e1dnak. Ugyan cig\u00e1nyzen\u00e9sz dinaszti\u00e1ba sz\u00fcletett (\u00e9desapja, Sz\u0151ke [&hellip;]","og_url":"https:\/\/gr1993records.com\/index.php\/product\/szoke-nikoletta-golden-earrings-cd\/","og_site_name":"GR1993 Records","article_publisher":"https:\/\/www.facebook.com\/GR1993Records-113564886691383\/","article_modified_time":"2026-03-31T10:09:39+00:00","og_image":[{"width":2000,"height":2000,"url":"https:\/\/gr1993records.com\/wp-content\/uploads\/2008\/01\/szoke_nikoletta_golden_earrings_CD_cover_2008_OK.jpg","type":"image\/jpeg"}],"twitter_card":"summary_large_image","twitter_image":"https:\/\/gr1993records.com\/wp-content\/uploads\/2008\/01\/szoke_nikoletta_golden_earrings_CD_cover_2008_OK.jpg","twitter_misc":{"Becs\u00fclt olvas\u00e1si id\u0151":"3 perc"},"schema":{"@context":"https:\/\/schema.org","@graph":[{"@type":"WebPage","@id":"https:\/\/gr1993records.com\/index.php\/product\/szoke-nikoletta-golden-earrings-cd\/","url":"https:\/\/gr1993records.com\/index.php\/product\/szoke-nikoletta-golden-earrings-cd\/","name":"Sz\u0151ke Nikoletta Golden Earrings CD &#8211; GR1993 Records","isPartOf":{"@id":"https:\/\/gr1993records.com\/#website"},"primaryImageOfPage":{"@id":"https:\/\/gr1993records.com\/index.php\/product\/szoke-nikoletta-golden-earrings-cd\/#primaryimage"},"image":{"@id":"https:\/\/gr1993records.com\/index.php\/product\/szoke-nikoletta-golden-earrings-cd\/#primaryimage"},"thumbnailUrl":"https:\/\/gr1993records.com\/wp-content\/uploads\/2008\/01\/szoke_nikoletta_golden_earrings_CD_cover_2008_OK.jpg","datePublished":"2008-01-01T13:42:31+00:00","dateModified":"2026-03-31T10:09:39+00:00","breadcrumb":{"@id":"https:\/\/gr1993records.com\/index.php\/product\/szoke-nikoletta-golden-earrings-cd\/#breadcrumb"},"inLanguage":"hu","potentialAction":[{"@type":"ReadAction","target":["https:\/\/gr1993records.com\/index.php\/product\/szoke-nikoletta-golden-earrings-cd\/"]}]},{"@type":"ImageObject","inLanguage":"hu","@id":"https:\/\/gr1993records.com\/index.php\/product\/szoke-nikoletta-golden-earrings-cd\/#primaryimage","url":"https:\/\/gr1993records.com\/wp-content\/uploads\/2008\/01\/szoke_nikoletta_golden_earrings_CD_cover_2008_OK.jpg","contentUrl":"https:\/\/gr1993records.com\/wp-content\/uploads\/2008\/01\/szoke_nikoletta_golden_earrings_CD_cover_2008_OK.jpg","width":2000,"height":2000},{"@type":"BreadcrumbList","@id":"https:\/\/gr1993records.com\/index.php\/product\/szoke-nikoletta-golden-earrings-cd\/#breadcrumb","itemListElement":[{"@type":"ListItem","position":1,"name":"Home","item":"https:\/\/gr1993records.com\/"},{"@type":"ListItem","position":2,"name":"Kiadv\u00e1nyok","item":"https:\/\/gr1993records.com\/index.php\/shop\/"},{"@type":"ListItem","position":3,"name":"Sz\u0151ke Nikoletta Golden Earrings CD"}]},{"@type":"WebSite","@id":"https:\/\/gr1993records.com\/#website","url":"https:\/\/gr1993records.com\/","name":"GR1993 Records","description":"","publisher":{"@id":"https:\/\/gr1993records.com\/#organization"},"potentialAction":[{"@type":"SearchAction","target":{"@type":"EntryPoint","urlTemplate":"https:\/\/gr1993records.com\/?s={search_term_string}"},"query-input":{"@type":"PropertyValueSpecification","valueRequired":true,"valueName":"search_term_string"}}],"inLanguage":"hu"},{"@type":"Organization","@id":"https:\/\/gr1993records.com\/#organization","name":"Gramy-H Ltd.","url":"https:\/\/gr1993records.com\/","logo":{"@type":"ImageObject","inLanguage":"hu","@id":"https:\/\/gr1993records.com\/#\/schema\/logo\/image\/","url":"https:\/\/gr1993records.com\/wp-content\/uploads\/2019\/08\/GR1993_Records_logo_CC.png","contentUrl":"https:\/\/gr1993records.com\/wp-content\/uploads\/2019\/08\/GR1993_Records_logo_CC.png","width":2900,"height":2001,"caption":"Gramy-H Ltd."},"image":{"@id":"https:\/\/gr1993records.com\/#\/schema\/logo\/image\/"},"sameAs":["https:\/\/www.facebook.com\/GR1993Records-113564886691383\/"]}]}},"jetpack_sharing_enabled":true,"_links":{"self":[{"href":"https:\/\/gr1993records.com\/index.php\/wp-json\/wp\/v2\/product\/7573","targetHints":{"allow":["GET"]}}],"collection":[{"href":"https:\/\/gr1993records.com\/index.php\/wp-json\/wp\/v2\/product"}],"about":[{"href":"https:\/\/gr1993records.com\/index.php\/wp-json\/wp\/v2\/types\/product"}],"wp:featuredmedia":[{"embeddable":true,"href":"https:\/\/gr1993records.com\/index.php\/wp-json\/wp\/v2\/media\/7584"}],"wp:attachment":[{"href":"https:\/\/gr1993records.com\/index.php\/wp-json\/wp\/v2\/media?parent=7573"}],"wp:term":[{"taxonomy":"product_brand","embeddable":true,"href":"https:\/\/gr1993records.com\/index.php\/wp-json\/wp\/v2\/product_brand?post=7573"},{"taxonomy":"product_cat","embeddable":true,"href":"https:\/\/gr1993records.com\/index.php\/wp-json\/wp\/v2\/product_cat?post=7573"},{"taxonomy":"product_tag","embeddable":true,"href":"https:\/\/gr1993records.com\/index.php\/wp-json\/wp\/v2\/product_tag?post=7573"}],"curies":[{"name":"wp","href":"https:\/\/api.w.org\/{rel}","templated":true}]}}