{"id":7535,"date":"2003-01-01T15:41:39","date_gmt":"2003-01-01T14:41:39","guid":{"rendered":"https:\/\/gr1993records.com\/?post_type=product&#038;p=7535"},"modified":"2026-03-31T12:11:09","modified_gmt":"2026-03-31T10:11:09","slug":"kovacs-ferenc-magony-vonosok-cd","status":"publish","type":"product","link":"https:\/\/gr1993records.com\/index.php\/product\/kovacs-ferenc-magony-vonosok-cd\/","title":{"rendered":"Kov\u00e1cs Ferenc <br>Magony Von\u00f3sok <br>2CD"},"content":{"rendered":"<p>[vc_row][vc_column][vc_column_text]<b>Kov\u00e1cs Ferenc &#8211; Magony Von\u00f3sok<\/b><br \/>\nA Magony egy\u00fcttes 2001-ben alakult Kov\u00e1cs Ferenc azonos c\u00edm\u00fb sz\u00f3l\u00f3 album\u00e1nak \u00e9l\u00f5 el\u00f5ad\u00e1s\u00e1ra. Folyamatosan b\u00f5v\u00edtj\u00fck a m\u00fbsorunkat saj\u00e1t szerzem\u00e9nyekkel, s ismert magyar n\u00e9pdalok egy\u00e9ni feldolgoz\u00e1s\u00e1val. Az egy\u00fcttes vezet\u00f5je, s zeneszerz\u00f5je Kov\u00e1cs Ferenc. A zenei st\u00edlust legink\u00e1bb a &#8220;kort\u00e1rs parasztzene&#8221; kifejez\u00e9s k\u00f6zel\u00edti meg.<br \/>\nKov\u00e1cs Ferenc eddigi p\u00e1ly\u00e1ja rendk\u00edv\u00fcl soksz\u00edn\u00fb. A klasszikus, modern, jazz- \u00e9s folktanulm\u00e1nyokon k\u00edv\u00fcl ma is sokf\u00e9le zenekarral szerepel akt\u00edvan (Djabe, Dresch Quartet, Balogh K\u00e1lm\u00e1n Gipsy Cimbalom Band stb.). A benne kiforrott &#8220;magony&#8221; st\u00edlushoz k\u00fcl\u00f6nb\u00f6z\u00f5 ir\u00e1nyults\u00e1g\u00fa, legmagasabban k\u00e9pzett t\u00e1rsakat keresett. Budai S\u00e1ndor a Rajk\u00f3 zenekarban nevelkedett, a vil\u00e1g sok t\u00e1j\u00e1t a h\u00edres magyar cig\u00e1nyzen\u00e9vel elk\u00e1pr\u00e1ztat\u00f3, nyitott szellemis\u00e9g\u00fb muzsikus. Ol\u00e1h K\u00e1lm\u00e1n friss diplom\u00e1s, a Magyar Virtu\u00f3zok kamarazenekar meghat\u00e1roz\u00f3 egy\u00e9nis\u00e9ge volt. Tud\u00e1sa a hagyom\u00e1nyosan kimagasl\u00f3 magyar zen\u00e9szk\u00e9pz\u00e9st bizony\u00edtja. Salamon Be\u00e1ta egyike a ma \u00e9l\u00f5 legjobb n\u00e9pi heged\u00fbs\u00f6knek, hagyom\u00e1ny\u00f5rz\u00f5knek (M\u00e9ta egy\u00fcttes, \u00c1llami N\u00e9pi Egy\u00fcttes). Nov\u00e1k Csaba szint\u00e9n a Rajk\u00f3 zenekarban nevelkedett, s a mai legnagyobb pr\u00edm\u00e1sokat k\u00eds\u00e9ri. Sajnos, egyre kevesebb az ig\u00e9ny erre a vil\u00e1gon egyed\u00fcl\u00e1ll\u00f3 cig\u00e1nyzen\u00e9re. N\u00e9meth Ferenc, aki orvosi egyetemet v\u00e9gzett, volt n\u00e9pt\u00e1ncos, m\u00fbv\u00e9szeti vezet\u00f5, n\u00e9pzen\u00e9sz. Sokfel\u00e9 megh\u00edv\u00e1st kap az \u00e9rzelemd\u00fas, modoross\u00e1gt\u00f3l mentes, hagyom\u00e1nyokat \u00e1pol\u00f3 \u00e9nektud\u00e1s\u00e1\u00e9rt. A Magony c\u00e9lja \u00f5si, benn\u00fcnk l\u00e9v\u00f5 magyar \u00e9rzelmeket kifejezni magyarul, a klasszikus, cig\u00e1ny \u00e9s n\u00e9pi hagyom\u00e1nyaink \u00f6sszekov\u00e1csol\u00e1s\u00e1val. Az egy\u00fcttes bemutatkoz\u00f3 koncertje 2001. szeptember 22-\u00e9n a MU Sz\u00ednh\u00e1zban volt, id. Kov\u00e1cs Ferenc: Magony szoborportr\u00e9k ki\u00e1ll\u00edt\u00e1s\u00e1nak megnyit\u00f3jak\u00e9nt.<\/p>\n<p><b>Egy\u00faton<\/b><br \/>\nKov\u00e1cs Ferenc bar\u00e1tommal r\u00e9g\u00f3ta j\u00e1runk egy\u00faton. Hol nagyokat dobbantva, kem\u00e9nyen odacsapva l\u00e1bunkat, hol k\u00f6nnyed lend\u00fclettel, hol der\u00fbsen, szeml\u00e9l\u00f5dve, m\u00e1skor szigor\u00fa figyelemmel. A s\u00fbr\u00fbben g\u00e1zolunk, vagy suhanunk a felsz\u00edn f\u00f6l\u00f6tt, f\u00e9ke veszetten, hars\u00e1nyan mulatunk, vagy fegyelmezetten r\u00f3juk a k\u00f6r\u00f6ket, (\u00f6n)ir\u00f3nikusan sz\u00f3lunk, vagy tan\u00edt\u00f3 sz\u00e1nd\u00e9kkal magyar\u00e1zunk, ak\u00e1r k\u00e9rdez\u00fcnk, ak\u00e1r v\u00e1laszolunk, ak\u00e1r a k\u00f6zelbe, ak\u00e1r a t\u00e1volba tekint\u00fcnk &#8211; j\u00e1rjuk egy\u00fatunkat.<br \/>\nA k\u00f6z\u00f6s l\u00e9t, a k\u00f6z\u00f6s \u00fat els\u00f5 darabja err\u00f5l sz\u00f3lt 1994-ben. Ekkor alkottuk meg k\u00f6z\u00f6sen a TranzDanz-ban a Profan\u00e1t. Az\u00f3ta sok darabot k\u00e9sz\u00edtett\u00fcnk egy\u00fctt &#8211; a legut\u00f3bbi a Sziklarajzok. Az alkot\u00e1s \u00e1ltal vil\u00e1got teremt\u00f5, \u00f6nmag\u00e1t \u00e9s vil\u00e1g\u00e1t felmutat\u00f3 \u00e9s meg\u00f6r\u00f6k\u00edt\u00f5, a k\u00f6z\u00f6ss\u00e9g sz\u00e1m\u00e1ra hasznos, \u00e9rt\u00e9kes \u00e9s \u00e9rthet\u00f5 emberre \u00e9s jeleire t\u00edzezer \u00e9vek kult\u00far\u00e1i \u00e9p\u00fclnek, mik\u00f6zben bigott vall\u00e1sok regul\u00e1zz\u00e1k, demag\u00f3g ideol\u00f3gi\u00e1kkal oper\u00e1l\u00f3 cinikus haszonles\u00f5k \u00edrtj\u00e1k, racion\u00e1lis civiliz\u00e1ci\u00f3k \u00f6lik, m\u00e9rgezik, korl\u00e1tozz\u00e1k a szabad, teremt\u00f5 Embert.<br \/>\nDe \u00f5 &#8211; mindezen ront\u00f3 t\u00f6rekv\u00e9sek ellen\u00e9re &#8211; ott hagyja keze nyom\u00e1t a barlang fal\u00e1n, \u00fczen \u00e9vezredeken \u00e1t: &#8211; Itt vagyok! Most v\u00e1ltoztattam meg a Vil\u00e1got! A Sziklarajzok &#8211; imm\u00e1r CD form\u00e1ban is &#8211; a lelkiismeret furdal\u00e1sos divatok, a t\u00f6megfogyaszt\u00e1sra gy\u00e1rtott buta b\u00f3vli, a kommersz elit &#8211; elit kommersz, a marketing\u00e9rt\u00e9k el\u00f5l barlangokba, rezerv\u00e1tumokba menek\u00fcl\u00f5 gondolat lenyomata, mai sziklarajz-, k\u00e9preg\u00e9ny az \u00datr\u00f3l. K\u00f6sz\u00f6n\u00f6m Kov\u00e1cs Ferinek a k\u00f6z\u00f6s munk\u00e1t, hogy egy\u00fctt utazhattam vele! \u00d6csi, gyer\u00fcnk tov\u00e1bb!<\/p>\n<div align=\"right\"><b>Kov\u00e1cs Gerzson P\u00e9ter<br \/>\nkoreogr\u00e1fus<\/b><\/div>\n<p><span style=\"font-size: 1rem;\">A Gramofon magazin 2003. ny\u00e1ri sz\u00e1m\u00e1ban (VIII. \u00e9vfolyam 2. sz\u00e1m) megjelent egy kritika a <\/span><b style=\"font-size: 1rem;\">Magony von\u00f3sok<\/b><span style=\"font-size: 1rem;\"> c\u00edm\u00fb \u00faj albumr\u00f3l:<\/span><\/p>\n<p>\u00dajdons\u00fclt d\u00e9l-indiai zen\u00e9sz bar\u00e1tom mes\u00e9lte: id\u00f5s mestere szerint a legnagyobb m\u00fbv\u00e9szek l\u00e1tj\u00e1k a zen\u00e9t, a lehet\u00f5 legplasztikusabb form\u00e1j\u00e1ban \u00e9lik \u00e1t, m\u00e1r-m\u00e1r \u00e9letfunkci\u00f3ik is annak a harm\u00f3ni\u00e1j\u00e1ra m\u00fbk\u00f6dnek. A Magony von\u00f3sok lemezbor\u00edt\u00f3j\u00e1n Szabados Gy\u00f6rgy sorai &#8220;l\u00e1that\u00f3&#8221;-nak nevezik Kov\u00e1cs Ferenc zen\u00e9j\u00e9t. Szabadosnak igaza van &#8211; valahol a m\u00e9lyben ugyanaz m\u00fbk\u00f6dik ilyenkor az eg\u00e9sz vil\u00e1gon. Amikor az els\u00f5 Magony-lemezr\u00f5l \u00edrtam (Gramofon, 2001. \u00f5sz, 34.), nem mertem kijelenteni, amiben az \u00faj, dupla lemezt hallgatva biztos vagyok: Kov\u00e1cs a legnagyobb ismert n\u00e9pzenei gy\u00f6ker\u00fb heged\u00fbm\u00fbv\u00e9sz az orsz\u00e1gban. K\u00e9pzetts\u00e9ge ide\u00e1lis ar\u00e1nyban eg\u00e9sz\u00edti ki az \u00f6r\u00f6k\u00f6lt magyaros-rusztikus hangv\u00e9telt, szabads\u00e1geszm\u00e9ny\u00e9t. Zenekar\u00e1nak tagjai (Budai S\u00e1ndor, Ol\u00e1h K\u00e1lm\u00e1n, Salamon Be\u00e1ta &#8211; heged\u00fb, Nov\u00e1k Csaba &#8211; b\u00f5g\u00f5, N\u00e9meth Ferenc &#8211; \u00e9nek) mind k\u00e9pzett, komolyzen\u00e9sz v\u00e9gzetts\u00e9ggel rendelkez\u00f5 muzsikusok. A Magony kompoz\u00edci\u00f3i &#8211; f\u00f5k\u00e9nt az els\u00f5 lemez koncertfelv\u00e9telein, de a TranzDanz t\u00e1rsulatnak \u00edrt sz\u00ednpadi k\u00eds\u00e9r\u00f5zen\u00e9ben is &#8211; biztos ar\u00e1ny\u00e9rz\u00e9kkel id\u00e9zik a magyar n\u00e9pzene hat\u00e1rtalan, csapong\u00f3-busong\u00f3 szabads\u00e1g\u00e1t, de sosem dag\u00e1lyoss\u00e1g\u00e1t. Temp\u00f3i mindig nagyon pontosak &#8211; k\u00e9pzetts\u00e9ge ezen a ponton a legnyilv\u00e1nval\u00f3bb -, m\u00fbv\u00e9szi keretet szabnak a heged\u00fbdallam k\u00e1nt\u00e1l\u00f3 megsz\u00f3lal\u00e1s\u00e1nak. A zen\u00e9j\u00e9nek vil\u00e1ga (k\u00fcl\u00f6n\u00f6sen a koncertlemez cs\u00facs\u00e1n elhangz\u00f3, k\u00e9tr\u00e9szes szarvas-szvit) intenz\u00edv er\u00f5vel id\u00e9zi fel a magyars\u00e1g leg\u00f5sibb eml\u00e9keit. Kov\u00e1cs Ferenc sz\u00e1rnyk\u00fcrtje is felcsend\u00fcl az els\u00f5 korong v\u00e9g\u00e9n &#8211; a So\u00f3s Imre eml\u00e9k\u00e9re j\u00e1tszott n\u00e9pdal sz\u00f3l\u00f3bet\u00e9tje egyszer\u00fben gy\u00f6ny\u00f6r\u00fb. K\u00f6sz\u00f6net illeti a Gramy kiad\u00f3t, amely minden t\u00e1mogat\u00e1st n\u00e9lk\u00fcl\u00f6zve, teljesen \u00f6ner\u00f5b\u00f5l jelentette meg ezt az \u00e9rt\u00e9kes produkci\u00f3t.<\/p>\n<div align=\"right\"><b>H. Magyar Korn\u00e9l<\/b><\/div>\n<p>[\/vc_column_text][vc_empty_space height=&#8221;30px&#8221;][vc_single_image image=&#8221;7537&#8243; img_size=&#8221;full&#8221; alignment=&#8221;center&#8221;][vc_column_text]<\/p>\n<h3 style=\"text-align: center;\"><strong>Tracklista<\/strong><\/h3>\n<p>[\/vc_column_text][\/vc_column][\/vc_row][vc_row][vc_column][vc_column_text]<\/p>\n<p style=\"text-align: center;\"><b>CD1<\/b><br \/>\n(2001.szeptember 22-i koncert)1. Intro<br \/>\n2. Boldog galamb<br \/>\n3. Parasztbarokk<br \/>\n4. A szarvas \u00fcld\u00f6z\u00e9se<br \/>\n5. Szarvasok az erdei f\u00e9nyben<br \/>\n6. J\u00e1tsz\u00f3<br \/>\n7. P\u00e1sztoros<br \/>\n8. Miskadal<br \/>\n9. Jaj, de sz\u00e9les<br \/>\n(So\u00f3s Imre eml\u00e9k\u00e9re &#8211; a K\u00f6rhinta c. filmb\u00f5l)<b>CD2<\/b><br \/>\n(A Sziklarajzok c\u00edm\u00fb TranzDanz el\u00f5ad\u00e1s zen\u00e9je)1. Bevezet\u00e9s<br \/>\n2. Sziklarajzok<br \/>\n3. Rep\u00fcl\u00e9s<br \/>\n4. Leg\u00e9nyes<br \/>\n5. Groteszk<\/p>\n<p style=\"text-align: center;\"><b>Magyar dalok<\/b><br \/>\n6. Elindultam sz\u00e9p haz\u00e1mb\u00f3l<br \/>\n7. Le az \u00faton, sz\u00e9p csendesen lefel\u00e9<br \/>\n8. Esti dal<\/p>\n<p>[\/vc_column_text][\/vc_column][\/vc_row][vc_row][vc_column][vc_column_text]<\/p>\n<h3 style=\"text-align: center;\"><b>El\u0151ad\u00f3k:<\/b><\/h3>\n<p style=\"text-align: center;\">Magony Kov\u00e1cs Ferenc &#8211; heged\u00fb, sz\u00e1rnyk\u00fcrt, \u00e9nek<br \/>\nSalamon Bea &#8211; heged\u00fb<br \/>\nBudai S\u00e1ndor &#8211; heged\u00fb, br\u00e1csa<br \/>\nOl\u00e1h K\u00e1lm\u00e1n &#8211; heged\u00fb<br \/>\nNov\u00e1k Csaba &#8211; b\u00f5g\u00f5<br \/>\nN\u00e9meth Ferenc &#8211; \u00e9nek<br \/>\nMester L\u00e1szl\u00f3 (Pinty\u00f5) &#8211; br\u00e1csa<br \/>\n\u00c9gerh\u00e1zi Attila &#8211; git\u00e1r<br \/>\nBarab\u00e1s Tam\u00e1s &#8211; basszusgit\u00e1r<br \/>\nKov\u00e1cs Zolt\u00e1n &#8211; billenty\u00fb<br \/>\nSipos Andr\u00e1s &#8211; \u00fct\u00f5hangszerek, \u00e9nek<br \/>\nBanai Szil\u00e1rd &#8211; dob<\/p>\n<p>[\/vc_column_text][\/vc_column][\/vc_row]<\/p>","protected":false},"excerpt":{"rendered":"<p>[vc_row][vc_column][vc_column_text]Kov\u00e1cs Ferenc &#8211; Magony Von\u00f3sok A Magony egy\u00fcttes 2001-ben alakult Kov\u00e1cs Ferenc azonos c\u00edm\u00fb sz\u00f3l\u00f3 album\u00e1nak \u00e9l\u00f5 el\u00f5ad\u00e1s\u00e1ra. Folyamatosan b\u00f5v\u00edtj\u00fck a m\u00fbsorunkat saj\u00e1t szerzem\u00e9nyekkel, s ismert magyar n\u00e9pdalok egy\u00e9ni feldolgoz\u00e1s\u00e1val. Az egy\u00fcttes vezet\u00f5je, s zeneszerz\u00f5je Kov\u00e1cs Ferenc. A zenei st\u00edlust legink\u00e1bb a &#8220;kort\u00e1rs parasztzene&#8221; kifejez\u00e9s k\u00f6zel\u00edti meg. Kov\u00e1cs Ferenc eddigi p\u00e1ly\u00e1ja rendk\u00edv\u00fcl soksz\u00edn\u00fb. A klasszikus, [&hellip;]<\/p>\n","protected":false},"featured_media":7536,"template":"","meta":[],"product_brand":[],"product_cat":[92],"product_tag":[],"class_list":{"0":"post-7535","1":"product","2":"type-product","3":"status-publish","4":"has-post-thumbnail","6":"product_cat-cd","7":"yith_product_brand-kovacs-ferenc","8":"col-12 col-sm-6 col-md-4","10":"first","11":"instock","12":"shipping-taxable","13":"purchasable","14":"product-type-simple"},"yoast_head":"<!-- This site is optimized with the Yoast SEO plugin v27.3 - https:\/\/yoast.com\/product\/yoast-seo-wordpress\/ -->\n<title>Kov\u00e1cs Ferenc Magony Von\u00f3sok 2CD &#8211; GR1993 Records<\/title>\n<meta name=\"robots\" content=\"index, follow, max-snippet:-1, max-image-preview:large, max-video-preview:-1\" \/>\n<link rel=\"canonical\" href=\"https:\/\/gr1993records.com\/index.php\/product\/kovacs-ferenc-magony-vonosok-cd\/\" \/>\n<meta property=\"og:locale\" content=\"hu_HU\" \/>\n<meta property=\"og:type\" content=\"article\" \/>\n<meta property=\"og:title\" content=\"Kov\u00e1cs Ferenc Magony Von\u00f3sok 2CD &#8211; GR1993 Records\" \/>\n<meta property=\"og:description\" content=\"[vc_row][vc_column][vc_column_text]Kov\u00e1cs Ferenc &#8211; Magony Von\u00f3sok A Magony egy\u00fcttes 2001-ben alakult Kov\u00e1cs Ferenc azonos c\u00edm\u00fb sz\u00f3l\u00f3 album\u00e1nak \u00e9l\u00f5 el\u00f5ad\u00e1s\u00e1ra. Folyamatosan b\u00f5v\u00edtj\u00fck a m\u00fbsorunkat saj\u00e1t szerzem\u00e9nyekkel, s ismert magyar n\u00e9pdalok egy\u00e9ni feldolgoz\u00e1s\u00e1val. Az egy\u00fcttes vezet\u00f5je, s zeneszerz\u00f5je Kov\u00e1cs Ferenc. A zenei st\u00edlust legink\u00e1bb a &#8220;kort\u00e1rs parasztzene&#8221; kifejez\u00e9s k\u00f6zel\u00edti meg. Kov\u00e1cs Ferenc eddigi p\u00e1ly\u00e1ja rendk\u00edv\u00fcl soksz\u00edn\u00fb. A klasszikus, [&hellip;]\" \/>\n<meta property=\"og:url\" content=\"https:\/\/gr1993records.com\/index.php\/product\/kovacs-ferenc-magony-vonosok-cd\/\" \/>\n<meta property=\"og:site_name\" content=\"GR1993 Records\" \/>\n<meta property=\"article:publisher\" content=\"https:\/\/www.facebook.com\/GR1993Records-113564886691383\/\" \/>\n<meta property=\"article:modified_time\" content=\"2026-03-31T10:11:09+00:00\" \/>\n<meta property=\"og:image\" content=\"https:\/\/gr1993records.com\/wp-content\/uploads\/2025\/06\/Kovacs_Ferenc_Magony_vonosok_FRONT.jpg\" \/>\n\t<meta property=\"og:image:width\" content=\"1200\" \/>\n\t<meta property=\"og:image:height\" content=\"1190\" \/>\n\t<meta property=\"og:image:type\" content=\"image\/jpeg\" \/>\n<meta name=\"twitter:card\" content=\"summary_large_image\" \/>\n<meta name=\"twitter:image\" content=\"https:\/\/gr1993records.com\/wp-content\/uploads\/2025\/06\/Kovacs_Ferenc_Magony_vonosok_FRONT.jpg\" \/>\n<meta name=\"twitter:label1\" content=\"Becs\u00fclt olvas\u00e1si id\u0151\" \/>\n\t<meta name=\"twitter:data1\" content=\"4 perc\" \/>\n<script type=\"application\/ld+json\" class=\"yoast-schema-graph\">{\"@context\":\"https:\\\/\\\/schema.org\",\"@graph\":[{\"@type\":\"WebPage\",\"@id\":\"https:\\\/\\\/gr1993records.com\\\/index.php\\\/product\\\/kovacs-ferenc-magony-vonosok-cd\\\/\",\"url\":\"https:\\\/\\\/gr1993records.com\\\/index.php\\\/product\\\/kovacs-ferenc-magony-vonosok-cd\\\/\",\"name\":\"Kov\u00e1cs Ferenc Magony Von\u00f3sok 2CD &#8211; GR1993 Records\",\"isPartOf\":{\"@id\":\"https:\\\/\\\/gr1993records.com\\\/#website\"},\"primaryImageOfPage\":{\"@id\":\"https:\\\/\\\/gr1993records.com\\\/index.php\\\/product\\\/kovacs-ferenc-magony-vonosok-cd\\\/#primaryimage\"},\"image\":{\"@id\":\"https:\\\/\\\/gr1993records.com\\\/index.php\\\/product\\\/kovacs-ferenc-magony-vonosok-cd\\\/#primaryimage\"},\"thumbnailUrl\":\"https:\\\/\\\/gr1993records.com\\\/wp-content\\\/uploads\\\/2025\\\/06\\\/Kovacs_Ferenc_Magony_vonosok_FRONT.jpg\",\"datePublished\":\"2003-01-01T14:41:39+00:00\",\"dateModified\":\"2026-03-31T10:11:09+00:00\",\"breadcrumb\":{\"@id\":\"https:\\\/\\\/gr1993records.com\\\/index.php\\\/product\\\/kovacs-ferenc-magony-vonosok-cd\\\/#breadcrumb\"},\"inLanguage\":\"hu\",\"potentialAction\":[{\"@type\":\"ReadAction\",\"target\":[\"https:\\\/\\\/gr1993records.com\\\/index.php\\\/product\\\/kovacs-ferenc-magony-vonosok-cd\\\/\"]}]},{\"@type\":\"ImageObject\",\"inLanguage\":\"hu\",\"@id\":\"https:\\\/\\\/gr1993records.com\\\/index.php\\\/product\\\/kovacs-ferenc-magony-vonosok-cd\\\/#primaryimage\",\"url\":\"https:\\\/\\\/gr1993records.com\\\/wp-content\\\/uploads\\\/2025\\\/06\\\/Kovacs_Ferenc_Magony_vonosok_FRONT.jpg\",\"contentUrl\":\"https:\\\/\\\/gr1993records.com\\\/wp-content\\\/uploads\\\/2025\\\/06\\\/Kovacs_Ferenc_Magony_vonosok_FRONT.jpg\",\"width\":1200,\"height\":1190},{\"@type\":\"BreadcrumbList\",\"@id\":\"https:\\\/\\\/gr1993records.com\\\/index.php\\\/product\\\/kovacs-ferenc-magony-vonosok-cd\\\/#breadcrumb\",\"itemListElement\":[{\"@type\":\"ListItem\",\"position\":1,\"name\":\"Home\",\"item\":\"https:\\\/\\\/gr1993records.com\\\/\"},{\"@type\":\"ListItem\",\"position\":2,\"name\":\"Kiadv\u00e1nyok\",\"item\":\"https:\\\/\\\/gr1993records.com\\\/index.php\\\/shop\\\/\"},{\"@type\":\"ListItem\",\"position\":3,\"name\":\"Kov\u00e1cs Ferenc Magony Von\u00f3sok 2CD\"}]},{\"@type\":\"WebSite\",\"@id\":\"https:\\\/\\\/gr1993records.com\\\/#website\",\"url\":\"https:\\\/\\\/gr1993records.com\\\/\",\"name\":\"GR1993 Records\",\"description\":\"\",\"publisher\":{\"@id\":\"https:\\\/\\\/gr1993records.com\\\/#organization\"},\"potentialAction\":[{\"@type\":\"SearchAction\",\"target\":{\"@type\":\"EntryPoint\",\"urlTemplate\":\"https:\\\/\\\/gr1993records.com\\\/?s={search_term_string}\"},\"query-input\":{\"@type\":\"PropertyValueSpecification\",\"valueRequired\":true,\"valueName\":\"search_term_string\"}}],\"inLanguage\":\"hu\"},{\"@type\":\"Organization\",\"@id\":\"https:\\\/\\\/gr1993records.com\\\/#organization\",\"name\":\"Gramy-H Ltd.\",\"url\":\"https:\\\/\\\/gr1993records.com\\\/\",\"logo\":{\"@type\":\"ImageObject\",\"inLanguage\":\"hu\",\"@id\":\"https:\\\/\\\/gr1993records.com\\\/#\\\/schema\\\/logo\\\/image\\\/\",\"url\":\"https:\\\/\\\/gr1993records.com\\\/wp-content\\\/uploads\\\/2019\\\/08\\\/GR1993_Records_logo_CC.png\",\"contentUrl\":\"https:\\\/\\\/gr1993records.com\\\/wp-content\\\/uploads\\\/2019\\\/08\\\/GR1993_Records_logo_CC.png\",\"width\":2900,\"height\":2001,\"caption\":\"Gramy-H Ltd.\"},\"image\":{\"@id\":\"https:\\\/\\\/gr1993records.com\\\/#\\\/schema\\\/logo\\\/image\\\/\"},\"sameAs\":[\"https:\\\/\\\/www.facebook.com\\\/GR1993Records-113564886691383\\\/\"]}]}<\/script>\n<!-- \/ Yoast SEO plugin. -->","yoast_head_json":{"title":"Kov\u00e1cs Ferenc Magony Von\u00f3sok 2CD &#8211; GR1993 Records","robots":{"index":"index","follow":"follow","max-snippet":"max-snippet:-1","max-image-preview":"max-image-preview:large","max-video-preview":"max-video-preview:-1"},"canonical":"https:\/\/gr1993records.com\/index.php\/product\/kovacs-ferenc-magony-vonosok-cd\/","og_locale":"hu_HU","og_type":"article","og_title":"Kov\u00e1cs Ferenc Magony Von\u00f3sok 2CD &#8211; GR1993 Records","og_description":"[vc_row][vc_column][vc_column_text]Kov\u00e1cs Ferenc &#8211; Magony Von\u00f3sok A Magony egy\u00fcttes 2001-ben alakult Kov\u00e1cs Ferenc azonos c\u00edm\u00fb sz\u00f3l\u00f3 album\u00e1nak \u00e9l\u00f5 el\u00f5ad\u00e1s\u00e1ra. Folyamatosan b\u00f5v\u00edtj\u00fck a m\u00fbsorunkat saj\u00e1t szerzem\u00e9nyekkel, s ismert magyar n\u00e9pdalok egy\u00e9ni feldolgoz\u00e1s\u00e1val. Az egy\u00fcttes vezet\u00f5je, s zeneszerz\u00f5je Kov\u00e1cs Ferenc. A zenei st\u00edlust legink\u00e1bb a &#8220;kort\u00e1rs parasztzene&#8221; kifejez\u00e9s k\u00f6zel\u00edti meg. Kov\u00e1cs Ferenc eddigi p\u00e1ly\u00e1ja rendk\u00edv\u00fcl soksz\u00edn\u00fb. A klasszikus, [&hellip;]","og_url":"https:\/\/gr1993records.com\/index.php\/product\/kovacs-ferenc-magony-vonosok-cd\/","og_site_name":"GR1993 Records","article_publisher":"https:\/\/www.facebook.com\/GR1993Records-113564886691383\/","article_modified_time":"2026-03-31T10:11:09+00:00","og_image":[{"width":1200,"height":1190,"url":"https:\/\/gr1993records.com\/wp-content\/uploads\/2025\/06\/Kovacs_Ferenc_Magony_vonosok_FRONT.jpg","type":"image\/jpeg"}],"twitter_card":"summary_large_image","twitter_image":"https:\/\/gr1993records.com\/wp-content\/uploads\/2025\/06\/Kovacs_Ferenc_Magony_vonosok_FRONT.jpg","twitter_misc":{"Becs\u00fclt olvas\u00e1si id\u0151":"4 perc"},"schema":{"@context":"https:\/\/schema.org","@graph":[{"@type":"WebPage","@id":"https:\/\/gr1993records.com\/index.php\/product\/kovacs-ferenc-magony-vonosok-cd\/","url":"https:\/\/gr1993records.com\/index.php\/product\/kovacs-ferenc-magony-vonosok-cd\/","name":"Kov\u00e1cs Ferenc Magony Von\u00f3sok 2CD &#8211; GR1993 Records","isPartOf":{"@id":"https:\/\/gr1993records.com\/#website"},"primaryImageOfPage":{"@id":"https:\/\/gr1993records.com\/index.php\/product\/kovacs-ferenc-magony-vonosok-cd\/#primaryimage"},"image":{"@id":"https:\/\/gr1993records.com\/index.php\/product\/kovacs-ferenc-magony-vonosok-cd\/#primaryimage"},"thumbnailUrl":"https:\/\/gr1993records.com\/wp-content\/uploads\/2025\/06\/Kovacs_Ferenc_Magony_vonosok_FRONT.jpg","datePublished":"2003-01-01T14:41:39+00:00","dateModified":"2026-03-31T10:11:09+00:00","breadcrumb":{"@id":"https:\/\/gr1993records.com\/index.php\/product\/kovacs-ferenc-magony-vonosok-cd\/#breadcrumb"},"inLanguage":"hu","potentialAction":[{"@type":"ReadAction","target":["https:\/\/gr1993records.com\/index.php\/product\/kovacs-ferenc-magony-vonosok-cd\/"]}]},{"@type":"ImageObject","inLanguage":"hu","@id":"https:\/\/gr1993records.com\/index.php\/product\/kovacs-ferenc-magony-vonosok-cd\/#primaryimage","url":"https:\/\/gr1993records.com\/wp-content\/uploads\/2025\/06\/Kovacs_Ferenc_Magony_vonosok_FRONT.jpg","contentUrl":"https:\/\/gr1993records.com\/wp-content\/uploads\/2025\/06\/Kovacs_Ferenc_Magony_vonosok_FRONT.jpg","width":1200,"height":1190},{"@type":"BreadcrumbList","@id":"https:\/\/gr1993records.com\/index.php\/product\/kovacs-ferenc-magony-vonosok-cd\/#breadcrumb","itemListElement":[{"@type":"ListItem","position":1,"name":"Home","item":"https:\/\/gr1993records.com\/"},{"@type":"ListItem","position":2,"name":"Kiadv\u00e1nyok","item":"https:\/\/gr1993records.com\/index.php\/shop\/"},{"@type":"ListItem","position":3,"name":"Kov\u00e1cs Ferenc Magony Von\u00f3sok 2CD"}]},{"@type":"WebSite","@id":"https:\/\/gr1993records.com\/#website","url":"https:\/\/gr1993records.com\/","name":"GR1993 Records","description":"","publisher":{"@id":"https:\/\/gr1993records.com\/#organization"},"potentialAction":[{"@type":"SearchAction","target":{"@type":"EntryPoint","urlTemplate":"https:\/\/gr1993records.com\/?s={search_term_string}"},"query-input":{"@type":"PropertyValueSpecification","valueRequired":true,"valueName":"search_term_string"}}],"inLanguage":"hu"},{"@type":"Organization","@id":"https:\/\/gr1993records.com\/#organization","name":"Gramy-H Ltd.","url":"https:\/\/gr1993records.com\/","logo":{"@type":"ImageObject","inLanguage":"hu","@id":"https:\/\/gr1993records.com\/#\/schema\/logo\/image\/","url":"https:\/\/gr1993records.com\/wp-content\/uploads\/2019\/08\/GR1993_Records_logo_CC.png","contentUrl":"https:\/\/gr1993records.com\/wp-content\/uploads\/2019\/08\/GR1993_Records_logo_CC.png","width":2900,"height":2001,"caption":"Gramy-H Ltd."},"image":{"@id":"https:\/\/gr1993records.com\/#\/schema\/logo\/image\/"},"sameAs":["https:\/\/www.facebook.com\/GR1993Records-113564886691383\/"]}]}},"jetpack_sharing_enabled":true,"_links":{"self":[{"href":"https:\/\/gr1993records.com\/index.php\/wp-json\/wp\/v2\/product\/7535","targetHints":{"allow":["GET"]}}],"collection":[{"href":"https:\/\/gr1993records.com\/index.php\/wp-json\/wp\/v2\/product"}],"about":[{"href":"https:\/\/gr1993records.com\/index.php\/wp-json\/wp\/v2\/types\/product"}],"wp:featuredmedia":[{"embeddable":true,"href":"https:\/\/gr1993records.com\/index.php\/wp-json\/wp\/v2\/media\/7536"}],"wp:attachment":[{"href":"https:\/\/gr1993records.com\/index.php\/wp-json\/wp\/v2\/media?parent=7535"}],"wp:term":[{"taxonomy":"product_brand","embeddable":true,"href":"https:\/\/gr1993records.com\/index.php\/wp-json\/wp\/v2\/product_brand?post=7535"},{"taxonomy":"product_cat","embeddable":true,"href":"https:\/\/gr1993records.com\/index.php\/wp-json\/wp\/v2\/product_cat?post=7535"},{"taxonomy":"product_tag","embeddable":true,"href":"https:\/\/gr1993records.com\/index.php\/wp-json\/wp\/v2\/product_tag?post=7535"}],"curies":[{"name":"wp","href":"https:\/\/api.w.org\/{rel}","templated":true}]}}