{"id":7033,"date":"2015-01-01T15:56:11","date_gmt":"2015-01-01T14:56:11","guid":{"rendered":"https:\/\/gr1993records.com\/?post_type=product&#038;p=7033"},"modified":"2026-03-31T12:06:21","modified_gmt":"2026-03-31T10:06:21","slug":"kovacs-ferenc-csizmadia-anna-anna-dalok-cd","status":"publish","type":"product","link":"https:\/\/gr1993records.com\/index.php\/product\/kovacs-ferenc-csizmadia-anna-anna-dalok-cd\/","title":{"rendered":"Kov\u00e1cs Ferenc <br>Csizmadia Anna <br>Anna dalok <br>CD"},"content":{"rendered":"<p>[vc_row][vc_column][vc_column_text]A Gramy-H Kft 2001 \u00f3ta rendszeresen jelentkezik a Djabe trombit\u00e1s, heged\u0171s kiv\u00e1l\u00f3s\u00e1g\u00e1nak \u00e9letm\u0171 darabjaival. Magony form\u00e1ci\u00f3ja ez\u00fattal tri\u00f3, melyben Balogh K\u00e1lm\u00e1n cimbalom m\u0171v\u00e9sz \u00e9s Gayer Ferenc b\u0151g\u0151s a k\u00e9t zen\u00e9szt\u00e1rs. A f\u0151szerep azonban ez\u00fattal m\u00e9gsem Kov\u00e1cs \u00d6csi\u00e9, hanem a junior Prima Primissima d\u00edjas fiatal n\u00e9pdal\u00e9nekes Csizmadia Ann\u00e1\u00e9, aki 2012-ban megnyerte a F\u00f6lsz\u00e1llott a p\u00e1va n\u00e9pzenei tehets\u00e9gkutat\u00f3 versenyt a sz\u00f3l\u00f3 \u00e9nek \u00e9s hangszer kateg\u00f3ri\u00e1ban.<\/p>\n<p>Anna a gy\u00f6k\u00e9rzetet tartja fontosnak, melyb\u0151l az ember, \u00e9lete v\u00e9g\u00e9ig t\u00e1pl\u00e1lkozik. Az \u00e9let\u00fatj\u00e1t alapvet\u0151en befoly\u00e1solja, ennek a gy\u00f6k\u00e9rzetnek a megtart\u00f3 ereje.<\/p>\n<p>Az autentikus n\u00e9pzenei vil\u00e1g \u00e1ll hozz\u00e1 k\u00f6zel, de sz\u00edvesen kalandozik el m\u00e1s zenei m\u0171fajokban is. Kov\u00e1cs Ferenc n\u00e9pzenei ihlet\u00e9s\u0171 zenei darabjaival is sokfel\u00e9 j\u00e1rnak, de m\u00e9gis fontosnak tartja azt az archaikus megfogalmaz\u00e1st, melyet \u0151seink r\u00e1nk hagytak, s mely ma is tan\u00edt benn\u00fcnket.<\/p>\n<p>\u201eA Magonnyal val\u00f3 tal\u00e1lkoz\u00e1som egy nagy \u00f6r\u00f6m sz\u00e1momra. Csod\u00e1latos emberekkel zen\u00e9lhetek, akikt\u0151l zeneileg \u00e9s emberileg is sokat tanulok. El tudok rugaszkodni \u00e1ltaluk, \u00e9s tudok egy\u00fctt lebegni a zen\u00e9vel. Az \u00e9rdekes, \u00e9s sokszor szokatlan harm\u00f3nia vil\u00e1g tan\u00edt arra, hogy azt az autentikuss\u00e1got, archaikus k\u00f6zeg zen\u00e9ben megfogalmazott \u00e9rzelmi vil\u00e1g\u00e1t, hogyan tudom eljuttatni a legk\u00fcl\u00f6nb\u00f6z\u0151bb emberekhez. Az \u00d6csi f\u00e9le \u201eparasztzene\u201d olyan \u0151szinte \u00e9rz\u00e9seket k\u00f6z\u00f6l, melyekb\u0151l t\u00e1pl\u00e1lkozni lehet.\u201d<\/p>\n<p>Az albumon 12 kompoz\u00edci\u00f3 tal\u00e1lhat\u00f3, melyb\u0151l k\u00e9t sz\u00e1m sz\u00f6veg\u00e9t Jancs\u00f3 Zolt\u00e1n versei adj\u00e1k.<\/p>\n<p class=\"text_b\"><strong>Gramofon kritika:<\/strong><\/p>\n<p><strong><span class=\"text_b\">Kov\u00e1cs Ferenc \u2013 Csizmadia Anna: Anna Dalok<\/span><\/strong><\/p>\n<p>Er\u0151s jazzes be\u00fct\u00e9s, sok improviz\u00e1ci\u00f3n nyugv\u00f3 , instrument\u00e1lis r\u00e9szt tartalmaz\u00f3 kort\u00e1rs komolyzenei hangz\u00e1s, magyar n\u00e9pzenei alapokon. Nagyj\u00e1b\u00f3l ez a Magony tri\u00f3 \u2013 a lemezt zeneszerz\u0151k\u00e9nt jegyz\u0151 Kov\u00e1cs Ferenc heged\u0171s-trombit\u00e1s, Balogh K\u00e1lm\u00e1n cimbalmos \u00e9s Gayer Ferenc b\u0151g\u0151s \u2013 valamint a F\u00f6lsz\u00e1llott\u00a0 a p\u00e1va felfedezettje, a kupuszinai Csizmadia Anna k\u00f6z\u00f6s m\u0171sora, az Anna-dalok. A fiatal b\u00e1cskai \u00e9nekesn\u0151 n\u00e9pdal\u00e9nekesk\u00e9nt k\u00f6zel\u00edt a kort\u00e1szenei vil\u00e1ghoz, \u00e9s m\u00e9g sokat kell old\u00f3dnia ebben a zenei k\u00f6zegben, hogy igaz\u00e1n egy s\u00edkre ker\u00fclj\u00f6n a t\u00f6bbi m\u0171fajban is otthonosan mozg\u00f3 nagy muzsikuspartnereivel, de \u00e9rezhet\u0151en j\u00f3 \u00faton halad. K\u00e9t autentikus n\u00e9pzenei \u00f6ssze\u00e1ll\u00edt\u00e1s is helyet kapott lemezen, amelyekben st\u00edlusbeli ismereteir\u0151l ad tan\u00fabizonys\u00e1got Csizmadia Anna. Az egyik r\u00e1ad\u00e1sul sz\u0171kebb haz\u00e1ja, Kupuszina dalaib\u00f3l v\u00e1logat. A c\u00edmad\u00f3 Anna-dalok Somogyb\u00f3l val\u00f3k, illetve a Szeg\u00e9nyleg\u00e9nyekre is utalnak. Az egyik sz\u00e1m Szabados Gy\u00f6rgyre eml\u00e9kezik. Egy n\u00e9pzen\u00e9b\u0151l k\u00f6lcs\u00f6nz\u00f6tt t\u00f6rv\u00e9nyszer\u0171s\u00e9gekre, de ugyanakkor kort\u00e1rszenei nyelvezetre k\u00e9sz\u00fclt sirat\u00f3t kompon\u00e1lt Kov\u00e1cs Ferenc Jancs\u00f3 Mikl\u00f3s temet\u00e9s\u00e9re, de van olyan szerzem\u00e9ny is, amelyikben saj\u00e1t sz\u00fclei eml\u00e9k\u00e9t vagy l\u00e1nya esk\u00fcv\u0151j\u00e9t eleven\u00edti fel. Maga a lemez is a zeneszerz\u0151 \u00e9desanyj\u00e1nak \u00e1ll\u00edt eml\u00e9ket \u2013 ahogy az els\u0151 Magony lemez is az \u0151, Magony Ida 70. sz\u00fclet\u00e9snapj\u00e1ra k\u00e9sz\u00fclt. Ezek a szem\u00e9lyes k\u00f6t\u0151d\u00e9sek intim szf\u00e9r\u00e1t var\u00e1szoltank a dalok k\u00f6r\u00e9, \u00e9s sokat megmutatnak a muzsikusok bels\u0151 vil\u00e1g\u00e1b\u00f3l. Igaz\u00e1n nagy k\u00e1r, hogy ehhez a kiv\u00e1l\u00f3 lemezhez meglehet\u0151sen szeg\u00e9nyes lemezbor\u00edt\u00f3 k\u00e9sz\u00fclt. Egy ig\u00e9nyesebb, t\u00f6bb inform\u00e1ci\u00f3t tartalmaz\u00f3 f\u00fczet sokat seg\u00edthetne a sz\u00e1mok \u00e9rtelmez\u00e9s\u00e9ben, \u00e9s az egyes m\u0171v\u00e9szekhez kapcsol\u00f3d\u00f3 zen\u00e9k tudatos\u00edt\u00e1s\u00e1ban.<\/p>\n<p class=\"author\" style=\"text-align: right;\"><em>Kiss Eszter Veronika<\/em><br \/>\n<em>Gramofon 2015-2016. t\u00e9l<\/em><\/p>\n<p>[\/vc_column_text][vc_empty_space height=&#8221;30px&#8221;][vc_single_image image=&#8221;7035&#8243; img_size=&#8221;full&#8221; alignment=&#8221;center&#8221;][vc_column_text]<\/p>\n<h3 style=\"text-align: center;\"><strong>Tracklista<\/strong><\/h3>\n<p>[\/vc_column_text][\/vc_column][\/vc_row][vc_row][vc_column][vc_column_text]<\/p>\n<p style=\"text-align: center;\">1. Szerelmesdal 3:44<br \/>\n2. Anna dalok 7:36<br \/>\n3. Elmegyek 3:26<br \/>\n4. \u00c9desany\u00e1m almaf\u00e1ja 5:38<br \/>\n5. Magyaros 5:50<br \/>\n6. Somogyi \u00e1ld\u00e1sos 5:34<br \/>\n7. Kupuszina dalai\/B\u00e1cskertes 3:48<br \/>\n8. D\u00e9lib\u00e1b 4:12<br \/>\n9. Sirat\u00f3 2:50<br \/>\n10. K\u0151szikl\u00e1n felfut\u00f3 3:12<br \/>\n11. Rim\u00f3ci dallamok 4:38<br \/>\n12. Hideg sz\u00e9l f\u00faj 5:46<\/p>\n<p>[\/vc_column_text][\/vc_column][\/vc_row][vc_row][vc_column][vc_column_text]<\/p>\n<h4 style=\"text-align: center;\"><strong>K\u00f6zrem\u0171k\u00f6d\u0151k:<\/strong><\/h4>\n<p style=\"text-align: center;\">Csizmadia Anna: \u00e9nek<br \/>\nMagony tri\u00f3:<br \/>\nKov\u00e1cs Ferenc: zeneszerz\u0151, heged\u0171, trombita (2, 10), \u00e9nek (9, 12)<br \/>\nBalogh K\u00e1lm\u00e1n: cimbalom<br \/>\nGayer Ferenc: b\u0151g\u0151<br \/>\nVend\u00e9g: Pagonyi Andr\u00e1s, harmonika (12)<\/p>\n<p>[\/vc_column_text][\/vc_column][\/vc_row]<\/p>","protected":false},"excerpt":{"rendered":"<p>[vc_row][vc_column][vc_column_text]A Gramy-H Kft 2001 \u00f3ta rendszeresen jelentkezik a Djabe trombit\u00e1s, heged\u0171s kiv\u00e1l\u00f3s\u00e1g\u00e1nak \u00e9letm\u0171 darabjaival. Magony form\u00e1ci\u00f3ja ez\u00fattal tri\u00f3, melyben Balogh K\u00e1lm\u00e1n cimbalom m\u0171v\u00e9sz \u00e9s Gayer Ferenc b\u0151g\u0151s a k\u00e9t zen\u00e9szt\u00e1rs. A f\u0151szerep azonban ez\u00fattal m\u00e9gsem Kov\u00e1cs \u00d6csi\u00e9, hanem a junior Prima Primissima d\u00edjas fiatal n\u00e9pdal\u00e9nekes Csizmadia Ann\u00e1\u00e9, aki 2012-ban megnyerte a F\u00f6lsz\u00e1llott a p\u00e1va n\u00e9pzenei [&hellip;]<\/p>\n","protected":false},"featured_media":7034,"template":"","meta":[],"product_brand":[],"product_cat":[92],"product_tag":[437],"class_list":{"0":"post-7033","1":"product","2":"type-product","3":"status-publish","4":"has-post-thumbnail","6":"product_cat-cd","7":"product_tag-kovacs-ferenc","8":"yith_product_brand-kovacs-ferenc","9":"col-12 col-sm-6 col-md-4","11":"first","12":"instock","13":"sale","14":"shipping-taxable","15":"purchasable","16":"product-type-simple"},"yoast_head":"<!-- This site is optimized with the Yoast SEO plugin v27.2 - https:\/\/yoast.com\/product\/yoast-seo-wordpress\/ -->\n<title>Kov\u00e1cs Ferenc Csizmadia Anna Anna dalok CD &#8211; GR1993 Records<\/title>\n<meta name=\"description\" content=\"A Gramy-H Kft 2001 \u00f3ta rendszeresen jelentkezik a Djabe trombit\u00e1s, heged\u0171s kiv\u00e1l\u00f3s\u00e1g\u00e1nak \u00e9letm\u0171 darabjaival. Magony form\u00e1ci\u00f3ja ez\u00fattal tri\u00f3, melyben Balogh K\u00e1lm\u00e1n cimbalom m\u0171v\u00e9sz \u00e9s Gayer Ferenc b\u0151g\u0151s a k\u00e9t zen\u00e9szt\u00e1rs. A f\u0151szerep azonban ez\u00fattal m\u00e9gsem Kov\u00e1cs \u00d6csi\u00e9, hanem a junior Prima Primissima d\u00edjas fiatal n\u00e9pdal\u00e9nekes Csizmadia Ann\u00e1\u00e9, aki 2012-ban megnyerte a F\u00f6lsz\u00e1llott a p\u00e1va n\u00e9pzenei tehets\u00e9gkutat\u00f3 versenyt a sz\u00f3l\u00f3 \u00e9nek \u00e9s hangszer kateg\u00f3ri\u00e1ban.Anna a gy\u00f6k\u00e9rzetet tartja fontosnak, melyb\u0151l az ember, \u00e9lete v\u00e9g\u00e9ig t\u00e1pl\u00e1lkozik. Az \u00e9let\u00fatj\u00e1t alapvet\u0151en befoly\u00e1solja, ennek a gy\u00f6k\u00e9rzetnek a megtart\u00f3 ereje.\" \/>\n<meta name=\"robots\" content=\"index, follow, max-snippet:-1, max-image-preview:large, max-video-preview:-1\" \/>\n<link rel=\"canonical\" href=\"https:\/\/gr1993records.com\/index.php\/product\/kovacs-ferenc-csizmadia-anna-anna-dalok-cd\/\" \/>\n<meta property=\"og:locale\" content=\"hu_HU\" \/>\n<meta property=\"og:type\" content=\"article\" \/>\n<meta property=\"og:title\" content=\"GR1993 Records\" \/>\n<meta property=\"og:description\" content=\"{:hu}A Gramy-H Kft 2001 \u00f3ta rendszeresen jelentkezik a Djabe trombit\u00e1s, heged\u0171s kiv\u00e1l\u00f3s\u00e1g\u00e1nak \u00e9letm\u0171 darabjaival. Magony form\u00e1ci\u00f3ja ez\u00fattal tri\u00f3, melyben Balogh K\u00e1lm\u00e1n cimbalom m\u0171v\u00e9sz \u00e9s Gayer Ferenc b\u0151g\u0151s a k\u00e9t zen\u00e9szt\u00e1rs. A f\u0151szerep azonban ez\u00fattal m\u00e9gsem Kov\u00e1cs \u00d6csi\u00e9, hanem a junior Prima Primissima d\u00edjas fiatal n\u00e9pdal\u00e9nekes Csizmadia Ann\u00e1\u00e9, aki 2012-ban megnyerte a F\u00f6lsz\u00e1llott a p\u00e1va n\u00e9pzenei tehets\u00e9gkutat\u00f3 versenyt a sz\u00f3l\u00f3 \u00e9nek \u00e9s hangszer kateg\u00f3ri\u00e1ban.Anna a gy\u00f6k\u00e9rzetet tartja fontosnak, melyb\u0151l az ember, \u00e9lete v\u00e9g\u00e9ig t\u00e1pl\u00e1lkozik. Az \u00e9let\u00fatj\u00e1t alapvet\u0151en befoly\u00e1solja, ennek a gy\u00f6k\u00e9rzetnek a megtart\u00f3 ereje.{:}\" \/>\n<meta property=\"og:url\" content=\"https:\/\/gr1993records.com\/index.php\/product\/kovacs-ferenc-csizmadia-anna-anna-dalok-cd\/\" \/>\n<meta property=\"og:site_name\" content=\"GR1993 Records\" \/>\n<meta property=\"article:publisher\" content=\"https:\/\/www.facebook.com\/GR1993Records-113564886691383\/\" \/>\n<meta property=\"article:modified_time\" content=\"2026-03-31T10:06:21+00:00\" \/>\n<meta property=\"og:image\" content=\"https:\/\/gr1993records.com\/wp-content\/uploads\/2023\/09\/Kovacs_Ferenc_Anna_Dalok_FRONT.jpg\" \/>\n\t<meta property=\"og:image:width\" content=\"2017\" \/>\n\t<meta property=\"og:image:height\" content=\"2000\" \/>\n\t<meta property=\"og:image:type\" content=\"image\/jpeg\" \/>\n<meta name=\"twitter:card\" content=\"summary_large_image\" \/>\n<meta name=\"twitter:title\" content=\"GR1993 Records\" \/>\n<meta name=\"twitter:image\" content=\"https:\/\/gr1993records.com\/wp-content\/uploads\/2023\/09\/Kovacs_Ferenc_Anna_Dalok_FRONT.jpg\" \/>\n<meta name=\"twitter:label1\" content=\"Becs\u00fclt olvas\u00e1si id\u0151\" \/>\n\t<meta name=\"twitter:data1\" content=\"3 perc\" \/>\n<script type=\"application\/ld+json\" class=\"yoast-schema-graph\">{\"@context\":\"https:\/\/schema.org\",\"@graph\":[{\"@type\":\"WebPage\",\"@id\":\"https:\/\/gr1993records.com\/index.php\/product\/kovacs-ferenc-csizmadia-anna-anna-dalok-cd\/\",\"url\":\"https:\/\/gr1993records.com\/index.php\/product\/kovacs-ferenc-csizmadia-anna-anna-dalok-cd\/\",\"name\":\"Kov\u00e1cs Ferenc Csizmadia Anna Anna dalok CD &#8211; GR1993 Records\",\"isPartOf\":{\"@id\":\"https:\/\/gr1993records.com\/#website\"},\"primaryImageOfPage\":{\"@id\":\"https:\/\/gr1993records.com\/index.php\/product\/kovacs-ferenc-csizmadia-anna-anna-dalok-cd\/#primaryimage\"},\"image\":{\"@id\":\"https:\/\/gr1993records.com\/index.php\/product\/kovacs-ferenc-csizmadia-anna-anna-dalok-cd\/#primaryimage\"},\"thumbnailUrl\":\"https:\/\/gr1993records.com\/wp-content\/uploads\/2023\/09\/Kovacs_Ferenc_Anna_Dalok_FRONT.jpg\",\"datePublished\":\"2015-01-01T14:56:11+00:00\",\"dateModified\":\"2026-03-31T10:06:21+00:00\",\"description\":\"{:hu}A Gramy-H Kft 2001 \u00f3ta rendszeresen jelentkezik a Djabe trombit\u00e1s, heged\u0171s kiv\u00e1l\u00f3s\u00e1g\u00e1nak \u00e9letm\u0171 darabjaival. Magony form\u00e1ci\u00f3ja ez\u00fattal tri\u00f3, melyben Balogh K\u00e1lm\u00e1n cimbalom m\u0171v\u00e9sz \u00e9s Gayer Ferenc b\u0151g\u0151s a k\u00e9t zen\u00e9szt\u00e1rs. A f\u0151szerep azonban ez\u00fattal m\u00e9gsem Kov\u00e1cs \u00d6csi\u00e9, hanem a junior Prima Primissima d\u00edjas fiatal n\u00e9pdal\u00e9nekes Csizmadia Ann\u00e1\u00e9, aki 2012-ban megnyerte a F\u00f6lsz\u00e1llott a p\u00e1va n\u00e9pzenei tehets\u00e9gkutat\u00f3 versenyt a sz\u00f3l\u00f3 \u00e9nek \u00e9s hangszer kateg\u00f3ri\u00e1ban.Anna a gy\u00f6k\u00e9rzetet tartja fontosnak, melyb\u0151l az ember, \u00e9lete v\u00e9g\u00e9ig t\u00e1pl\u00e1lkozik. Az \u00e9let\u00fatj\u00e1t alapvet\u0151en befoly\u00e1solja, ennek a gy\u00f6k\u00e9rzetnek a megtart\u00f3 ereje.{:}\",\"breadcrumb\":{\"@id\":\"https:\/\/gr1993records.com\/index.php\/product\/kovacs-ferenc-csizmadia-anna-anna-dalok-cd\/#breadcrumb\"},\"inLanguage\":\"hu\",\"potentialAction\":[{\"@type\":\"ReadAction\",\"target\":[\"https:\/\/gr1993records.com\/index.php\/product\/kovacs-ferenc-csizmadia-anna-anna-dalok-cd\/\"]}]},{\"@type\":\"ImageObject\",\"inLanguage\":\"hu\",\"@id\":\"https:\/\/gr1993records.com\/index.php\/product\/kovacs-ferenc-csizmadia-anna-anna-dalok-cd\/#primaryimage\",\"url\":\"https:\/\/gr1993records.com\/wp-content\/uploads\/2023\/09\/Kovacs_Ferenc_Anna_Dalok_FRONT.jpg\",\"contentUrl\":\"https:\/\/gr1993records.com\/wp-content\/uploads\/2023\/09\/Kovacs_Ferenc_Anna_Dalok_FRONT.jpg\",\"width\":2017,\"height\":2000},{\"@type\":\"BreadcrumbList\",\"@id\":\"https:\/\/gr1993records.com\/index.php\/product\/kovacs-ferenc-csizmadia-anna-anna-dalok-cd\/#breadcrumb\",\"itemListElement\":[{\"@type\":\"ListItem\",\"position\":1,\"name\":\"Home\",\"item\":\"https:\/\/gr1993records.com\/\"},{\"@type\":\"ListItem\",\"position\":2,\"name\":\"Kiadv\u00e1nyok\",\"item\":\"https:\/\/gr1993records.com\/index.php\/shop\/\"},{\"@type\":\"ListItem\",\"position\":3,\"name\":\"Kov\u00e1cs Ferenc Csizmadia Anna Anna dalok CD\"}]},{\"@type\":\"WebSite\",\"@id\":\"https:\/\/gr1993records.com\/#website\",\"url\":\"https:\/\/gr1993records.com\/\",\"name\":\"GR1993 Records\",\"description\":\"\",\"publisher\":{\"@id\":\"https:\/\/gr1993records.com\/#organization\"},\"potentialAction\":[{\"@type\":\"SearchAction\",\"target\":{\"@type\":\"EntryPoint\",\"urlTemplate\":\"https:\/\/gr1993records.com\/?s={search_term_string}\"},\"query-input\":{\"@type\":\"PropertyValueSpecification\",\"valueRequired\":true,\"valueName\":\"search_term_string\"}}],\"inLanguage\":\"hu\"},{\"@type\":\"Organization\",\"@id\":\"https:\/\/gr1993records.com\/#organization\",\"name\":\"Gramy-H Ltd.\",\"url\":\"https:\/\/gr1993records.com\/\",\"logo\":{\"@type\":\"ImageObject\",\"inLanguage\":\"hu\",\"@id\":\"https:\/\/gr1993records.com\/#\/schema\/logo\/image\/\",\"url\":\"https:\/\/gr1993records.com\/wp-content\/uploads\/2019\/08\/GR1993_Records_logo_CC.png\",\"contentUrl\":\"https:\/\/gr1993records.com\/wp-content\/uploads\/2019\/08\/GR1993_Records_logo_CC.png\",\"width\":2900,\"height\":2001,\"caption\":\"Gramy-H Ltd.\"},\"image\":{\"@id\":\"https:\/\/gr1993records.com\/#\/schema\/logo\/image\/\"},\"sameAs\":[\"https:\/\/www.facebook.com\/GR1993Records-113564886691383\/\"]}]}<\/script>\n<!-- \/ Yoast SEO plugin. -->","yoast_head_json":{"title":"Kov\u00e1cs Ferenc Csizmadia Anna Anna dalok CD &#8211; GR1993 Records","description":"A Gramy-H Kft 2001 \u00f3ta rendszeresen jelentkezik a Djabe trombit\u00e1s, heged\u0171s kiv\u00e1l\u00f3s\u00e1g\u00e1nak \u00e9letm\u0171 darabjaival. Magony form\u00e1ci\u00f3ja ez\u00fattal tri\u00f3, melyben Balogh K\u00e1lm\u00e1n cimbalom m\u0171v\u00e9sz \u00e9s Gayer Ferenc b\u0151g\u0151s a k\u00e9t zen\u00e9szt\u00e1rs. A f\u0151szerep azonban ez\u00fattal m\u00e9gsem Kov\u00e1cs \u00d6csi\u00e9, hanem a junior Prima Primissima d\u00edjas fiatal n\u00e9pdal\u00e9nekes Csizmadia Ann\u00e1\u00e9, aki 2012-ban megnyerte a F\u00f6lsz\u00e1llott a p\u00e1va n\u00e9pzenei tehets\u00e9gkutat\u00f3 versenyt a sz\u00f3l\u00f3 \u00e9nek \u00e9s hangszer kateg\u00f3ri\u00e1ban.Anna a gy\u00f6k\u00e9rzetet tartja fontosnak, melyb\u0151l az ember, \u00e9lete v\u00e9g\u00e9ig t\u00e1pl\u00e1lkozik. Az \u00e9let\u00fatj\u00e1t alapvet\u0151en befoly\u00e1solja, ennek a gy\u00f6k\u00e9rzetnek a megtart\u00f3 ereje.","robots":{"index":"index","follow":"follow","max-snippet":"max-snippet:-1","max-image-preview":"max-image-preview:large","max-video-preview":"max-video-preview:-1"},"canonical":"https:\/\/gr1993records.com\/index.php\/product\/kovacs-ferenc-csizmadia-anna-anna-dalok-cd\/","og_locale":"hu_HU","og_type":"article","og_title":"GR1993 Records","og_description":"{:hu}A Gramy-H Kft 2001 \u00f3ta rendszeresen jelentkezik a Djabe trombit\u00e1s, heged\u0171s kiv\u00e1l\u00f3s\u00e1g\u00e1nak \u00e9letm\u0171 darabjaival. Magony form\u00e1ci\u00f3ja ez\u00fattal tri\u00f3, melyben Balogh K\u00e1lm\u00e1n cimbalom m\u0171v\u00e9sz \u00e9s Gayer Ferenc b\u0151g\u0151s a k\u00e9t zen\u00e9szt\u00e1rs. A f\u0151szerep azonban ez\u00fattal m\u00e9gsem Kov\u00e1cs \u00d6csi\u00e9, hanem a junior Prima Primissima d\u00edjas fiatal n\u00e9pdal\u00e9nekes Csizmadia Ann\u00e1\u00e9, aki 2012-ban megnyerte a F\u00f6lsz\u00e1llott a p\u00e1va n\u00e9pzenei tehets\u00e9gkutat\u00f3 versenyt a sz\u00f3l\u00f3 \u00e9nek \u00e9s hangszer kateg\u00f3ri\u00e1ban.Anna a gy\u00f6k\u00e9rzetet tartja fontosnak, melyb\u0151l az ember, \u00e9lete v\u00e9g\u00e9ig t\u00e1pl\u00e1lkozik. Az \u00e9let\u00fatj\u00e1t alapvet\u0151en befoly\u00e1solja, ennek a gy\u00f6k\u00e9rzetnek a megtart\u00f3 ereje.{:}","og_url":"https:\/\/gr1993records.com\/index.php\/product\/kovacs-ferenc-csizmadia-anna-anna-dalok-cd\/","og_site_name":"GR1993 Records","article_publisher":"https:\/\/www.facebook.com\/GR1993Records-113564886691383\/","article_modified_time":"2026-03-31T10:06:21+00:00","og_image":[{"width":2017,"height":2000,"url":"https:\/\/gr1993records.com\/wp-content\/uploads\/2023\/09\/Kovacs_Ferenc_Anna_Dalok_FRONT.jpg","type":"image\/jpeg"}],"twitter_card":"summary_large_image","twitter_title":"GR1993 Records","twitter_image":"https:\/\/gr1993records.com\/wp-content\/uploads\/2023\/09\/Kovacs_Ferenc_Anna_Dalok_FRONT.jpg","twitter_misc":{"Becs\u00fclt olvas\u00e1si id\u0151":"3 perc"},"schema":{"@context":"https:\/\/schema.org","@graph":[{"@type":"WebPage","@id":"https:\/\/gr1993records.com\/index.php\/product\/kovacs-ferenc-csizmadia-anna-anna-dalok-cd\/","url":"https:\/\/gr1993records.com\/index.php\/product\/kovacs-ferenc-csizmadia-anna-anna-dalok-cd\/","name":"Kov\u00e1cs Ferenc Csizmadia Anna Anna dalok CD &#8211; GR1993 Records","isPartOf":{"@id":"https:\/\/gr1993records.com\/#website"},"primaryImageOfPage":{"@id":"https:\/\/gr1993records.com\/index.php\/product\/kovacs-ferenc-csizmadia-anna-anna-dalok-cd\/#primaryimage"},"image":{"@id":"https:\/\/gr1993records.com\/index.php\/product\/kovacs-ferenc-csizmadia-anna-anna-dalok-cd\/#primaryimage"},"thumbnailUrl":"https:\/\/gr1993records.com\/wp-content\/uploads\/2023\/09\/Kovacs_Ferenc_Anna_Dalok_FRONT.jpg","datePublished":"2015-01-01T14:56:11+00:00","dateModified":"2026-03-31T10:06:21+00:00","description":"{:hu}A Gramy-H Kft 2001 \u00f3ta rendszeresen jelentkezik a Djabe trombit\u00e1s, heged\u0171s kiv\u00e1l\u00f3s\u00e1g\u00e1nak \u00e9letm\u0171 darabjaival. Magony form\u00e1ci\u00f3ja ez\u00fattal tri\u00f3, melyben Balogh K\u00e1lm\u00e1n cimbalom m\u0171v\u00e9sz \u00e9s Gayer Ferenc b\u0151g\u0151s a k\u00e9t zen\u00e9szt\u00e1rs. A f\u0151szerep azonban ez\u00fattal m\u00e9gsem Kov\u00e1cs \u00d6csi\u00e9, hanem a junior Prima Primissima d\u00edjas fiatal n\u00e9pdal\u00e9nekes Csizmadia Ann\u00e1\u00e9, aki 2012-ban megnyerte a F\u00f6lsz\u00e1llott a p\u00e1va n\u00e9pzenei tehets\u00e9gkutat\u00f3 versenyt a sz\u00f3l\u00f3 \u00e9nek \u00e9s hangszer kateg\u00f3ri\u00e1ban.Anna a gy\u00f6k\u00e9rzetet tartja fontosnak, melyb\u0151l az ember, \u00e9lete v\u00e9g\u00e9ig t\u00e1pl\u00e1lkozik. Az \u00e9let\u00fatj\u00e1t alapvet\u0151en befoly\u00e1solja, ennek a gy\u00f6k\u00e9rzetnek a megtart\u00f3 ereje.{:}","breadcrumb":{"@id":"https:\/\/gr1993records.com\/index.php\/product\/kovacs-ferenc-csizmadia-anna-anna-dalok-cd\/#breadcrumb"},"inLanguage":"hu","potentialAction":[{"@type":"ReadAction","target":["https:\/\/gr1993records.com\/index.php\/product\/kovacs-ferenc-csizmadia-anna-anna-dalok-cd\/"]}]},{"@type":"ImageObject","inLanguage":"hu","@id":"https:\/\/gr1993records.com\/index.php\/product\/kovacs-ferenc-csizmadia-anna-anna-dalok-cd\/#primaryimage","url":"https:\/\/gr1993records.com\/wp-content\/uploads\/2023\/09\/Kovacs_Ferenc_Anna_Dalok_FRONT.jpg","contentUrl":"https:\/\/gr1993records.com\/wp-content\/uploads\/2023\/09\/Kovacs_Ferenc_Anna_Dalok_FRONT.jpg","width":2017,"height":2000},{"@type":"BreadcrumbList","@id":"https:\/\/gr1993records.com\/index.php\/product\/kovacs-ferenc-csizmadia-anna-anna-dalok-cd\/#breadcrumb","itemListElement":[{"@type":"ListItem","position":1,"name":"Home","item":"https:\/\/gr1993records.com\/"},{"@type":"ListItem","position":2,"name":"Kiadv\u00e1nyok","item":"https:\/\/gr1993records.com\/index.php\/shop\/"},{"@type":"ListItem","position":3,"name":"Kov\u00e1cs Ferenc Csizmadia Anna Anna dalok CD"}]},{"@type":"WebSite","@id":"https:\/\/gr1993records.com\/#website","url":"https:\/\/gr1993records.com\/","name":"GR1993 Records","description":"","publisher":{"@id":"https:\/\/gr1993records.com\/#organization"},"potentialAction":[{"@type":"SearchAction","target":{"@type":"EntryPoint","urlTemplate":"https:\/\/gr1993records.com\/?s={search_term_string}"},"query-input":{"@type":"PropertyValueSpecification","valueRequired":true,"valueName":"search_term_string"}}],"inLanguage":"hu"},{"@type":"Organization","@id":"https:\/\/gr1993records.com\/#organization","name":"Gramy-H Ltd.","url":"https:\/\/gr1993records.com\/","logo":{"@type":"ImageObject","inLanguage":"hu","@id":"https:\/\/gr1993records.com\/#\/schema\/logo\/image\/","url":"https:\/\/gr1993records.com\/wp-content\/uploads\/2019\/08\/GR1993_Records_logo_CC.png","contentUrl":"https:\/\/gr1993records.com\/wp-content\/uploads\/2019\/08\/GR1993_Records_logo_CC.png","width":2900,"height":2001,"caption":"Gramy-H Ltd."},"image":{"@id":"https:\/\/gr1993records.com\/#\/schema\/logo\/image\/"},"sameAs":["https:\/\/www.facebook.com\/GR1993Records-113564886691383\/"]}]}},"jetpack_sharing_enabled":true,"_links":{"self":[{"href":"https:\/\/gr1993records.com\/index.php\/wp-json\/wp\/v2\/product\/7033","targetHints":{"allow":["GET"]}}],"collection":[{"href":"https:\/\/gr1993records.com\/index.php\/wp-json\/wp\/v2\/product"}],"about":[{"href":"https:\/\/gr1993records.com\/index.php\/wp-json\/wp\/v2\/types\/product"}],"wp:featuredmedia":[{"embeddable":true,"href":"https:\/\/gr1993records.com\/index.php\/wp-json\/wp\/v2\/media\/7034"}],"wp:attachment":[{"href":"https:\/\/gr1993records.com\/index.php\/wp-json\/wp\/v2\/media?parent=7033"}],"wp:term":[{"taxonomy":"product_brand","embeddable":true,"href":"https:\/\/gr1993records.com\/index.php\/wp-json\/wp\/v2\/product_brand?post=7033"},{"taxonomy":"product_cat","embeddable":true,"href":"https:\/\/gr1993records.com\/index.php\/wp-json\/wp\/v2\/product_cat?post=7033"},{"taxonomy":"product_tag","embeddable":true,"href":"https:\/\/gr1993records.com\/index.php\/wp-json\/wp\/v2\/product_tag?post=7033"}],"curies":[{"name":"wp","href":"https:\/\/api.w.org\/{rel}","templated":true}]}}