{"id":6983,"date":"2023-08-30T11:14:26","date_gmt":"2023-08-30T09:14:26","guid":{"rendered":"https:\/\/gr1993records.com\/?post_type=product&#038;p=6983"},"modified":"2026-03-31T10:09:40","modified_gmt":"2026-03-31T08:09:40","slug":"elsa-valleuniversocd","status":"publish","type":"product","link":"https:\/\/gr1993records.com\/index.php\/product\/elsa-valleuniversocd\/","title":{"rendered":"Elsa Vall\u00e9 <br>Universo <br>CD"},"content":{"rendered":"<p>[vc_row][vc_column][vc_column_text]<a href=\"https:\/\/gr1993records.com\/index.php\/elsa-valle\/\"><strong>Elsa Valle<\/strong><\/a> \u00e9nekes-m\u0171v\u00e9szn\u0151 Kub\u00e1ban sz\u00fcletett, jelenleg Budapesten \u00e9l. A legrangosabb havannai zenem\u0171v\u00e9szeti iskola elv\u00e9gz\u00e9se ut\u00e1n r\u00f6gt\u00f6n a h\u00edres havannai Tropicana-ban kapta els\u0151 elismer\u00e9s\u00e9t. Ezt k\u00f6vet\u0151en a legismertebb kubai \u00e9s d\u00e9l-amerikai fesztiv\u00e1lokon l\u00e9pett fel. Kiugr\u00f3 sikere volt az egyik legh\u00edresebb kubai fesztiv\u00e1lon, a &#8220;Boleros De Oro&#8221;-n. A k\u00f6z\u00f6ns\u00e9g, \u00e9s a szakma is a sz\u00edv\u00e9be z\u00e1rta. D\u00e9l- amerik\u00e1n k\u00edv\u00fcl term\u00e9szetesen Eur\u00f3p\u00e1t is bej\u00e1rta sz\u00e1mos turn\u00e9 keret\u00e9ben. St\u00edlus\u00e1t m\u00e9lt\u00e1n nevezhetj\u00fck a tradicion\u00e1lis \u00e9s a mai kort\u00e1rs kubai \u00e9nekl\u00e9s \u00e9rdekes \u00e9s fantasztikus kevered\u00e9s\u00e9nek.<\/p>\n<p>Hangja, \u00e9nekst\u00edlusa egyszerre \u00e9rz\u00e9ki, melankolikus, \u00e9s robban\u00e9konyan improvizat\u00edv. T\u00f6bb m\u0171fajban is j\u00e1rtas, hiszen egy\u00fctt j\u00e1tszott olyan h\u00edres spanyol flamenco zen\u00e9szekkel, mint Jose Luis Monton, Estremeno, \u00e9s bizony\u00edtotta tehets\u00e9g\u00e9t a legend\u00e1s &#8220;Buena Vista Social Club&#8221;, \u00e9s a Septeo Nacional el\u0151tt. Elsa 10 \u00e9ve \u00e9l Magyarorsz\u00e1gon. Ez id\u0151 alatt sz\u00e1mos fesztiv\u00e1lon \u00e9s sz\u00ednpadon l\u00e9pett fel \u00e9s dolgozott a hazai jazz\u00e9let kiv\u00e1l\u00f3s\u00e1gaival.<\/p>\n<p>1994-ben az EXODUS c\u00edm\u0171 magyar filmhez kompon\u00e1lt zen\u00e9t. Ugyanebben az \u00e9vben szerepet kapott a Gyarmati L\u00edvia rendezte &#8220;Sz\u00f6k\u00e9s&#8221; c\u00edm\u0171 filmben. 1998-ban elnyerte a LYRA Fesztiv\u00e1l k\u00fcl\u00f6ndij\u00e1t.<\/p>\n<p>Elsa Vall\u00e9 els\u0151 Gramy Records gondoz\u00e1s\u00e1ban megjelent lemeze, az &#8220;UNIVERSO&#8221;, k\u00fcl\u00f6nb\u00f6z\u0151 zenei kult\u00far\u00e1khoz ny\u00falik vissza: A nagy &#8220;Univerzum&#8221; a r\u00e9gi, \u0151si zenei kult\u00far\u00e1k \u00f6sszefoglal\u00f3ja, meg\u00faj\u00edtva, felfriss\u00edtve mai hangk\u00e9ppel.<\/p>\n<p>A Cd-n Elsa Valle saj\u00e1t dalaival tolm\u00e1csolja fel\u00e9nk ennek az &#8220;Univerzumnak&#8221; a soksz\u00edn\u0171s\u00e9g\u00e9t, v\u00e1ltozatoss\u00e1g\u00e1t, hatalmass\u00e1g\u00e1t, melybe, ha bepillantunk, \u00e9s elm\u00e9ly\u00fcl\u00fcnk benne, az \u00f6nmagunkban rejl\u0151 soksz\u00edn\u0171s\u00e9g, azaz saj\u00e1t magunk t\u00fck\u00f6rk\u00e9pe k\u00f6sz\u00f6n vissza.<\/p>\n<p>A CD felv\u00e9tel\u00e9hez kiv\u00e1l\u00f3 zen\u00e9szeket siker\u00fclt megnyerni.<\/p>\n<p><strong>Ramon Valle &#8211; zongora<\/strong><br \/>\nVil\u00e1gh\u00edr\u0171 kubai zongorista, aki szerzem\u00e9nyeivel, j\u00e1t\u00e9k\u00e1val bej\u00e1rta a vil\u00e1got. Chucho Valdezzel, Horacio El Negro Hernandezzel, Roy Hargrove-val j\u00e1tszott sz\u00e1mos nemzetk\u00f6zi fesztiv\u00e1lon, kirobban\u00f3 sikerrel.<\/p>\n<p><strong>Omar Rodriguez Calvo &#8211; b\u0151g\u0151<\/strong><br \/>\nNemzetk\u00f6zileg elismert kubai m\u0171v\u00e9sz. Sz\u00e1mtalan form\u00e1ci\u00f3ban sz\u00e1m\u00edtanak biztos j\u00e1t\u00e9k\u00e1ra, a Ramon Valle tri\u00f3 oszlopos tagja.<\/p>\n<p><strong>Joe Quitzke &#8211; dob<\/strong><br \/>\nAz elismert francia dobos a p\u00e1rizsi, francia jazz \u00e9let egyik legkiemelked\u0151bb m\u0171v\u00e9sze, a francia kort\u00e1rs jazz jelent\u0151s k\u00e9pvisel\u0151je.<\/p>\n<p><strong>Winand G\u00e1bor (1964-2021) &#8211; szaxofon, fuvola, \u00e9nek<\/strong><br \/>\nHaz\u00e1nk vezet\u0151 jazz \u00e9nekese volt. T\u00f6bb nemzetk\u00f6zi d\u00edj tulajdonosa.<\/p>\n<p><strong>Csepregi Gyula (1958-2014) \u2013 szaxofon<\/strong><br \/>\nLiszt d\u00edjas szaxofonm\u0171v\u00e9sz, az itthoni jazz \u00e9let egyik vezet\u0151 szaxofonosa volt hal\u00e1l\u00e1ig.[\/vc_column_text][vc_empty_space height=&#8221;30px&#8221;][vc_single_image image=&#8221;6985&#8243; img_size=&#8221;full&#8221; alignment=&#8221;center&#8221;][vc_column_text]<\/p>\n<h3 style=\"text-align: center;\"><strong>Tracklist<\/strong><\/h3>\n<p>[\/vc_column_text][\/vc_column][\/vc_row][vc_row][vc_column][vc_column_text]<\/p>\n<p style=\"text-align: center;\">1. Amigos 07.51<br \/>\n2. Nana Pati 06.05<br \/>\n3. Dame la mano 03.23<br \/>\n4. Lamento 05.18<br \/>\n5. Manitas Vacias 07.41<br \/>\n6. Pan Caliente 05.42<br \/>\n7. Quatro Negrito 05.45<br \/>\n8. Sentimental 06.04<br \/>\n9. Tatai 05.36<br \/>\n10. Universo 05.03<br \/>\n11. Vida 07.23<br \/>\n12. Zapatico blanco 04.22<\/p>\n<p>[\/vc_column_text][\/vc_column][\/vc_row][vc_row][vc_column][vc_column_text]<\/p>\n<h4 style=\"text-align: center;\"><strong>Musicians:<\/strong><\/h4>\n<p style=\"text-align: center;\">Ramon Valle &#8211; zongora<br \/>\nOmar Rodriguez Calvo &#8211; b\u0151g\u0151<br \/>\nJoe Quitzke &#8211; dob<br \/>\nWinand G\u00e1bor &#8211; szaxofon, fuvola, \u00e9nek<br \/>\nCsepregi Gyula \u2013 szaxofon<\/p>\n<p>[\/vc_column_text][\/vc_column][\/vc_row]<\/p>\n","protected":false},"excerpt":{"rendered":"<p>[vc_row][vc_column][vc_column_text]Elsa Valle \u00e9nekes-m\u0171v\u00e9szn\u0151 Kub\u00e1ban sz\u00fcletett, jelenleg Budapesten \u00e9l. A legrangosabb havannai zenem\u0171v\u00e9szeti iskola elv\u00e9gz\u00e9se ut\u00e1n r\u00f6gt\u00f6n a h\u00edres havannai Tropicana-ban kapta els\u0151 elismer\u00e9s\u00e9t. Ezt k\u00f6vet\u0151en a legismertebb kubai \u00e9s d\u00e9l-amerikai fesztiv\u00e1lokon l\u00e9pett fel. Kiugr\u00f3 sikere volt az egyik legh\u00edresebb kubai fesztiv\u00e1lon, a &#8220;Boleros De Oro&#8221;-n. A k\u00f6z\u00f6ns\u00e9g, \u00e9s a szakma is a sz\u00edv\u00e9be z\u00e1rta. D\u00e9l- [&hellip;]<\/p>\n","protected":false},"featured_media":6984,"template":"","meta":[],"product_brand":[],"product_cat":[92],"product_tag":[433],"class_list":{"0":"post-6983","1":"product","2":"type-product","3":"status-publish","4":"has-post-thumbnail","6":"product_cat-cd","7":"product_tag-elsa-valle","8":"yith_product_brand-elsa-valle","9":"col-12 col-sm-6 col-md-4","11":"first","12":"instock","13":"sale","14":"shipping-taxable","15":"purchasable","16":"product-type-simple"},"yoast_head":"<!-- This site is optimized with the Yoast SEO plugin v27.2 - https:\/\/yoast.com\/product\/yoast-seo-wordpress\/ -->\n<title>Elsa Vall\u00e9 Universo CD &#8211; GR1993 Records<\/title>\n<meta name=\"robots\" content=\"index, follow, max-snippet:-1, max-image-preview:large, max-video-preview:-1\" \/>\n<link rel=\"canonical\" href=\"https:\/\/gr1993records.com\/index.php\/product\/elsa-valleuniversocd\/\" \/>\n<meta property=\"og:locale\" content=\"hu_HU\" \/>\n<meta property=\"og:type\" content=\"article\" \/>\n<meta property=\"og:title\" content=\"GR1993 Records\" \/>\n<meta property=\"og:description\" content=\"[vc_row][vc_column][vc_column_text]Elsa Valle \u00e9nekes-m\u0171v\u00e9szn\u0151 Kub\u00e1ban sz\u00fcletett, jelenleg Budapesten \u00e9l. A legrangosabb havannai zenem\u0171v\u00e9szeti iskola elv\u00e9gz\u00e9se ut\u00e1n r\u00f6gt\u00f6n a h\u00edres havannai Tropicana-ban kapta els\u0151 elismer\u00e9s\u00e9t. Ezt k\u00f6vet\u0151en a legismertebb kubai \u00e9s d\u00e9l-amerikai fesztiv\u00e1lokon l\u00e9pett fel. Kiugr\u00f3 sikere volt az egyik legh\u00edresebb kubai fesztiv\u00e1lon, a &#8220;Boleros De Oro&#8221;-n. A k\u00f6z\u00f6ns\u00e9g, \u00e9s a szakma is a sz\u00edv\u00e9be z\u00e1rta. D\u00e9l- [&hellip;]\" \/>\n<meta property=\"og:url\" content=\"https:\/\/gr1993records.com\/index.php\/product\/elsa-valleuniversocd\/\" \/>\n<meta property=\"og:site_name\" content=\"GR1993 Records\" \/>\n<meta property=\"article:publisher\" content=\"https:\/\/www.facebook.com\/GR1993Records-113564886691383\/\" \/>\n<meta property=\"article:modified_time\" content=\"2026-03-31T08:09:40+00:00\" \/>\n<meta property=\"og:image\" content=\"https:\/\/gr1993records.com\/wp-content\/uploads\/2023\/08\/Elsa_Valle_Universo_front.jpg\" \/>\n\t<meta property=\"og:image:width\" content=\"2000\" \/>\n\t<meta property=\"og:image:height\" content=\"1785\" \/>\n\t<meta property=\"og:image:type\" content=\"image\/jpeg\" \/>\n<meta name=\"twitter:card\" content=\"summary_large_image\" \/>\n<meta name=\"twitter:title\" content=\"GR1993 Records\" \/>\n<meta name=\"twitter:image\" content=\"https:\/\/gr1993records.com\/wp-content\/uploads\/2023\/08\/Elsa_Valle_Universo_front.jpg\" \/>\n<meta name=\"twitter:label1\" content=\"Becs\u00fclt olvas\u00e1si id\u0151\" \/>\n\t<meta name=\"twitter:data1\" content=\"3 perc\" \/>\n<script type=\"application\/ld+json\" class=\"yoast-schema-graph\">{\"@context\":\"https:\/\/schema.org\",\"@graph\":[{\"@type\":\"WebPage\",\"@id\":\"https:\/\/gr1993records.com\/index.php\/product\/elsa-valleuniversocd\/\",\"url\":\"https:\/\/gr1993records.com\/index.php\/product\/elsa-valleuniversocd\/\",\"name\":\"Elsa Vall\u00e9 Universo CD &#8211; GR1993 Records\",\"isPartOf\":{\"@id\":\"https:\/\/gr1993records.com\/#website\"},\"primaryImageOfPage\":{\"@id\":\"https:\/\/gr1993records.com\/index.php\/product\/elsa-valleuniversocd\/#primaryimage\"},\"image\":{\"@id\":\"https:\/\/gr1993records.com\/index.php\/product\/elsa-valleuniversocd\/#primaryimage\"},\"thumbnailUrl\":\"https:\/\/gr1993records.com\/wp-content\/uploads\/2023\/08\/Elsa_Valle_Universo_front.jpg\",\"datePublished\":\"2023-08-30T09:14:26+00:00\",\"dateModified\":\"2026-03-31T08:09:40+00:00\",\"breadcrumb\":{\"@id\":\"https:\/\/gr1993records.com\/index.php\/product\/elsa-valleuniversocd\/#breadcrumb\"},\"inLanguage\":\"hu\",\"potentialAction\":[{\"@type\":\"ReadAction\",\"target\":[\"https:\/\/gr1993records.com\/index.php\/product\/elsa-valleuniversocd\/\"]}]},{\"@type\":\"ImageObject\",\"inLanguage\":\"hu\",\"@id\":\"https:\/\/gr1993records.com\/index.php\/product\/elsa-valleuniversocd\/#primaryimage\",\"url\":\"https:\/\/gr1993records.com\/wp-content\/uploads\/2023\/08\/Elsa_Valle_Universo_front.jpg\",\"contentUrl\":\"https:\/\/gr1993records.com\/wp-content\/uploads\/2023\/08\/Elsa_Valle_Universo_front.jpg\",\"width\":2000,\"height\":1785},{\"@type\":\"BreadcrumbList\",\"@id\":\"https:\/\/gr1993records.com\/index.php\/product\/elsa-valleuniversocd\/#breadcrumb\",\"itemListElement\":[{\"@type\":\"ListItem\",\"position\":1,\"name\":\"Home\",\"item\":\"https:\/\/gr1993records.com\/\"},{\"@type\":\"ListItem\",\"position\":2,\"name\":\"Kiadv\u00e1nyok\",\"item\":\"https:\/\/gr1993records.com\/index.php\/shop\/\"},{\"@type\":\"ListItem\",\"position\":3,\"name\":\"Elsa Vall\u00e9 Universo CD\"}]},{\"@type\":\"WebSite\",\"@id\":\"https:\/\/gr1993records.com\/#website\",\"url\":\"https:\/\/gr1993records.com\/\",\"name\":\"GR1993 Records\",\"description\":\"\",\"publisher\":{\"@id\":\"https:\/\/gr1993records.com\/#organization\"},\"potentialAction\":[{\"@type\":\"SearchAction\",\"target\":{\"@type\":\"EntryPoint\",\"urlTemplate\":\"https:\/\/gr1993records.com\/?s={search_term_string}\"},\"query-input\":{\"@type\":\"PropertyValueSpecification\",\"valueRequired\":true,\"valueName\":\"search_term_string\"}}],\"inLanguage\":\"hu\"},{\"@type\":\"Organization\",\"@id\":\"https:\/\/gr1993records.com\/#organization\",\"name\":\"Gramy-H Ltd.\",\"url\":\"https:\/\/gr1993records.com\/\",\"logo\":{\"@type\":\"ImageObject\",\"inLanguage\":\"hu\",\"@id\":\"https:\/\/gr1993records.com\/#\/schema\/logo\/image\/\",\"url\":\"https:\/\/gr1993records.com\/wp-content\/uploads\/2019\/08\/GR1993_Records_logo_CC.png\",\"contentUrl\":\"https:\/\/gr1993records.com\/wp-content\/uploads\/2019\/08\/GR1993_Records_logo_CC.png\",\"width\":2900,\"height\":2001,\"caption\":\"Gramy-H Ltd.\"},\"image\":{\"@id\":\"https:\/\/gr1993records.com\/#\/schema\/logo\/image\/\"},\"sameAs\":[\"https:\/\/www.facebook.com\/GR1993Records-113564886691383\/\"]}]}<\/script>\n<!-- \/ Yoast SEO plugin. -->","yoast_head_json":{"title":"Elsa Vall\u00e9 Universo CD &#8211; GR1993 Records","robots":{"index":"index","follow":"follow","max-snippet":"max-snippet:-1","max-image-preview":"max-image-preview:large","max-video-preview":"max-video-preview:-1"},"canonical":"https:\/\/gr1993records.com\/index.php\/product\/elsa-valleuniversocd\/","og_locale":"hu_HU","og_type":"article","og_title":"GR1993 Records","og_description":"[vc_row][vc_column][vc_column_text]Elsa Valle \u00e9nekes-m\u0171v\u00e9szn\u0151 Kub\u00e1ban sz\u00fcletett, jelenleg Budapesten \u00e9l. A legrangosabb havannai zenem\u0171v\u00e9szeti iskola elv\u00e9gz\u00e9se ut\u00e1n r\u00f6gt\u00f6n a h\u00edres havannai Tropicana-ban kapta els\u0151 elismer\u00e9s\u00e9t. Ezt k\u00f6vet\u0151en a legismertebb kubai \u00e9s d\u00e9l-amerikai fesztiv\u00e1lokon l\u00e9pett fel. Kiugr\u00f3 sikere volt az egyik legh\u00edresebb kubai fesztiv\u00e1lon, a &#8220;Boleros De Oro&#8221;-n. A k\u00f6z\u00f6ns\u00e9g, \u00e9s a szakma is a sz\u00edv\u00e9be z\u00e1rta. D\u00e9l- [&hellip;]","og_url":"https:\/\/gr1993records.com\/index.php\/product\/elsa-valleuniversocd\/","og_site_name":"GR1993 Records","article_publisher":"https:\/\/www.facebook.com\/GR1993Records-113564886691383\/","article_modified_time":"2026-03-31T08:09:40+00:00","og_image":[{"width":2000,"height":1785,"url":"https:\/\/gr1993records.com\/wp-content\/uploads\/2023\/08\/Elsa_Valle_Universo_front.jpg","type":"image\/jpeg"}],"twitter_card":"summary_large_image","twitter_title":"GR1993 Records","twitter_image":"https:\/\/gr1993records.com\/wp-content\/uploads\/2023\/08\/Elsa_Valle_Universo_front.jpg","twitter_misc":{"Becs\u00fclt olvas\u00e1si id\u0151":"3 perc"},"schema":{"@context":"https:\/\/schema.org","@graph":[{"@type":"WebPage","@id":"https:\/\/gr1993records.com\/index.php\/product\/elsa-valleuniversocd\/","url":"https:\/\/gr1993records.com\/index.php\/product\/elsa-valleuniversocd\/","name":"Elsa Vall\u00e9 Universo CD &#8211; GR1993 Records","isPartOf":{"@id":"https:\/\/gr1993records.com\/#website"},"primaryImageOfPage":{"@id":"https:\/\/gr1993records.com\/index.php\/product\/elsa-valleuniversocd\/#primaryimage"},"image":{"@id":"https:\/\/gr1993records.com\/index.php\/product\/elsa-valleuniversocd\/#primaryimage"},"thumbnailUrl":"https:\/\/gr1993records.com\/wp-content\/uploads\/2023\/08\/Elsa_Valle_Universo_front.jpg","datePublished":"2023-08-30T09:14:26+00:00","dateModified":"2026-03-31T08:09:40+00:00","breadcrumb":{"@id":"https:\/\/gr1993records.com\/index.php\/product\/elsa-valleuniversocd\/#breadcrumb"},"inLanguage":"hu","potentialAction":[{"@type":"ReadAction","target":["https:\/\/gr1993records.com\/index.php\/product\/elsa-valleuniversocd\/"]}]},{"@type":"ImageObject","inLanguage":"hu","@id":"https:\/\/gr1993records.com\/index.php\/product\/elsa-valleuniversocd\/#primaryimage","url":"https:\/\/gr1993records.com\/wp-content\/uploads\/2023\/08\/Elsa_Valle_Universo_front.jpg","contentUrl":"https:\/\/gr1993records.com\/wp-content\/uploads\/2023\/08\/Elsa_Valle_Universo_front.jpg","width":2000,"height":1785},{"@type":"BreadcrumbList","@id":"https:\/\/gr1993records.com\/index.php\/product\/elsa-valleuniversocd\/#breadcrumb","itemListElement":[{"@type":"ListItem","position":1,"name":"Home","item":"https:\/\/gr1993records.com\/"},{"@type":"ListItem","position":2,"name":"Kiadv\u00e1nyok","item":"https:\/\/gr1993records.com\/index.php\/shop\/"},{"@type":"ListItem","position":3,"name":"Elsa Vall\u00e9 Universo CD"}]},{"@type":"WebSite","@id":"https:\/\/gr1993records.com\/#website","url":"https:\/\/gr1993records.com\/","name":"GR1993 Records","description":"","publisher":{"@id":"https:\/\/gr1993records.com\/#organization"},"potentialAction":[{"@type":"SearchAction","target":{"@type":"EntryPoint","urlTemplate":"https:\/\/gr1993records.com\/?s={search_term_string}"},"query-input":{"@type":"PropertyValueSpecification","valueRequired":true,"valueName":"search_term_string"}}],"inLanguage":"hu"},{"@type":"Organization","@id":"https:\/\/gr1993records.com\/#organization","name":"Gramy-H Ltd.","url":"https:\/\/gr1993records.com\/","logo":{"@type":"ImageObject","inLanguage":"hu","@id":"https:\/\/gr1993records.com\/#\/schema\/logo\/image\/","url":"https:\/\/gr1993records.com\/wp-content\/uploads\/2019\/08\/GR1993_Records_logo_CC.png","contentUrl":"https:\/\/gr1993records.com\/wp-content\/uploads\/2019\/08\/GR1993_Records_logo_CC.png","width":2900,"height":2001,"caption":"Gramy-H Ltd."},"image":{"@id":"https:\/\/gr1993records.com\/#\/schema\/logo\/image\/"},"sameAs":["https:\/\/www.facebook.com\/GR1993Records-113564886691383\/"]}]}},"jetpack_sharing_enabled":true,"_links":{"self":[{"href":"https:\/\/gr1993records.com\/index.php\/wp-json\/wp\/v2\/product\/6983","targetHints":{"allow":["GET"]}}],"collection":[{"href":"https:\/\/gr1993records.com\/index.php\/wp-json\/wp\/v2\/product"}],"about":[{"href":"https:\/\/gr1993records.com\/index.php\/wp-json\/wp\/v2\/types\/product"}],"wp:featuredmedia":[{"embeddable":true,"href":"https:\/\/gr1993records.com\/index.php\/wp-json\/wp\/v2\/media\/6984"}],"wp:attachment":[{"href":"https:\/\/gr1993records.com\/index.php\/wp-json\/wp\/v2\/media?parent=6983"}],"wp:term":[{"taxonomy":"product_brand","embeddable":true,"href":"https:\/\/gr1993records.com\/index.php\/wp-json\/wp\/v2\/product_brand?post=6983"},{"taxonomy":"product_cat","embeddable":true,"href":"https:\/\/gr1993records.com\/index.php\/wp-json\/wp\/v2\/product_cat?post=6983"},{"taxonomy":"product_tag","embeddable":true,"href":"https:\/\/gr1993records.com\/index.php\/wp-json\/wp\/v2\/product_tag?post=6983"}],"curies":[{"name":"wp","href":"https:\/\/api.w.org\/{rel}","templated":true}]}}