{"id":6942,"date":"2023-08-11T14:35:27","date_gmt":"2023-08-11T12:35:27","guid":{"rendered":"https:\/\/gr1993records.com\/?post_type=product&#038;p=6942"},"modified":"2026-03-31T10:11:17","modified_gmt":"2026-03-31T08:11:17","slug":"gabor-vermes-group-slap-the-bass","status":"publish","type":"product","link":"https:\/\/gr1993records.com\/index.php\/product\/gabor-vermes-group-slap-the-bass\/","title":{"rendered":"G\u00e1bor Vermes Group <br>Slap the bass <br>CD"},"content":{"rendered":"<p>[vc_row][vc_column][vc_column_text]<a href=\"https:\/\/gr1993records.com\/index.php\/eloadok\/vermes-gabor\/\"><strong>Vermes G\u00e1bor<\/strong><\/a> basszusgit\u00e1ros megsz\u00e1ml\u00e1lhatatlan produkci\u00f3ban biztos\u00edtotta a stabil alapot k\u00fcl\u00f6nf\u00e9le st\u00edlus\u00fa el\u0151ad\u00f3k sz\u00e1m\u00e1ra. \u0150 maga a groovos, funky ihlet\u00e9s\u0171 zen\u00e9t szereti legjobban, hiszen szerzem\u00e9nyei is err\u0151l tan\u00faskodnak. A st\u00edlusba j\u00f3l illeszked\u0151 slappel\u0151s j\u00e1t\u00e9k\u00e1nak magas sz\u00ednvonal\u00e1r\u00f3l karakteresen gy\u0151z meg minket az albumon. Kompoz\u00edci\u00f3i kiemelkednek a hazai mez\u0151nyb\u0151l, ahol nem is nagyon sz\u00fclettek hozz\u00e1 hasonl\u00f3 sz\u00ednvonal\u00fa felv\u00e9telek ebben a m\u0171fajban. A lemezen basszusgit\u00e1r-k\u00f6zpont\u00fa, groove-os, a dallamoss\u00e1got meg\u0151rz\u0151, r\u00e9szben vok\u00e1lis, r\u00e9szben instrument\u00e1lis dalok hallhat\u00f3ak, melyekben felismerhet\u0151ek a szerz\u0151 \u00e1ltal kedvelt st\u00edlusjegyek.<\/p>\n<p>Az elk\u00e9sz\u00fclt zenei anyag f\u00e9ny\u00e9t mi sem emelhetn\u00e9 jobban, mint a felv\u00e9telek sor\u00e1n k\u00f6zrem\u0171k\u00f6d\u0151 elismert zen\u00e9szek sora, akikkel \u00f6sszhangban tudott a szerz\u0151 dolgozni. Kor\u00e1bban t\u00f6bb k\u00f6z\u00f6s form\u00e1ci\u00f3 hozta \u0151ket \u00f6ssze \u00e9vek, \u00e9vtizedek alatt.[\/vc_column_text][vc_empty_space height=&#8221;30px&#8221;][vc_single_image image=&#8221;6944&#8243; img_size=&#8221;full&#8221; alignment=&#8221;center&#8221;][vc_column_text]<\/p>\n<h3 style=\"text-align: center;\"><strong>Tracklista<\/strong><\/h3>\n<p>[\/vc_column_text][\/vc_column][\/vc_row][vc_row][vc_column][vc_column_text]<\/p>\n<p style=\"text-align: center;\">Chill out 03:09<br \/>\nLook up 04:52<br \/>\nSlap the bass 03:26<br \/>\nBrothers jam 03:16<br \/>\nUnsent 05:27<br \/>\nRun out of town 04:55<br \/>\nOn my way to you 04:24<br \/>\nTime zone groove 06:29<br \/>\nWudu mudu 04:07<br \/>\nShakin the night a way 04:31<br \/>\nNew morning 05:10<\/p>\n<p>[\/vc_column_text][\/vc_column][\/vc_row][vc_row][vc_column][vc_column_text]<\/p>\n<h4 style=\"text-align: center;\"><strong>K\u00f6zrem\u0171k\u00f6d\u0151k:<\/strong><\/h4>\n<p style=\"text-align: center;\">Vermes G\u00e1bor \u2013 basszusgit\u00e1r, git\u00e1r, billenyty\u0171s hangszerek<br \/>\nBalogh L\u00e1szl\u00f3 \u2013 dobok<br \/>\nBanai Szil\u00e1rd \u2013 dobok<br \/>\nVermes L\u00e1szl\u00f3 \u2013 dobok<br \/>\nJ\u00e1nky Zsolt \u2013 dobok<br \/>\nEmmer P\u00e9ter \u2013 git\u00e1r<br \/>\nKiss Attila \u2013 git\u00e1r<br \/>\nVoz\u00e1r Tam\u00e1s \u2013 git\u00e1r<br \/>\nLakatos \u201eSzosz\u00f3\u201d S\u00e1ndor \u2013 billenty\u0171s hangszerek<br \/>\nSzab\u00f3 K\u00e1roly \u2013 billenty\u0171s hangszerek<br \/>\nStencli Tam\u00e1s \u2013 szaxofon<br \/>\nZsemlye S\u00e1ndor \u2013 szaxofon<br \/>\nH\u00e1mori J\u00e1nos \u2013 trombita<br \/>\nCselovszky Rozina \u2013 \u00e9nek, vok\u00e1l<br \/>\nHaraszty M\u00e1ty\u00e1s \u2013 \u00e9nek, vok\u00e1l<br \/>\nMark Silvast Walks \u2013 \u00e9nek<\/p>\n<p>[\/vc_column_text][\/vc_column][\/vc_row]<\/p>","protected":false},"excerpt":{"rendered":"<p>[vc_row][vc_column][vc_column_text]Vermes G\u00e1bor basszusgit\u00e1ros megsz\u00e1ml\u00e1lhatatlan produkci\u00f3ban biztos\u00edtotta a stabil alapot k\u00fcl\u00f6nf\u00e9le st\u00edlus\u00fa el\u0151ad\u00f3k sz\u00e1m\u00e1ra. \u0150 maga a groovos, funky ihlet\u00e9s\u0171 zen\u00e9t szereti legjobban, hiszen szerzem\u00e9nyei is err\u0151l tan\u00faskodnak. A st\u00edlusba j\u00f3l illeszked\u0151 slappel\u0151s j\u00e1t\u00e9k\u00e1nak magas sz\u00ednvonal\u00e1r\u00f3l karakteresen gy\u0151z meg minket az albumon. Kompoz\u00edci\u00f3i kiemelkednek a hazai mez\u0151nyb\u0151l, ahol nem is nagyon sz\u00fclettek hozz\u00e1 hasonl\u00f3 sz\u00ednvonal\u00fa felv\u00e9telek [&hellip;]<\/p>\n","protected":false},"featured_media":6943,"template":"","meta":[],"product_brand":[],"product_cat":[92],"product_tag":[],"class_list":{"0":"post-6942","1":"product","2":"type-product","3":"status-publish","4":"has-post-thumbnail","6":"product_cat-cd","7":"yith_product_brand-vermes-gabor","8":"col-12 col-sm-6 col-md-4","10":"first","11":"instock","12":"shipping-taxable","13":"purchasable","14":"product-type-simple"},"yoast_head":"<!-- This site is optimized with the Yoast SEO plugin v27.3 - https:\/\/yoast.com\/product\/yoast-seo-wordpress\/ -->\n<title>G\u00e1bor Vermes Group Slap the bass CD &#8211; GR1993 Records<\/title>\n<meta name=\"robots\" content=\"index, follow, max-snippet:-1, max-image-preview:large, max-video-preview:-1\" \/>\n<link rel=\"canonical\" href=\"https:\/\/gr1993records.com\/index.php\/product\/gabor-vermes-group-slap-the-bass\/\" \/>\n<meta property=\"og:locale\" content=\"hu_HU\" \/>\n<meta property=\"og:type\" content=\"article\" \/>\n<meta property=\"og:title\" content=\"GR1993 Records\" \/>\n<meta property=\"og:description\" content=\"[vc_row][vc_column][vc_column_text]Vermes G\u00e1bor basszusgit\u00e1ros megsz\u00e1ml\u00e1lhatatlan produkci\u00f3ban biztos\u00edtotta a stabil alapot k\u00fcl\u00f6nf\u00e9le st\u00edlus\u00fa el\u0151ad\u00f3k sz\u00e1m\u00e1ra. \u0150 maga a groovos, funky ihlet\u00e9s\u0171 zen\u00e9t szereti legjobban, hiszen szerzem\u00e9nyei is err\u0151l tan\u00faskodnak. A st\u00edlusba j\u00f3l illeszked\u0151 slappel\u0151s j\u00e1t\u00e9k\u00e1nak magas sz\u00ednvonal\u00e1r\u00f3l karakteresen gy\u0151z meg minket az albumon. Kompoz\u00edci\u00f3i kiemelkednek a hazai mez\u0151nyb\u0151l, ahol nem is nagyon sz\u00fclettek hozz\u00e1 hasonl\u00f3 sz\u00ednvonal\u00fa felv\u00e9telek [&hellip;]\" \/>\n<meta property=\"og:url\" content=\"https:\/\/gr1993records.com\/index.php\/product\/gabor-vermes-group-slap-the-bass\/\" \/>\n<meta property=\"og:site_name\" content=\"GR1993 Records\" \/>\n<meta property=\"article:publisher\" content=\"https:\/\/www.facebook.com\/GR1993Records-113564886691383\/\" \/>\n<meta property=\"article:modified_time\" content=\"2026-03-31T08:11:17+00:00\" \/>\n<meta property=\"og:image\" content=\"https:\/\/gr1993records.com\/wp-content\/uploads\/2023\/08\/Gabor_Vermes_Group_CD_booklet_cover_1.jpg\" \/>\n\t<meta property=\"og:image:width\" content=\"2000\" \/>\n\t<meta property=\"og:image:height\" content=\"2000\" \/>\n\t<meta property=\"og:image:type\" content=\"image\/jpeg\" \/>\n<meta name=\"twitter:card\" content=\"summary_large_image\" \/>\n<meta name=\"twitter:title\" content=\"GR1993 Records\" \/>\n<meta name=\"twitter:image\" content=\"https:\/\/gr1993records.com\/wp-content\/uploads\/2023\/08\/Gabor_Vermes_Group_CD_booklet_cover_1.jpg\" \/>\n<meta name=\"twitter:label1\" content=\"Becs\u00fclt olvas\u00e1si id\u0151\" \/>\n\t<meta name=\"twitter:data1\" content=\"2 perc\" \/>\n<script type=\"application\/ld+json\" class=\"yoast-schema-graph\">{\"@context\":\"https:\\\/\\\/schema.org\",\"@graph\":[{\"@type\":\"WebPage\",\"@id\":\"https:\\\/\\\/gr1993records.com\\\/index.php\\\/product\\\/gabor-vermes-group-slap-the-bass\\\/\",\"url\":\"https:\\\/\\\/gr1993records.com\\\/index.php\\\/product\\\/gabor-vermes-group-slap-the-bass\\\/\",\"name\":\"G\u00e1bor Vermes Group Slap the bass CD &#8211; GR1993 Records\",\"isPartOf\":{\"@id\":\"https:\\\/\\\/gr1993records.com\\\/#website\"},\"primaryImageOfPage\":{\"@id\":\"https:\\\/\\\/gr1993records.com\\\/index.php\\\/product\\\/gabor-vermes-group-slap-the-bass\\\/#primaryimage\"},\"image\":{\"@id\":\"https:\\\/\\\/gr1993records.com\\\/index.php\\\/product\\\/gabor-vermes-group-slap-the-bass\\\/#primaryimage\"},\"thumbnailUrl\":\"https:\\\/\\\/gr1993records.com\\\/wp-content\\\/uploads\\\/2023\\\/08\\\/Gabor_Vermes_Group_CD_booklet_cover_1.jpg\",\"datePublished\":\"2023-08-11T12:35:27+00:00\",\"dateModified\":\"2026-03-31T08:11:17+00:00\",\"breadcrumb\":{\"@id\":\"https:\\\/\\\/gr1993records.com\\\/index.php\\\/product\\\/gabor-vermes-group-slap-the-bass\\\/#breadcrumb\"},\"inLanguage\":\"hu\",\"potentialAction\":[{\"@type\":\"ReadAction\",\"target\":[\"https:\\\/\\\/gr1993records.com\\\/index.php\\\/product\\\/gabor-vermes-group-slap-the-bass\\\/\"]}]},{\"@type\":\"ImageObject\",\"inLanguage\":\"hu\",\"@id\":\"https:\\\/\\\/gr1993records.com\\\/index.php\\\/product\\\/gabor-vermes-group-slap-the-bass\\\/#primaryimage\",\"url\":\"https:\\\/\\\/gr1993records.com\\\/wp-content\\\/uploads\\\/2023\\\/08\\\/Gabor_Vermes_Group_CD_booklet_cover_1.jpg\",\"contentUrl\":\"https:\\\/\\\/gr1993records.com\\\/wp-content\\\/uploads\\\/2023\\\/08\\\/Gabor_Vermes_Group_CD_booklet_cover_1.jpg\",\"width\":2000,\"height\":2000},{\"@type\":\"BreadcrumbList\",\"@id\":\"https:\\\/\\\/gr1993records.com\\\/index.php\\\/product\\\/gabor-vermes-group-slap-the-bass\\\/#breadcrumb\",\"itemListElement\":[{\"@type\":\"ListItem\",\"position\":1,\"name\":\"Home\",\"item\":\"https:\\\/\\\/gr1993records.com\\\/\"},{\"@type\":\"ListItem\",\"position\":2,\"name\":\"Kiadv\u00e1nyok\",\"item\":\"https:\\\/\\\/gr1993records.com\\\/index.php\\\/shop\\\/\"},{\"@type\":\"ListItem\",\"position\":3,\"name\":\"G\u00e1bor Vermes Group Slap the bass CD\"}]},{\"@type\":\"WebSite\",\"@id\":\"https:\\\/\\\/gr1993records.com\\\/#website\",\"url\":\"https:\\\/\\\/gr1993records.com\\\/\",\"name\":\"GR1993 Records\",\"description\":\"\",\"publisher\":{\"@id\":\"https:\\\/\\\/gr1993records.com\\\/#organization\"},\"potentialAction\":[{\"@type\":\"SearchAction\",\"target\":{\"@type\":\"EntryPoint\",\"urlTemplate\":\"https:\\\/\\\/gr1993records.com\\\/?s={search_term_string}\"},\"query-input\":{\"@type\":\"PropertyValueSpecification\",\"valueRequired\":true,\"valueName\":\"search_term_string\"}}],\"inLanguage\":\"hu\"},{\"@type\":\"Organization\",\"@id\":\"https:\\\/\\\/gr1993records.com\\\/#organization\",\"name\":\"Gramy-H Ltd.\",\"url\":\"https:\\\/\\\/gr1993records.com\\\/\",\"logo\":{\"@type\":\"ImageObject\",\"inLanguage\":\"hu\",\"@id\":\"https:\\\/\\\/gr1993records.com\\\/#\\\/schema\\\/logo\\\/image\\\/\",\"url\":\"https:\\\/\\\/gr1993records.com\\\/wp-content\\\/uploads\\\/2019\\\/08\\\/GR1993_Records_logo_CC.png\",\"contentUrl\":\"https:\\\/\\\/gr1993records.com\\\/wp-content\\\/uploads\\\/2019\\\/08\\\/GR1993_Records_logo_CC.png\",\"width\":2900,\"height\":2001,\"caption\":\"Gramy-H Ltd.\"},\"image\":{\"@id\":\"https:\\\/\\\/gr1993records.com\\\/#\\\/schema\\\/logo\\\/image\\\/\"},\"sameAs\":[\"https:\\\/\\\/www.facebook.com\\\/GR1993Records-113564886691383\\\/\"]}]}<\/script>\n<!-- \/ Yoast SEO plugin. -->","yoast_head_json":{"title":"G\u00e1bor Vermes Group Slap the bass CD &#8211; GR1993 Records","robots":{"index":"index","follow":"follow","max-snippet":"max-snippet:-1","max-image-preview":"max-image-preview:large","max-video-preview":"max-video-preview:-1"},"canonical":"https:\/\/gr1993records.com\/index.php\/product\/gabor-vermes-group-slap-the-bass\/","og_locale":"hu_HU","og_type":"article","og_title":"GR1993 Records","og_description":"[vc_row][vc_column][vc_column_text]Vermes G\u00e1bor basszusgit\u00e1ros megsz\u00e1ml\u00e1lhatatlan produkci\u00f3ban biztos\u00edtotta a stabil alapot k\u00fcl\u00f6nf\u00e9le st\u00edlus\u00fa el\u0151ad\u00f3k sz\u00e1m\u00e1ra. \u0150 maga a groovos, funky ihlet\u00e9s\u0171 zen\u00e9t szereti legjobban, hiszen szerzem\u00e9nyei is err\u0151l tan\u00faskodnak. A st\u00edlusba j\u00f3l illeszked\u0151 slappel\u0151s j\u00e1t\u00e9k\u00e1nak magas sz\u00ednvonal\u00e1r\u00f3l karakteresen gy\u0151z meg minket az albumon. Kompoz\u00edci\u00f3i kiemelkednek a hazai mez\u0151nyb\u0151l, ahol nem is nagyon sz\u00fclettek hozz\u00e1 hasonl\u00f3 sz\u00ednvonal\u00fa felv\u00e9telek [&hellip;]","og_url":"https:\/\/gr1993records.com\/index.php\/product\/gabor-vermes-group-slap-the-bass\/","og_site_name":"GR1993 Records","article_publisher":"https:\/\/www.facebook.com\/GR1993Records-113564886691383\/","article_modified_time":"2026-03-31T08:11:17+00:00","og_image":[{"width":2000,"height":2000,"url":"https:\/\/gr1993records.com\/wp-content\/uploads\/2023\/08\/Gabor_Vermes_Group_CD_booklet_cover_1.jpg","type":"image\/jpeg"}],"twitter_card":"summary_large_image","twitter_title":"GR1993 Records","twitter_image":"https:\/\/gr1993records.com\/wp-content\/uploads\/2023\/08\/Gabor_Vermes_Group_CD_booklet_cover_1.jpg","twitter_misc":{"Becs\u00fclt olvas\u00e1si id\u0151":"2 perc"},"schema":{"@context":"https:\/\/schema.org","@graph":[{"@type":"WebPage","@id":"https:\/\/gr1993records.com\/index.php\/product\/gabor-vermes-group-slap-the-bass\/","url":"https:\/\/gr1993records.com\/index.php\/product\/gabor-vermes-group-slap-the-bass\/","name":"G\u00e1bor Vermes Group Slap the bass CD &#8211; GR1993 Records","isPartOf":{"@id":"https:\/\/gr1993records.com\/#website"},"primaryImageOfPage":{"@id":"https:\/\/gr1993records.com\/index.php\/product\/gabor-vermes-group-slap-the-bass\/#primaryimage"},"image":{"@id":"https:\/\/gr1993records.com\/index.php\/product\/gabor-vermes-group-slap-the-bass\/#primaryimage"},"thumbnailUrl":"https:\/\/gr1993records.com\/wp-content\/uploads\/2023\/08\/Gabor_Vermes_Group_CD_booklet_cover_1.jpg","datePublished":"2023-08-11T12:35:27+00:00","dateModified":"2026-03-31T08:11:17+00:00","breadcrumb":{"@id":"https:\/\/gr1993records.com\/index.php\/product\/gabor-vermes-group-slap-the-bass\/#breadcrumb"},"inLanguage":"hu","potentialAction":[{"@type":"ReadAction","target":["https:\/\/gr1993records.com\/index.php\/product\/gabor-vermes-group-slap-the-bass\/"]}]},{"@type":"ImageObject","inLanguage":"hu","@id":"https:\/\/gr1993records.com\/index.php\/product\/gabor-vermes-group-slap-the-bass\/#primaryimage","url":"https:\/\/gr1993records.com\/wp-content\/uploads\/2023\/08\/Gabor_Vermes_Group_CD_booklet_cover_1.jpg","contentUrl":"https:\/\/gr1993records.com\/wp-content\/uploads\/2023\/08\/Gabor_Vermes_Group_CD_booklet_cover_1.jpg","width":2000,"height":2000},{"@type":"BreadcrumbList","@id":"https:\/\/gr1993records.com\/index.php\/product\/gabor-vermes-group-slap-the-bass\/#breadcrumb","itemListElement":[{"@type":"ListItem","position":1,"name":"Home","item":"https:\/\/gr1993records.com\/"},{"@type":"ListItem","position":2,"name":"Kiadv\u00e1nyok","item":"https:\/\/gr1993records.com\/index.php\/shop\/"},{"@type":"ListItem","position":3,"name":"G\u00e1bor Vermes Group Slap the bass CD"}]},{"@type":"WebSite","@id":"https:\/\/gr1993records.com\/#website","url":"https:\/\/gr1993records.com\/","name":"GR1993 Records","description":"","publisher":{"@id":"https:\/\/gr1993records.com\/#organization"},"potentialAction":[{"@type":"SearchAction","target":{"@type":"EntryPoint","urlTemplate":"https:\/\/gr1993records.com\/?s={search_term_string}"},"query-input":{"@type":"PropertyValueSpecification","valueRequired":true,"valueName":"search_term_string"}}],"inLanguage":"hu"},{"@type":"Organization","@id":"https:\/\/gr1993records.com\/#organization","name":"Gramy-H Ltd.","url":"https:\/\/gr1993records.com\/","logo":{"@type":"ImageObject","inLanguage":"hu","@id":"https:\/\/gr1993records.com\/#\/schema\/logo\/image\/","url":"https:\/\/gr1993records.com\/wp-content\/uploads\/2019\/08\/GR1993_Records_logo_CC.png","contentUrl":"https:\/\/gr1993records.com\/wp-content\/uploads\/2019\/08\/GR1993_Records_logo_CC.png","width":2900,"height":2001,"caption":"Gramy-H Ltd."},"image":{"@id":"https:\/\/gr1993records.com\/#\/schema\/logo\/image\/"},"sameAs":["https:\/\/www.facebook.com\/GR1993Records-113564886691383\/"]}]}},"jetpack_sharing_enabled":true,"_links":{"self":[{"href":"https:\/\/gr1993records.com\/index.php\/wp-json\/wp\/v2\/product\/6942","targetHints":{"allow":["GET"]}}],"collection":[{"href":"https:\/\/gr1993records.com\/index.php\/wp-json\/wp\/v2\/product"}],"about":[{"href":"https:\/\/gr1993records.com\/index.php\/wp-json\/wp\/v2\/types\/product"}],"wp:featuredmedia":[{"embeddable":true,"href":"https:\/\/gr1993records.com\/index.php\/wp-json\/wp\/v2\/media\/6943"}],"wp:attachment":[{"href":"https:\/\/gr1993records.com\/index.php\/wp-json\/wp\/v2\/media?parent=6942"}],"wp:term":[{"taxonomy":"product_brand","embeddable":true,"href":"https:\/\/gr1993records.com\/index.php\/wp-json\/wp\/v2\/product_brand?post=6942"},{"taxonomy":"product_cat","embeddable":true,"href":"https:\/\/gr1993records.com\/index.php\/wp-json\/wp\/v2\/product_cat?post=6942"},{"taxonomy":"product_tag","embeddable":true,"href":"https:\/\/gr1993records.com\/index.php\/wp-json\/wp\/v2\/product_tag?post=6942"}],"curies":[{"name":"wp","href":"https:\/\/api.w.org\/{rel}","templated":true}]}}