{"id":6613,"date":"2021-12-01T13:31:14","date_gmt":"2021-12-01T12:31:14","guid":{"rendered":"https:\/\/gr1993records.com\/?post_type=product&#038;p=6613"},"modified":"2026-03-31T10:49:45","modified_gmt":"2026-03-31T08:49:45","slug":"djabe-first-album-revisited-25th-anniversary-double-album-letoltheto","status":"publish","type":"product","link":"https:\/\/gr1993records.com\/product\/djabe-first-album-revisited-25th-anniversary-double-album-letoltheto\/","title":{"rendered":"Djabe <br\/> First Album Revisited <br\/>25th Anniversary dupla album <br\/>(Let\u00f6lthet\u0151 24 bit\/96 kHz)"},"content":{"rendered":"<p>[vc_row][vc_column][vc_column_text]A Djabe zenekar 1996 november\u00e9ben jelentette meg els\u0151 CD-j\u00e9t.<br \/>\nA 25 \u00e9ves jubileum alkalm\u00e1b\u00f3l a zenekar 3 lemezes kib\u0151v\u00edtett \u00fajrakiad\u00e1ssal lepi meg a rajong\u00f3kat.<br \/>\nAz 1995. j\u00fanius \u00e9s 1996. szeptember k\u00f6z\u00f6tt k\u00e9sz\u00fclt els\u0151 Djabe albumra m\u00e1r akkor felfigyelt a k\u00f6z\u00f6ns\u00e9g \u00e9s a szakma is. A lemezt a Djabe k\u00e9t alap\u00edt\u00f3ja Sipos Andr\u00e1s (1954 \u2013 2007) \u00fct\u0151hangszeres \u00e9s \u00c9gerh\u00e1zi Attila git\u00e1ros alkotta meg. Hozz\u00e1juk csatlakozott \u00c9gerh\u00e1zi \u00e9s Sipos kor\u00e1bbi Novus Jam zenekar\u00e1b\u00f3l Karvaly Tibor heged\u0171s a felv\u00e9telekre. A megh\u00edvott zen\u00e9szek k\u00f6z\u00f6tt \u00e9rkezett Muck Ferenc saxofonos, Barab\u00e1s Tam\u00e1s basszusgit\u00e1ros \u00e9s Kov\u00e1cs Ferenc trombit\u00e1s, heged\u0171s is. A korabeli kritik\u00e1k k\u00f6z\u00fcl kiemelhetj\u00fck Mike Ezzo amerikai szak\u00edr\u00f3 v\u00e9lem\u00e9ny\u00e9t, aki m\u00e1r az els\u0151 album alapj\u00e1n megj\u00f3solta, hogy a Djabe nemzetk\u00f6zileg is jelent\u0151s sikereket fog el\u00e9rni \u00e9s nagy p\u00e1ly\u00e1t befutni. Nem t\u00e9vedett.<br \/>\nA Djabe az elm\u00falt \u00e9vekben sorra jelentette meg p\u00e1lyafut\u00e1sa els\u0151 lemezeinek, fel\u00faj\u00edtott, \u00fajrakevert LP \u00e9s surround hangz\u00e1sban is megalkotott v\u00e1ltozatait. A zenekar rajong\u00f3inak a r\u00e9sz\u00e9r\u0151l, itthon \u00e9s k\u00fclf\u00f6ld\u00f6n egyar\u00e1nt, megfogalmaz\u00f3dott az els\u0151 lemezzel kapcsolatos vinyl \u00e9s surround kiad\u00e1sok ig\u00e9nye. A fel\u00faj\u00edt\u00e1s lehet\u0151s\u00e9ge 2016-ban mer\u00fclt fel el\u0151sz\u00f6r, amikor Karvaly Tibor csatlakozott a Djabe20 jubileumi koncert fel\u00e1ll\u00e1s\u00e1hoz. K\u00e9t olyan sz\u00e1mot is m\u0171sorra t\u0171ztek az els\u0151 CD-r\u0151l, amit m\u00e9g sohasem j\u00e1tszott \u00e9l\u0151ben a Djabe. Ez volt a Hagar Qim \u00e9s a D\u00e9j\u00e1 Vu.<br \/>\n\u00c9gerh\u00e1zi Attila megkereste az arch\u00edvumban az eredeti soks\u00e1vos szalagokat, melyeket a londoni Abbey Road St\u00fadi\u00f3ban kellett \u201emegs\u00fctni\u201d, azaz \u00fajra lej\u00e1tszhat\u00f3v\u00e1 tenni.<br \/>\nA konkr\u00e9t st\u00fadi\u00f3 munk\u00e1latok a Covid miatti lez\u00e1r\u00e1sok idej\u00e9n kezd\u0151dtek el. \u00c9gerh\u00e1zi Attila \u00e9s Karvaly Tibor 8 h\u00f3napon \u00e1t dolgoztak az anyagon, az utols\u00f3 3 h\u00f3napra pedig Muck Ferenc \u00e9s Barab\u00e1s Tam\u00e1s is becsatlakoztak.[\/vc_column_text][vc_single_image image=&#8221;6540&#8243; img_size=&#8221;full&#8221; alignment=&#8221;center&#8221;][vc_column_text]<strong>Album 1 \u2013 Refreshed<\/strong><br \/>\nAttila \u00e9s Tibor megkerest\u00e9k az eredeti CD \u00f6sszes sz\u00e1m\u00e1nak soks\u00e1vos felv\u00e9teleit, \u00e9s felfriss\u00edtett\u00e9k azokat. Prec\u00edzen lemodellezt\u00e9k az eredeti ar\u00e1nyokat, majd ha \u00fagy l\u00e1tt\u00e1k j\u00f3nak, helyenk\u00e9nt \u00fajraszerkesztett\u00e9k a sz\u00e1mokat. Ehhez felhaszn\u00e1ltak az eredeti felv\u00e9telek k\u00e9sz\u00edt\u00e9sekor r\u00f6gz\u00edtett, de a kever\u00e9sben nem hallhat\u00f3 s\u00e1vokat is. Volt olyan kompoz\u00edci\u00f3, amelyben 25 \u00e9ve zavarta \u0151ket egy-egy oda nem ill\u0151 hang, ezeket most kijav\u00edtott\u00e1k. 25 \u00e9vvel ezel\u0151tt m\u00e9g nem volt saj\u00e1t st\u00fadi\u00f3juk, \u00edgy sokszor kellet kompromisszumot k\u00f6tni\u00fck amiatt, hogy kics\u00fasztak az id\u0151b\u0151l. A November \u00e9s Demon c\u00edm\u0171 sz\u00e1mokhoz ilyen megfontol\u00e1sb\u00f3l Muck Ferenc \u00faj saxofon s\u00e1vokat is felj\u00e1tszott.<br \/>\nAz \u00edgy felfriss\u00edtett \u00e9s a v\u00e9g\u00e9n Barab\u00e1s Tam\u00e1s \u00e1ltal \u00fajrakevert \u00e9s maszterelt CD kapta a Refreshed nevet.[\/vc_column_text][vc_column_text]<strong>Album 2 \u2013 Then &amp; Now<\/strong><br \/>\nA projekt azonban itt nem \u00e1llt meg. A soks\u00e1vos szalagokon tal\u00e1ltak t\u00f6bb megkezdett m\u0171vet, amelyet most kihaszn\u00e1lva a saj\u00e1t st\u00fadi\u00f3 adta k\u00f6tetlen lehet\u0151s\u00e9get, befejeztek. Ezeken a felv\u00e9teleken a Djabe mostani tagjai is j\u00e1tszottak, Ko\u00f3s-Hut\u00e1s \u00c1ron \u2013 sz\u00e1rnyk\u00fcrt, Kasz\u00e1s P\u00e9ter \u2013 dobok, Nagy J\u00e1nos \u2013 billenty\u0171s hangszerek. Ilyen a Pier 95 \u00e9s a Sunrays.<br \/>\nTam\u00e1s Sipi dob \u00e9s \u00e9neks\u00e1vjai seg\u00edts\u00e9g\u00e9vel kompon\u00e1lt egy \u00faj szerzem\u00e9nyt is, ez lett a We Are Okay.<br \/>\nKov\u00e1cs Ferenc egy remekbe szabott heged\u0171sz\u00f3l\u00f3ja k\u00f6r\u00e9 is k\u00e9sz\u00fclt egy r\u00e9gi-\u00faj kompoz\u00edci\u00f3, a Lost In The Desert, melyben Steve Hackett egy kor\u00e1bban felvett git\u00e1rsz\u00f3l\u00f3ja \u00e9s Sipi \u00e9neks\u00e1vja is hallhat\u00f3. Term\u00e9szetesen \u00c9gerh\u00e1zi Attila, Karvaly Tibor Barab\u00e1s Tam\u00e1s \u00e9s Muck Ferenc is k\u00f6zrem\u0171k\u00f6dnek ebben a k\u00e9t sz\u00e1mban.<br \/>\nA m\u00e1sodik CD-n hallhatunk egy fel\u00faj\u00edtott \u00c9gerh\u00e1zi, Karvaly, Gesztelyi-Nagy Judit felv\u00e9telt, a Fragmentst, mely 1993-as felv\u00e9tel. A lemezen helyett kapott m\u00e9g Sipi 1995-ben r\u00f6gz\u00edtett konga sz\u00f3l\u00f3ja a Sipi Falls, \u00e9s h\u00e1rom felv\u00e9tel a valaha volt els\u0151 Djabe koncertb\u0151l. Ezeket 1997 \u00e1prilis 7-\u00e9n r\u00f6gz\u00edtett\u00e9k Budapesten, m\u00e1r \u00c9gerh\u00e1zi, Sipos, Muck, Barab\u00e1s fel\u00e1ll\u00e1sban.<br \/>\nA lemez egyik legnagyobb csemeg\u00e9je, Sipos Andr\u00e1s 15 perces djembe sz\u00f3l\u00f3ja, mely r\u00e1ad\u00e1sul nem koncert, hanem st\u00fadi\u00f3 felv\u00e9tel.<br \/>\n\u00c9gerh\u00e1zi ritk\u00e1n j\u00e1tszotta koncerten a Venezia c\u00edm\u0171 git\u00e1rdarabot. A CD-re egy 2006-os Pecsa felv\u00e9tel ker\u00fclt fel. A m\u00e1sodik CD-t a 2016-os Djabe20 koncertb\u0151l a Hagar Qim \u00e9s a D\u00e9j\u00e1 Vu z\u00e1rja.[\/vc_column_text][vc_separator][vc_column_text]<strong>Az albumon k\u00f6zrem\u0171k\u00f6d\u0151 zen\u00e9szek<\/strong><br \/>\nBanai Szil\u00e1rd \u2013 dobok (CD2)<br \/>\nBarab\u00e1s Tam\u00e1s \u2013 basszusgit\u00e1r<br \/>\n\u00c9gerh\u00e1zi Attila \u2013 git\u00e1r, \u00fct\u0151hangszerek, effektek<br \/>\nGesztelyi Nagy Judit \u2013 furulya, schakohachi<br \/>\nGulli Briem \u2013 dobok (CD2)<br \/>\nKarvaly Tibor \u2013 heged\u0171, billenty\u0171s hangszerek, \u00fct\u0151hangszerek, furulya<br \/>\nKasz\u00e1s P\u00e9ter \u2013 dobok (CD2)<br \/>\nKo\u00f3s-Hut\u00e1s \u00c1ron \u2013 sz\u00e1rnyk\u00fcrt (CD2)<br \/>\nKov\u00e1cs Ferenc \u2013 heged\u0171<br \/>\nKov\u00e1cs Zolt\u00e1n \u2013 billenty\u0171s hangszerek (CD2)<br \/>\nM\u00f3ty\u00e1n Tibor \u2013 tabla (CD2)<br \/>\nMuck Ferenc \u2013 saxofon<br \/>\nNagy J\u00e1nos \u2013 billenty\u0171s hangszerek (CD2)<br \/>\nR\u00e1cz Tam\u00e1s \u2013 git\u00e1r<br \/>\nSteve Hackett \u2013 elektromos git\u00e1r (CD2)[\/vc_column_text][vc_separator][vc_column_text]<\/p>\n<p class=\"title style-scope ytd-video-primary-info-renderer\"><strong>Djabe: Hagar Qim (Official video)<\/strong><\/p>\n<p>[\/vc_column_text][vc_video link=&#8221;https:\/\/www.youtube.com\/watch?v=GijNdMvTZbc&#8221; el_width=&#8221;90&#8243; align=&#8221;center&#8221;][vc_empty_space][vc_column_text]<\/p>\n<p class=\"title style-scope ytd-video-primary-info-renderer\"><strong>Djabe: Leaving The Desert (Official Video)<\/strong><\/p>\n<p>[\/vc_column_text][vc_video link=&#8221;https:\/\/www.youtube.com\/watch?v=Jnvsvw1zNh0&#8243; el_width=&#8221;90&#8243; align=&#8221;center&#8221;][vc_empty_space][vc_column_text]<strong>Djabe \u2013 Pier 95 (Official Video)<\/strong>[\/vc_column_text][vc_video link=&#8221;https:\/\/youtu.be\/oQkM7UdLAYk&#8221; el_width=&#8221;90&#8243; align=&#8221;center&#8221;][vc_empty_space][vc_column_text]<strong>Djabe: Northern Adventure (Official Video)<\/strong>[\/vc_column_text][vc_video link=&#8221;https:\/\/youtu.be\/K2_J6ELa3GU&#8221; el_width=&#8221;90&#8243; align=&#8221;center&#8221;][vc_empty_space][vc_column_text]<strong>Djabe: We Are Okay (Official Video)<\/strong>[\/vc_column_text][vc_video link=&#8221;https:\/\/youtu.be\/ilSJYmrBXKw&#8221; el_width=&#8221;90&#8243; align=&#8221;center&#8221;][vc_empty_space][vc_column_text]<strong>Djabe: Fragments (Official video)<\/strong>[\/vc_column_text][vc_video link=&#8221;https:\/\/youtu.be\/tobspIV3IsU&#8221; el_width=&#8221;90&#8243; align=&#8221;center&#8221;][vc_empty_space][vc_column_text]<strong>Djabe: November (Offcial Video)<\/strong>[\/vc_column_text][vc_video link=&#8221;https:\/\/youtu.be\/dcYyFeb3rlo&#8221; el_width=&#8221;90&#8243; align=&#8221;center&#8221;][\/vc_column][\/vc_row]<\/p>","protected":false},"excerpt":{"rendered":"<p><strong>24 bit \/ 96 kHz wav<\/strong><br \/>\n<strong>+ digit\u00e1lis bor\u00edt\u00f3<\/strong><\/p>\n","protected":false},"featured_media":6539,"template":"","meta":[],"product_brand":[],"product_cat":[98],"product_tag":[],"class_list":{"0":"post-6613","1":"product","2":"type-product","3":"status-publish","4":"has-post-thumbnail","6":"product_cat-downloadable","7":"yith_product_brand-djabe","8":"col-12 col-sm-6 col-md-4","10":"first","11":"instock","12":"featured","13":"downloadable","14":"virtual","15":"purchasable","16":"product-type-simple"},"yoast_head":"<!-- This site is optimized with the Yoast SEO plugin v27.4 - https:\/\/yoast.com\/product\/yoast-seo-wordpress\/ -->\n<title>Djabe  First Album Revisited 25th Anniversary dupla album (Let\u00f6lthet\u0151 24 bit\/96 kHz) &#8211; GR1993 Records<\/title>\n<meta name=\"robots\" content=\"index, follow, max-snippet:-1, max-image-preview:large, max-video-preview:-1\" \/>\n<link rel=\"canonical\" href=\"https:\/\/gr1993records.com\/product\/djabe-first-album-revisited-25th-anniversary-double-album-letoltheto\/\" \/>\n<meta property=\"og:locale\" content=\"hu_HU\" \/>\n<meta property=\"og:type\" content=\"article\" \/>\n<meta property=\"og:title\" content=\"Djabe  First Album Revisited 25th Anniversary dupla album (Let\u00f6lthet\u0151 24 bit\/96 kHz) &#8211; GR1993 Records\" \/>\n<meta property=\"og:description\" content=\"[:hu]24 bit \/ 96 kHz wav + digit\u00e1lis bor\u00edt\u00f3[:en]24 bit \/ 96 kHz wav + digital cover[:]\" \/>\n<meta property=\"og:url\" content=\"https:\/\/gr1993records.com\/product\/djabe-first-album-revisited-25th-anniversary-double-album-letoltheto\/\" \/>\n<meta property=\"og:site_name\" content=\"GR1993 Records\" \/>\n<meta property=\"article:publisher\" content=\"https:\/\/www.facebook.com\/GR1993Records-113564886691383\/\" \/>\n<meta property=\"article:modified_time\" content=\"2026-03-31T08:49:45+00:00\" \/>\n<meta property=\"og:image\" content=\"https:\/\/gr1993records.com\/wp-content\/uploads\/2021\/10\/kiadvany_djabe_first_album_revisited_front.jpg\" \/>\n\t<meta property=\"og:image:width\" content=\"1000\" \/>\n\t<meta property=\"og:image:height\" content=\"1000\" \/>\n\t<meta property=\"og:image:type\" content=\"image\/jpeg\" \/>\n<meta name=\"twitter:card\" content=\"summary_large_image\" \/>\n<meta name=\"twitter:image\" content=\"https:\/\/gr1993records.com\/wp-content\/uploads\/2021\/10\/kiadvany_djabe_first_album_revisited_front.jpg\" \/>\n<meta name=\"twitter:label1\" content=\"Becs\u00fclt olvas\u00e1si id\u0151\" \/>\n\t<meta name=\"twitter:data1\" content=\"4 perc\" \/>\n<script type=\"application\/ld+json\" class=\"yoast-schema-graph\">{\"@context\":\"https:\\\/\\\/schema.org\",\"@graph\":[{\"@type\":\"WebPage\",\"@id\":\"https:\\\/\\\/gr1993records.com\\\/product\\\/djabe-first-album-revisited-25th-anniversary-double-album-letoltheto\\\/\",\"url\":\"https:\\\/\\\/gr1993records.com\\\/product\\\/djabe-first-album-revisited-25th-anniversary-double-album-letoltheto\\\/\",\"name\":\"Djabe First Album Revisited 25th Anniversary dupla album (Let\u00f6lthet\u0151 24 bit\\\/96 kHz) &#8211; GR1993 Records\",\"isPartOf\":{\"@id\":\"https:\\\/\\\/gr1993records.com\\\/#website\"},\"primaryImageOfPage\":{\"@id\":\"https:\\\/\\\/gr1993records.com\\\/product\\\/djabe-first-album-revisited-25th-anniversary-double-album-letoltheto\\\/#primaryimage\"},\"image\":{\"@id\":\"https:\\\/\\\/gr1993records.com\\\/product\\\/djabe-first-album-revisited-25th-anniversary-double-album-letoltheto\\\/#primaryimage\"},\"thumbnailUrl\":\"https:\\\/\\\/gr1993records.com\\\/wp-content\\\/uploads\\\/2021\\\/10\\\/kiadvany_djabe_first_album_revisited_front.jpg\",\"datePublished\":\"2021-12-01T12:31:14+00:00\",\"dateModified\":\"2026-03-31T08:49:45+00:00\",\"breadcrumb\":{\"@id\":\"https:\\\/\\\/gr1993records.com\\\/product\\\/djabe-first-album-revisited-25th-anniversary-double-album-letoltheto\\\/#breadcrumb\"},\"inLanguage\":\"hu\",\"potentialAction\":[{\"@type\":\"ReadAction\",\"target\":[\"https:\\\/\\\/gr1993records.com\\\/product\\\/djabe-first-album-revisited-25th-anniversary-double-album-letoltheto\\\/\"]}]},{\"@type\":\"ImageObject\",\"inLanguage\":\"hu\",\"@id\":\"https:\\\/\\\/gr1993records.com\\\/product\\\/djabe-first-album-revisited-25th-anniversary-double-album-letoltheto\\\/#primaryimage\",\"url\":\"https:\\\/\\\/gr1993records.com\\\/wp-content\\\/uploads\\\/2021\\\/10\\\/kiadvany_djabe_first_album_revisited_front.jpg\",\"contentUrl\":\"https:\\\/\\\/gr1993records.com\\\/wp-content\\\/uploads\\\/2021\\\/10\\\/kiadvany_djabe_first_album_revisited_front.jpg\",\"width\":1000,\"height\":1000,\"caption\":\"Djabe First Album Revisited 25th Anniversary box-set (2CD+DVD)\"},{\"@type\":\"BreadcrumbList\",\"@id\":\"https:\\\/\\\/gr1993records.com\\\/product\\\/djabe-first-album-revisited-25th-anniversary-double-album-letoltheto\\\/#breadcrumb\",\"itemListElement\":[{\"@type\":\"ListItem\",\"position\":1,\"name\":\"Home\",\"item\":\"https:\\\/\\\/gr1993records.com\\\/?lang=en\"},{\"@type\":\"ListItem\",\"position\":2,\"name\":\"Releases\",\"item\":\"https:\\\/\\\/gr1993records.com\\\/shop\\\/?lang=en\"},{\"@type\":\"ListItem\",\"position\":3,\"name\":\"Djabe First Album Revisited 25th Anniversary dupla album (Let\u00f6lthet\u0151 24 bit\\\/96 kHz)\"}]},{\"@type\":\"WebSite\",\"@id\":\"https:\\\/\\\/gr1993records.com\\\/#website\",\"url\":\"https:\\\/\\\/gr1993records.com\\\/\",\"name\":\"GR1993 Records\",\"description\":\"\",\"publisher\":{\"@id\":\"https:\\\/\\\/gr1993records.com\\\/#organization\"},\"potentialAction\":[{\"@type\":\"SearchAction\",\"target\":{\"@type\":\"EntryPoint\",\"urlTemplate\":\"https:\\\/\\\/gr1993records.com\\\/?s={search_term_string}\"},\"query-input\":{\"@type\":\"PropertyValueSpecification\",\"valueRequired\":true,\"valueName\":\"search_term_string\"}}],\"inLanguage\":\"hu\"},{\"@type\":\"Organization\",\"@id\":\"https:\\\/\\\/gr1993records.com\\\/#organization\",\"name\":\"Gramy-H Ltd.\",\"url\":\"https:\\\/\\\/gr1993records.com\\\/\",\"logo\":{\"@type\":\"ImageObject\",\"inLanguage\":\"hu\",\"@id\":\"https:\\\/\\\/gr1993records.com\\\/#\\\/schema\\\/logo\\\/image\\\/\",\"url\":\"https:\\\/\\\/gr1993records.com\\\/wp-content\\\/uploads\\\/2019\\\/08\\\/GR1993_Records_logo_CC.png\",\"contentUrl\":\"https:\\\/\\\/gr1993records.com\\\/wp-content\\\/uploads\\\/2019\\\/08\\\/GR1993_Records_logo_CC.png\",\"width\":2900,\"height\":2001,\"caption\":\"Gramy-H Ltd.\"},\"image\":{\"@id\":\"https:\\\/\\\/gr1993records.com\\\/#\\\/schema\\\/logo\\\/image\\\/\"},\"sameAs\":[\"https:\\\/\\\/www.facebook.com\\\/GR1993Records-113564886691383\\\/\"]}]}<\/script>\n<!-- \/ Yoast SEO plugin. -->","yoast_head_json":{"title":"Djabe  First Album Revisited 25th Anniversary dupla album (Let\u00f6lthet\u0151 24 bit\/96 kHz) &#8211; GR1993 Records","robots":{"index":"index","follow":"follow","max-snippet":"max-snippet:-1","max-image-preview":"max-image-preview:large","max-video-preview":"max-video-preview:-1"},"canonical":"https:\/\/gr1993records.com\/product\/djabe-first-album-revisited-25th-anniversary-double-album-letoltheto\/","og_locale":"hu_HU","og_type":"article","og_title":"Djabe  First Album Revisited 25th Anniversary dupla album (Let\u00f6lthet\u0151 24 bit\/96 kHz) &#8211; GR1993 Records","og_description":"[:hu]24 bit \/ 96 kHz wav + digit\u00e1lis bor\u00edt\u00f3[:en]24 bit \/ 96 kHz wav + digital cover[:]","og_url":"https:\/\/gr1993records.com\/product\/djabe-first-album-revisited-25th-anniversary-double-album-letoltheto\/","og_site_name":"GR1993 Records","article_publisher":"https:\/\/www.facebook.com\/GR1993Records-113564886691383\/","article_modified_time":"2026-03-31T08:49:45+00:00","og_image":[{"width":1000,"height":1000,"url":"https:\/\/gr1993records.com\/wp-content\/uploads\/2021\/10\/kiadvany_djabe_first_album_revisited_front.jpg","type":"image\/jpeg"}],"twitter_card":"summary_large_image","twitter_image":"https:\/\/gr1993records.com\/wp-content\/uploads\/2021\/10\/kiadvany_djabe_first_album_revisited_front.jpg","twitter_misc":{"Becs\u00fclt olvas\u00e1si id\u0151":"4 perc"},"schema":{"@context":"https:\/\/schema.org","@graph":[{"@type":"WebPage","@id":"https:\/\/gr1993records.com\/product\/djabe-first-album-revisited-25th-anniversary-double-album-letoltheto\/","url":"https:\/\/gr1993records.com\/product\/djabe-first-album-revisited-25th-anniversary-double-album-letoltheto\/","name":"Djabe First Album Revisited 25th Anniversary dupla album (Let\u00f6lthet\u0151 24 bit\/96 kHz) &#8211; GR1993 Records","isPartOf":{"@id":"https:\/\/gr1993records.com\/#website"},"primaryImageOfPage":{"@id":"https:\/\/gr1993records.com\/product\/djabe-first-album-revisited-25th-anniversary-double-album-letoltheto\/#primaryimage"},"image":{"@id":"https:\/\/gr1993records.com\/product\/djabe-first-album-revisited-25th-anniversary-double-album-letoltheto\/#primaryimage"},"thumbnailUrl":"https:\/\/gr1993records.com\/wp-content\/uploads\/2021\/10\/kiadvany_djabe_first_album_revisited_front.jpg","datePublished":"2021-12-01T12:31:14+00:00","dateModified":"2026-03-31T08:49:45+00:00","breadcrumb":{"@id":"https:\/\/gr1993records.com\/product\/djabe-first-album-revisited-25th-anniversary-double-album-letoltheto\/#breadcrumb"},"inLanguage":"hu","potentialAction":[{"@type":"ReadAction","target":["https:\/\/gr1993records.com\/product\/djabe-first-album-revisited-25th-anniversary-double-album-letoltheto\/"]}]},{"@type":"ImageObject","inLanguage":"hu","@id":"https:\/\/gr1993records.com\/product\/djabe-first-album-revisited-25th-anniversary-double-album-letoltheto\/#primaryimage","url":"https:\/\/gr1993records.com\/wp-content\/uploads\/2021\/10\/kiadvany_djabe_first_album_revisited_front.jpg","contentUrl":"https:\/\/gr1993records.com\/wp-content\/uploads\/2021\/10\/kiadvany_djabe_first_album_revisited_front.jpg","width":1000,"height":1000,"caption":"Djabe First Album Revisited 25th Anniversary box-set (2CD+DVD)"},{"@type":"BreadcrumbList","@id":"https:\/\/gr1993records.com\/product\/djabe-first-album-revisited-25th-anniversary-double-album-letoltheto\/#breadcrumb","itemListElement":[{"@type":"ListItem","position":1,"name":"Home","item":"https:\/\/gr1993records.com\/?lang=en"},{"@type":"ListItem","position":2,"name":"Releases","item":"https:\/\/gr1993records.com\/shop\/?lang=en"},{"@type":"ListItem","position":3,"name":"Djabe First Album Revisited 25th Anniversary dupla album (Let\u00f6lthet\u0151 24 bit\/96 kHz)"}]},{"@type":"WebSite","@id":"https:\/\/gr1993records.com\/#website","url":"https:\/\/gr1993records.com\/","name":"GR1993 Records","description":"","publisher":{"@id":"https:\/\/gr1993records.com\/#organization"},"potentialAction":[{"@type":"SearchAction","target":{"@type":"EntryPoint","urlTemplate":"https:\/\/gr1993records.com\/?s={search_term_string}"},"query-input":{"@type":"PropertyValueSpecification","valueRequired":true,"valueName":"search_term_string"}}],"inLanguage":"hu"},{"@type":"Organization","@id":"https:\/\/gr1993records.com\/#organization","name":"Gramy-H Ltd.","url":"https:\/\/gr1993records.com\/","logo":{"@type":"ImageObject","inLanguage":"hu","@id":"https:\/\/gr1993records.com\/#\/schema\/logo\/image\/","url":"https:\/\/gr1993records.com\/wp-content\/uploads\/2019\/08\/GR1993_Records_logo_CC.png","contentUrl":"https:\/\/gr1993records.com\/wp-content\/uploads\/2019\/08\/GR1993_Records_logo_CC.png","width":2900,"height":2001,"caption":"Gramy-H Ltd."},"image":{"@id":"https:\/\/gr1993records.com\/#\/schema\/logo\/image\/"},"sameAs":["https:\/\/www.facebook.com\/GR1993Records-113564886691383\/"]}]}},"jetpack_sharing_enabled":true,"_links":{"self":[{"href":"https:\/\/gr1993records.com\/wp-json\/wp\/v2\/product\/6613","targetHints":{"allow":["GET"]}}],"collection":[{"href":"https:\/\/gr1993records.com\/wp-json\/wp\/v2\/product"}],"about":[{"href":"https:\/\/gr1993records.com\/wp-json\/wp\/v2\/types\/product"}],"wp:featuredmedia":[{"embeddable":true,"href":"https:\/\/gr1993records.com\/wp-json\/wp\/v2\/media\/6539"}],"wp:attachment":[{"href":"https:\/\/gr1993records.com\/wp-json\/wp\/v2\/media?parent=6613"}],"wp:term":[{"taxonomy":"product_brand","embeddable":true,"href":"https:\/\/gr1993records.com\/wp-json\/wp\/v2\/product_brand?post=6613"},{"taxonomy":"product_cat","embeddable":true,"href":"https:\/\/gr1993records.com\/wp-json\/wp\/v2\/product_cat?post=6613"},{"taxonomy":"product_tag","embeddable":true,"href":"https:\/\/gr1993records.com\/wp-json\/wp\/v2\/product_tag?post=6613"}],"curies":[{"name":"wp","href":"https:\/\/api.w.org\/{rel}","templated":true}]}}