{"id":6579,"date":"2021-11-02T17:15:57","date_gmt":"2021-11-02T16:15:57","guid":{"rendered":"https:\/\/gr1993records.com\/?post_type=product&#038;p=6579"},"modified":"2026-03-31T10:52:17","modified_gmt":"2026-03-31T08:52:17","slug":"alapi-istvan-the-last-day-of-forever-cd","status":"publish","type":"product","link":"https:\/\/gr1993records.com\/product\/alapi-istvan-the-last-day-of-forever-cd\/","title":{"rendered":"Istv\u00e1n Alapi <br\/>The Last Day Of Forever <br\/>(CD)"},"content":{"rendered":"<p>[vc_row][vc_column][vc_column_text]Pro Arte, Artisjus and Fonogram Award-winning guitarist and composer Alapi Istv\u00e1n released his latest album, titled The Last Day of Forever. This unique solo album is the first for the musician not to feature instrumental material only. After his previous, mostly fusion rock-jazz albums, he, for the first time created a multi-colored album of vocalized rock songs.[\/vc_column_text][vc_column_text]The songs are in English, with lyrics written by American lyricist Jeff Leone. Istv\u00e1n plays all the instruments on the album, except for the drums, on which S\u00e1ndor Fekete, the drummer of the Front band, can be heard.[\/vc_column_text][vc_column_text]We recommend the album to everyone who loves rock music rich in harmony and exciting instrumental parts, and colourfully varied![\/vc_column_text][vc_separator][vc_column_text]<strong>Musicians<\/strong><br \/>\nIstv\u00e1n Alapi \u2013 lead vocals, guitars, bass, keyboards<br \/>\nS\u00e1ndor Fekete \u2013 drums<br \/>\nJeff Leone \u2013 background vocals, lead vocal (A Sky Out Of Season)[\/vc_column_text][\/vc_column][\/vc_row]<\/p>","protected":false},"excerpt":{"rendered":"<p>Istv\u00e1n Alapi\u2019s first vocal rock album.<\/p>\n<p>Release date: 12 November, 2021.<\/p>\n","protected":false},"featured_media":6578,"template":"","meta":[],"product_brand":[],"product_cat":[92],"product_tag":[],"class_list":{"0":"post-6579","1":"product","2":"type-product","3":"status-publish","4":"has-post-thumbnail","6":"product_cat-cd","7":"yith_product_brand-alapi-istvan","8":"col-12 col-sm-6 col-md-4","10":"first","11":"instock","12":"shipping-taxable","13":"purchasable","14":"product-type-simple"},"yoast_head":"<!-- This site is optimized with the Yoast SEO plugin v27.5 - https:\/\/yoast.com\/product\/yoast-seo-wordpress\/ -->\n<title>Istv\u00e1n Alapi The Last Day Of Forever (CD) &#8211; GR1993 Records<\/title>\n<meta name=\"robots\" content=\"index, follow, max-snippet:-1, max-image-preview:large, max-video-preview:-1\" \/>\n<link rel=\"canonical\" href=\"https:\/\/gr1993records.com\/product\/alapi-istvan-the-last-day-of-forever-cd\/\" \/>\n<meta property=\"og:locale\" content=\"en_US\" \/>\n<meta property=\"og:type\" content=\"article\" \/>\n<meta property=\"og:title\" content=\"Istv\u00e1n Alapi The Last Day Of Forever (CD) &#8211; GR1993 Records\" \/>\n<meta property=\"og:description\" content=\"[:hu]Alapi Istv\u00e1n els\u0151 angol nyelv\u0171 rock albuma.  Megjelen\u00e9s d\u00e1tuma: 2021. november 12.[:en]Istv\u00e1n Alapi\u2019s first vocal rock album.  Release date: 12 November, 2021.[:]\" \/>\n<meta property=\"og:url\" content=\"https:\/\/gr1993records.com\/product\/alapi-istvan-the-last-day-of-forever-cd\/\" \/>\n<meta property=\"og:site_name\" content=\"GR1993 Records\" \/>\n<meta property=\"article:publisher\" content=\"https:\/\/www.facebook.com\/GR1993Records-113564886691383\/\" \/>\n<meta property=\"article:modified_time\" content=\"2026-03-31T08:52:17+00:00\" \/>\n<meta property=\"og:image\" content=\"https:\/\/gr1993records.com\/wp-content\/uploads\/2021\/11\/kiadvany_alapi_last_day_cd_gr-800_front.jpg\" \/>\n\t<meta property=\"og:image:width\" content=\"1000\" \/>\n\t<meta property=\"og:image:height\" content=\"1000\" \/>\n\t<meta property=\"og:image:type\" content=\"image\/jpeg\" \/>\n<meta name=\"twitter:card\" content=\"summary_large_image\" \/>\n<meta name=\"twitter:image\" content=\"https:\/\/gr1993records.com\/wp-content\/uploads\/2021\/11\/kiadvany_alapi_last_day_cd_gr-800_front.jpg\" \/>\n<meta name=\"twitter:label1\" content=\"Est. reading time\" \/>\n\t<meta name=\"twitter:data1\" content=\"1 minute\" \/>\n<script type=\"application\/ld+json\" class=\"yoast-schema-graph\">{\"@context\":\"https:\\\/\\\/schema.org\",\"@graph\":[{\"@type\":\"WebPage\",\"@id\":\"https:\\\/\\\/gr1993records.com\\\/product\\\/alapi-istvan-the-last-day-of-forever-cd\\\/\",\"url\":\"https:\\\/\\\/gr1993records.com\\\/product\\\/alapi-istvan-the-last-day-of-forever-cd\\\/\",\"name\":\"Istv\u00e1n Alapi The Last Day Of Forever (CD) &#8211; GR1993 Records\",\"isPartOf\":{\"@id\":\"https:\\\/\\\/gr1993records.com\\\/#website\"},\"primaryImageOfPage\":{\"@id\":\"https:\\\/\\\/gr1993records.com\\\/product\\\/alapi-istvan-the-last-day-of-forever-cd\\\/#primaryimage\"},\"image\":{\"@id\":\"https:\\\/\\\/gr1993records.com\\\/product\\\/alapi-istvan-the-last-day-of-forever-cd\\\/#primaryimage\"},\"thumbnailUrl\":\"https:\\\/\\\/gr1993records.com\\\/wp-content\\\/uploads\\\/2021\\\/11\\\/kiadvany_alapi_last_day_cd_gr-800_front.jpg\",\"datePublished\":\"2021-11-02T16:15:57+00:00\",\"dateModified\":\"2026-03-31T08:52:17+00:00\",\"breadcrumb\":{\"@id\":\"https:\\\/\\\/gr1993records.com\\\/product\\\/alapi-istvan-the-last-day-of-forever-cd\\\/#breadcrumb\"},\"inLanguage\":\"en-US\",\"potentialAction\":[{\"@type\":\"ReadAction\",\"target\":[\"https:\\\/\\\/gr1993records.com\\\/product\\\/alapi-istvan-the-last-day-of-forever-cd\\\/\"]}]},{\"@type\":\"ImageObject\",\"inLanguage\":\"en-US\",\"@id\":\"https:\\\/\\\/gr1993records.com\\\/product\\\/alapi-istvan-the-last-day-of-forever-cd\\\/#primaryimage\",\"url\":\"https:\\\/\\\/gr1993records.com\\\/wp-content\\\/uploads\\\/2021\\\/11\\\/kiadvany_alapi_last_day_cd_gr-800_front.jpg\",\"contentUrl\":\"https:\\\/\\\/gr1993records.com\\\/wp-content\\\/uploads\\\/2021\\\/11\\\/kiadvany_alapi_last_day_cd_gr-800_front.jpg\",\"width\":1000,\"height\":1000,\"caption\":\"Alapi Istv\u00e1n \u2013 The Last Day Of Forever (CD)\"},{\"@type\":\"BreadcrumbList\",\"@id\":\"https:\\\/\\\/gr1993records.com\\\/product\\\/alapi-istvan-the-last-day-of-forever-cd\\\/#breadcrumb\",\"itemListElement\":[{\"@type\":\"ListItem\",\"position\":1,\"name\":\"Home\",\"item\":\"https:\\\/\\\/gr1993records.com\\\/?lang=en\"},{\"@type\":\"ListItem\",\"position\":2,\"name\":\"Releases\",\"item\":\"https:\\\/\\\/gr1993records.com\\\/shop\\\/?lang=en\"},{\"@type\":\"ListItem\",\"position\":3,\"name\":\"Alapi Istv\u00e1n The Last Day Of Forever (CD)\"}]},{\"@type\":\"WebSite\",\"@id\":\"https:\\\/\\\/gr1993records.com\\\/#website\",\"url\":\"https:\\\/\\\/gr1993records.com\\\/\",\"name\":\"GR1993 Records\",\"description\":\"\",\"publisher\":{\"@id\":\"https:\\\/\\\/gr1993records.com\\\/#organization\"},\"potentialAction\":[{\"@type\":\"SearchAction\",\"target\":{\"@type\":\"EntryPoint\",\"urlTemplate\":\"https:\\\/\\\/gr1993records.com\\\/?s={search_term_string}\"},\"query-input\":{\"@type\":\"PropertyValueSpecification\",\"valueRequired\":true,\"valueName\":\"search_term_string\"}}],\"inLanguage\":\"en-US\"},{\"@type\":\"Organization\",\"@id\":\"https:\\\/\\\/gr1993records.com\\\/#organization\",\"name\":\"Gramy-H Ltd.\",\"url\":\"https:\\\/\\\/gr1993records.com\\\/\",\"logo\":{\"@type\":\"ImageObject\",\"inLanguage\":\"en-US\",\"@id\":\"https:\\\/\\\/gr1993records.com\\\/#\\\/schema\\\/logo\\\/image\\\/\",\"url\":\"https:\\\/\\\/gr1993records.com\\\/wp-content\\\/uploads\\\/2019\\\/08\\\/GR1993_Records_logo_CC.png\",\"contentUrl\":\"https:\\\/\\\/gr1993records.com\\\/wp-content\\\/uploads\\\/2019\\\/08\\\/GR1993_Records_logo_CC.png\",\"width\":2900,\"height\":2001,\"caption\":\"Gramy-H Ltd.\"},\"image\":{\"@id\":\"https:\\\/\\\/gr1993records.com\\\/#\\\/schema\\\/logo\\\/image\\\/\"},\"sameAs\":[\"https:\\\/\\\/www.facebook.com\\\/GR1993Records-113564886691383\\\/\"]}]}<\/script>\n<!-- \/ Yoast SEO plugin. -->","yoast_head_json":{"title":"Istv\u00e1n Alapi The Last Day Of Forever (CD) &#8211; GR1993 Records","robots":{"index":"index","follow":"follow","max-snippet":"max-snippet:-1","max-image-preview":"max-image-preview:large","max-video-preview":"max-video-preview:-1"},"canonical":"https:\/\/gr1993records.com\/product\/alapi-istvan-the-last-day-of-forever-cd\/","og_locale":"en_US","og_type":"article","og_title":"Istv\u00e1n Alapi The Last Day Of Forever (CD) &#8211; GR1993 Records","og_description":"[:hu]Alapi Istv\u00e1n els\u0151 angol nyelv\u0171 rock albuma.  Megjelen\u00e9s d\u00e1tuma: 2021. november 12.[:en]Istv\u00e1n Alapi\u2019s first vocal rock album.  Release date: 12 November, 2021.[:]","og_url":"https:\/\/gr1993records.com\/product\/alapi-istvan-the-last-day-of-forever-cd\/","og_site_name":"GR1993 Records","article_publisher":"https:\/\/www.facebook.com\/GR1993Records-113564886691383\/","article_modified_time":"2026-03-31T08:52:17+00:00","og_image":[{"width":1000,"height":1000,"url":"https:\/\/gr1993records.com\/wp-content\/uploads\/2021\/11\/kiadvany_alapi_last_day_cd_gr-800_front.jpg","type":"image\/jpeg"}],"twitter_card":"summary_large_image","twitter_image":"https:\/\/gr1993records.com\/wp-content\/uploads\/2021\/11\/kiadvany_alapi_last_day_cd_gr-800_front.jpg","twitter_misc":{"Est. reading time":"1 minute"},"schema":{"@context":"https:\/\/schema.org","@graph":[{"@type":"WebPage","@id":"https:\/\/gr1993records.com\/product\/alapi-istvan-the-last-day-of-forever-cd\/","url":"https:\/\/gr1993records.com\/product\/alapi-istvan-the-last-day-of-forever-cd\/","name":"Istv\u00e1n Alapi The Last Day Of Forever (CD) &#8211; GR1993 Records","isPartOf":{"@id":"https:\/\/gr1993records.com\/#website"},"primaryImageOfPage":{"@id":"https:\/\/gr1993records.com\/product\/alapi-istvan-the-last-day-of-forever-cd\/#primaryimage"},"image":{"@id":"https:\/\/gr1993records.com\/product\/alapi-istvan-the-last-day-of-forever-cd\/#primaryimage"},"thumbnailUrl":"https:\/\/gr1993records.com\/wp-content\/uploads\/2021\/11\/kiadvany_alapi_last_day_cd_gr-800_front.jpg","datePublished":"2021-11-02T16:15:57+00:00","dateModified":"2026-03-31T08:52:17+00:00","breadcrumb":{"@id":"https:\/\/gr1993records.com\/product\/alapi-istvan-the-last-day-of-forever-cd\/#breadcrumb"},"inLanguage":"en-US","potentialAction":[{"@type":"ReadAction","target":["https:\/\/gr1993records.com\/product\/alapi-istvan-the-last-day-of-forever-cd\/"]}]},{"@type":"ImageObject","inLanguage":"en-US","@id":"https:\/\/gr1993records.com\/product\/alapi-istvan-the-last-day-of-forever-cd\/#primaryimage","url":"https:\/\/gr1993records.com\/wp-content\/uploads\/2021\/11\/kiadvany_alapi_last_day_cd_gr-800_front.jpg","contentUrl":"https:\/\/gr1993records.com\/wp-content\/uploads\/2021\/11\/kiadvany_alapi_last_day_cd_gr-800_front.jpg","width":1000,"height":1000,"caption":"Alapi Istv\u00e1n \u2013 The Last Day Of Forever (CD)"},{"@type":"BreadcrumbList","@id":"https:\/\/gr1993records.com\/product\/alapi-istvan-the-last-day-of-forever-cd\/#breadcrumb","itemListElement":[{"@type":"ListItem","position":1,"name":"Home","item":"https:\/\/gr1993records.com\/?lang=en"},{"@type":"ListItem","position":2,"name":"Releases","item":"https:\/\/gr1993records.com\/shop\/?lang=en"},{"@type":"ListItem","position":3,"name":"Alapi Istv\u00e1n The Last Day Of Forever (CD)"}]},{"@type":"WebSite","@id":"https:\/\/gr1993records.com\/#website","url":"https:\/\/gr1993records.com\/","name":"GR1993 Records","description":"","publisher":{"@id":"https:\/\/gr1993records.com\/#organization"},"potentialAction":[{"@type":"SearchAction","target":{"@type":"EntryPoint","urlTemplate":"https:\/\/gr1993records.com\/?s={search_term_string}"},"query-input":{"@type":"PropertyValueSpecification","valueRequired":true,"valueName":"search_term_string"}}],"inLanguage":"en-US"},{"@type":"Organization","@id":"https:\/\/gr1993records.com\/#organization","name":"Gramy-H Ltd.","url":"https:\/\/gr1993records.com\/","logo":{"@type":"ImageObject","inLanguage":"en-US","@id":"https:\/\/gr1993records.com\/#\/schema\/logo\/image\/","url":"https:\/\/gr1993records.com\/wp-content\/uploads\/2019\/08\/GR1993_Records_logo_CC.png","contentUrl":"https:\/\/gr1993records.com\/wp-content\/uploads\/2019\/08\/GR1993_Records_logo_CC.png","width":2900,"height":2001,"caption":"Gramy-H Ltd."},"image":{"@id":"https:\/\/gr1993records.com\/#\/schema\/logo\/image\/"},"sameAs":["https:\/\/www.facebook.com\/GR1993Records-113564886691383\/"]}]}},"jetpack_sharing_enabled":true,"_links":{"self":[{"href":"https:\/\/gr1993records.com\/wp-json\/wp\/v2\/product\/6579","targetHints":{"allow":["GET"]}}],"collection":[{"href":"https:\/\/gr1993records.com\/wp-json\/wp\/v2\/product"}],"about":[{"href":"https:\/\/gr1993records.com\/wp-json\/wp\/v2\/types\/product"}],"wp:featuredmedia":[{"embeddable":true,"href":"https:\/\/gr1993records.com\/wp-json\/wp\/v2\/media\/6578"}],"wp:attachment":[{"href":"https:\/\/gr1993records.com\/wp-json\/wp\/v2\/media?parent=6579"}],"wp:term":[{"taxonomy":"product_brand","embeddable":true,"href":"https:\/\/gr1993records.com\/wp-json\/wp\/v2\/product_brand?post=6579"},{"taxonomy":"product_cat","embeddable":true,"href":"https:\/\/gr1993records.com\/wp-json\/wp\/v2\/product_cat?post=6579"},{"taxonomy":"product_tag","embeddable":true,"href":"https:\/\/gr1993records.com\/wp-json\/wp\/v2\/product_tag?post=6579"}],"curies":[{"name":"wp","href":"https:\/\/api.w.org\/{rel}","templated":true}]}}