{"id":6519,"date":"2021-09-20T11:07:04","date_gmt":"2021-09-20T09:07:04","guid":{"rendered":"https:\/\/gr1993records.com\/?post_type=product&#038;p=6519"},"modified":"2026-03-31T10:53:33","modified_gmt":"2026-03-31T08:53:33","slug":"european-mantra-yancha-downloadable","status":"publish","type":"product","link":"https:\/\/gr1993records.com\/index.php\/product\/european-mantra-yancha-downloadable\/","title":{"rendered":"European Mantra <br\/>Yancha <br\/>(Let\u00f6lthet\u0151 album)"},"content":{"rendered":"<p>[vc_row][vc_column][vc_column_text]A European Mantra fogalom a magyar zenei \u00e9letben.<\/p>\n<p>A sokszoros hazai \u00e9s nemzetk\u00f6zi d\u00edjas Borlai Gerg\u0151 dobos vezette zenekar 2021-es albuma a GR1993 Records gondoz\u00e1s\u00e1ban jelenik meg.<\/p>\n<p>A European Mantra \u201cYancha\u201d c\u00edm\u0171 lemeze a zenekar hatodik albuma. A kiz\u00e1r\u00f3lag Borlai szerzem\u00e9nyekb\u0151l \u00e1ll\u00f3 lemez a zenekart\u00f3l megszokott m\u00f3don hozza az \u00e1ltaluk l\u00e9trehozott \u201cMantra\u201d st\u00edlust, de mint mindegyik lemez\u00fck\u00f6n, \u00fagy ezen is t\u00f6rt\u00e9nnek v\u00e1ratlan zenei fordulatok, \u00e9s st\u00edlusbeli meglepet\u00e9sek.<\/p>\n<p>Borlai az eddigi European Mantra lemezekkel ellent\u00e9tben most kev\u00e9sb\u00e9 \u00e9lt a technikai eszk\u00f6z\u00f6k hat\u00e1rtalan hangszerel\u00e9si lehet\u0151s\u00e9geivel, ink\u00e1bb arra fektette a hangs\u00falyt, hogy a zenekar \u00e9l\u0151ben is ugyan\u00fagy tudjon megsz\u00f3lalni, ahogy a lemezen, mindenf\u00e9le h\u00e1tt\u00e9reszk\u00f6z n\u00e9lk\u00fcl.<\/p>\n<p>\u00cdgy nyugodtan mondhatjuk, hogy a European Mantra bizonyos \u00e9rtelemben visszat\u00e9rt saj\u00e1t gy\u00f6kereihez, ami a sz\u00e9ls\u0151s\u00e9ges m\u0171fajok mixt\u00far\u00e1j\u00e1val, kompromisszummentesen val\u00f3 legmagasabb sz\u00ednvonal\u00fa egy\u00fcttzen\u00e9l\u00e9s az \u00f6r\u00f6m jegy\u00e9ben.<\/p>\n<p>A \u201cYancha\u201d c\u00edm\u0171 lemezen minden ott van, amit a zenekar rajong\u00f3i el is v\u00e1rnak az egy\u00fcttest\u0151l: hangos, gyors, dallamos, k\u00f6tetlen, vicces, b\u00e1tor, neh\u00e9z, utaz\u00f3s, sz\u00f3l\u00f3z\u00f3s, \u00e9nekl\u0151s\u2026 Ez a \u201cMantra\u201d st\u00edlus.[\/vc_column_text][vc_separator][vc_column_text]<strong>Szubjekt\u00edv lemezaj\u00e1nl\u00f3 \u2013 \u00c9gerh\u00e1zi Attila \/ GR1993 Records kiad\u00f3 vezet\u0151<\/strong><\/p>\n<p>A zeneanyag, melyet Borlai Gerg\u0151 \u00edrt, egyszerre virtu\u00f3z, extr\u00e9m \u00e9s megh\u00f6kkent\u0151. Szok\u00e1s szerint feszegeti a zen\u00e9szi k\u00e9pess\u00e9gek \u00e9s a st\u00edlusok hat\u00e1rait. Jazz, f\u00fazi\u00f3s zene, rock elemek keverednek benne.<\/p>\n<p>Luk\u00e1cs Peta git\u00e1rj\u00e1t\u00e9ka alapvet\u0151en meghat\u00e1rozza a Mantra hangz\u00e1s\u00e1t \u00e9s sz\u00ednvonal\u00e1t. \u00d6r\u00f6m hallgatni, engem helyenk\u00e9nt a legnagyobb f\u00fazi\u00f3s, st\u00edlusteremt\u0151 git\u00e1rosokra eml\u00e9keztet. M\u00e1r a lemez els\u0151 sz\u00e1m\u00e1ban mag\u00e1val ragad benn\u00fcnket Peta el\u0151ad\u00e1sm\u00f3dja.<\/p>\n<p>Nagy J\u00e1nos \u2013 Yancha rendk\u00edv\u00fcli zenei tehets\u00e9ggel tud r\u00e9szt venni b\u00e1rmilyen zenei form\u00e1ci\u00f3ban, \u00e9s egy\u00fattal minden\u00fctt a hat\u00e1rokat feszegeti, a sz\u00f3 legjobb \u00e9rtelm\u00e9ben. Megold\u00e1sai, j\u00e1t\u00e9ka ugyanakkor kreat\u00edvan szolg\u00e1lj\u00e1k a zeneszerz\u0151 koncepci\u00f3j\u00e1t. A r\u00f3la elnevezett albumon is kiv\u00e1l\u00f3an bizony\u00edtja ezen k\u00e9pess\u00e9geit.<\/p>\n<p>Barab\u00e1s Tam\u00e1ssal elfogult vagyok, hiszen 26 \u00e9ve j\u00e1tszok vele. Sz\u00e1m\u00e1ra nem l\u00e9tezik olyan st\u00edlus, amiben nem tud otthonosan mozogni. Hallatszik azonban, hogy ez a virtu\u00f3z, ritmikailag is formabont\u00f3 lemez nagyon k\u00f6zel \u00e1ll a sz\u00edv\u00e9hez. J\u00e1tszi k\u00f6nnyeds\u00e9ggel \u00e9s eleganci\u00e1val hoznak olyan alapokat Gerg\u0151vel, melyet ritk\u00e1n hallani lemezeken. Sokszor ezek m\u00e1r nem is alapok, hanem maga a produkci\u00f3, amelyet a zenekar minden tagja profizmussal \u00e9s \u00e1t\u00e9l\u00e9ssel szolg\u00e1l.<\/p>\n<p>Minden bizonnyal 2021 egyik leg\u00e9rdekesebb lemeze sz\u00fcletett meg a v\u00e9gtelen\u00fcl k\u00f6tetlen \u00e9s zabol\u00e1tlan hangszeres zenei g\u00e9niuszok alkot\u00f3m\u0171hely\u00e9ben.<\/p>\n<p>\u00c9gerh\u00e1zi Attila<br \/>\nGR1993 Records \/ Djabe zenekar[\/vc_column_text][vc_separator][vc_column_text]<strong>K\u00f6zrem\u0171k\u00f6d\u0151 el\u0151ad\u00f3k<\/strong><br \/>\nBorlai Gerg\u0151 \u2013 dobok, billenty\u0171, \u00e9nek<br \/>\nBarab\u00e1s Tam\u00e1s \u2013 basszusgit\u00e1r<br \/>\nLuk\u00e1cs Peta \u2013 git\u00e1r, \u00e9nek<br \/>\nNagy J\u00e1nos \u2013 billenty\u0171s hangszerek[\/vc_column_text][\/vc_column][\/vc_row]<\/p>","protected":false},"excerpt":{"rendered":"<p>A European Mantra fogalom a magyar zenei \u00e9letben.<br \/>\nA sokszoros hazai \u00e9s nemzetk\u00f6zi d\u00edjas Borlai Gerg\u0151 dobos vezette zenekar 2021-es albuma a GR1993 Records gondoz\u00e1s\u00e1ban jelent meg.<\/p>\n<p><strong>24 bit\/48 kHz, master file quality<\/strong><\/p>\n","protected":false},"featured_media":6497,"template":"","meta":[],"product_brand":[],"product_cat":[98],"product_tag":[],"class_list":{"0":"post-6519","1":"product","2":"type-product","3":"status-publish","4":"has-post-thumbnail","6":"product_cat-downloadable","7":"yith_product_brand-european-mantra","8":"col-12 col-sm-6 col-md-4","10":"first","11":"instock","12":"sale","13":"downloadable","14":"virtual","15":"purchasable","16":"product-type-simple"},"yoast_head":"<!-- This site is optimized with the Yoast SEO plugin v27.2 - https:\/\/yoast.com\/product\/yoast-seo-wordpress\/ -->\n<title>European Mantra Yancha (Let\u00f6lthet\u0151 album) &#8211; GR1993 Records<\/title>\n<meta name=\"robots\" content=\"index, follow, max-snippet:-1, max-image-preview:large, max-video-preview:-1\" \/>\n<link rel=\"canonical\" href=\"https:\/\/gr1993records.com\/index.php\/product\/european-mantra-yancha-downloadable\/\" \/>\n<meta property=\"og:locale\" content=\"hu_HU\" \/>\n<meta property=\"og:type\" content=\"article\" \/>\n<meta property=\"og:title\" content=\"European Mantra Yancha (Let\u00f6lthet\u0151 album) &#8211; GR1993 Records\" \/>\n<meta property=\"og:description\" content=\"[:hu]A European Mantra fogalom a magyar zenei \u00e9letben. A sokszoros hazai \u00e9s nemzetk\u00f6zi d\u00edjas Borlai Gerg\u0151 dobos vezette zenekar 2021-es albuma a GR1993 Records gondoz\u00e1s\u00e1ban jelent meg.  24 bit\/48 kHz, master file quality[:en]European Mantra is a yardstick in the Hungarian music scene. The 2021 release of the band led by the multiple Hungarian and international award-winning drummer Gerg\u0151 Borlai will be published by GR1993 Records.  24 bit\/48 kHz, master file quality[:]\" \/>\n<meta property=\"og:url\" content=\"https:\/\/gr1993records.com\/index.php\/product\/european-mantra-yancha-downloadable\/\" \/>\n<meta property=\"og:site_name\" content=\"GR1993 Records\" \/>\n<meta property=\"article:publisher\" content=\"https:\/\/www.facebook.com\/GR1993Records-113564886691383\/\" \/>\n<meta property=\"article:modified_time\" content=\"2026-03-31T08:53:33+00:00\" \/>\n<meta property=\"og:image\" content=\"https:\/\/gr1993records.com\/wp-content\/uploads\/2021\/09\/europenmantra_yancha_webshop_cover.jpg\" \/>\n\t<meta property=\"og:image:width\" content=\"1000\" \/>\n\t<meta property=\"og:image:height\" content=\"1000\" \/>\n\t<meta property=\"og:image:type\" content=\"image\/jpeg\" \/>\n<meta name=\"twitter:card\" content=\"summary_large_image\" \/>\n<meta name=\"twitter:image\" content=\"https:\/\/gr1993records.com\/wp-content\/uploads\/2021\/09\/europenmantra_yancha_webshop_cover.jpg\" \/>\n<meta name=\"twitter:label1\" content=\"Becs\u00fclt olvas\u00e1si id\u0151\" \/>\n\t<meta name=\"twitter:data1\" content=\"2 perc\" \/>\n<script type=\"application\/ld+json\" class=\"yoast-schema-graph\">{\"@context\":\"https:\/\/schema.org\",\"@graph\":[{\"@type\":\"WebPage\",\"@id\":\"https:\/\/gr1993records.com\/index.php\/product\/european-mantra-yancha-downloadable\/\",\"url\":\"https:\/\/gr1993records.com\/index.php\/product\/european-mantra-yancha-downloadable\/\",\"name\":\"European Mantra Yancha (Let\u00f6lthet\u0151 album) &#8211; GR1993 Records\",\"isPartOf\":{\"@id\":\"https:\/\/gr1993records.com\/#website\"},\"primaryImageOfPage\":{\"@id\":\"https:\/\/gr1993records.com\/index.php\/product\/european-mantra-yancha-downloadable\/#primaryimage\"},\"image\":{\"@id\":\"https:\/\/gr1993records.com\/index.php\/product\/european-mantra-yancha-downloadable\/#primaryimage\"},\"thumbnailUrl\":\"https:\/\/gr1993records.com\/wp-content\/uploads\/2021\/09\/europenmantra_yancha_webshop_cover.jpg\",\"datePublished\":\"2021-09-20T09:07:04+00:00\",\"dateModified\":\"2026-03-31T08:53:33+00:00\",\"breadcrumb\":{\"@id\":\"https:\/\/gr1993records.com\/index.php\/product\/european-mantra-yancha-downloadable\/#breadcrumb\"},\"inLanguage\":\"hu\",\"potentialAction\":[{\"@type\":\"ReadAction\",\"target\":[\"https:\/\/gr1993records.com\/index.php\/product\/european-mantra-yancha-downloadable\/\"]}]},{\"@type\":\"ImageObject\",\"inLanguage\":\"hu\",\"@id\":\"https:\/\/gr1993records.com\/index.php\/product\/european-mantra-yancha-downloadable\/#primaryimage\",\"url\":\"https:\/\/gr1993records.com\/wp-content\/uploads\/2021\/09\/europenmantra_yancha_webshop_cover.jpg\",\"contentUrl\":\"https:\/\/gr1993records.com\/wp-content\/uploads\/2021\/09\/europenmantra_yancha_webshop_cover.jpg\",\"width\":1000,\"height\":1000},{\"@type\":\"BreadcrumbList\",\"@id\":\"https:\/\/gr1993records.com\/index.php\/product\/european-mantra-yancha-downloadable\/#breadcrumb\",\"itemListElement\":[{\"@type\":\"ListItem\",\"position\":1,\"name\":\"Home\",\"item\":\"https:\/\/gr1993records.com\/\"},{\"@type\":\"ListItem\",\"position\":2,\"name\":\"Kiadv\u00e1nyok\",\"item\":\"https:\/\/gr1993records.com\/index.php\/shop\/\"},{\"@type\":\"ListItem\",\"position\":3,\"name\":\"[:hu]European Mantra Yancha (Let\u00f6lthet\u0151 album)[:en]European Mantra Yancha (Downladable album)[:]\"}]},{\"@type\":\"WebSite\",\"@id\":\"https:\/\/gr1993records.com\/#website\",\"url\":\"https:\/\/gr1993records.com\/\",\"name\":\"GR1993 Records\",\"description\":\"\",\"publisher\":{\"@id\":\"https:\/\/gr1993records.com\/#organization\"},\"potentialAction\":[{\"@type\":\"SearchAction\",\"target\":{\"@type\":\"EntryPoint\",\"urlTemplate\":\"https:\/\/gr1993records.com\/?s={search_term_string}\"},\"query-input\":{\"@type\":\"PropertyValueSpecification\",\"valueRequired\":true,\"valueName\":\"search_term_string\"}}],\"inLanguage\":\"hu\"},{\"@type\":\"Organization\",\"@id\":\"https:\/\/gr1993records.com\/#organization\",\"name\":\"Gramy-H Ltd.\",\"url\":\"https:\/\/gr1993records.com\/\",\"logo\":{\"@type\":\"ImageObject\",\"inLanguage\":\"hu\",\"@id\":\"https:\/\/gr1993records.com\/#\/schema\/logo\/image\/\",\"url\":\"https:\/\/gr1993records.com\/wp-content\/uploads\/2019\/08\/GR1993_Records_logo_CC.png\",\"contentUrl\":\"https:\/\/gr1993records.com\/wp-content\/uploads\/2019\/08\/GR1993_Records_logo_CC.png\",\"width\":2900,\"height\":2001,\"caption\":\"Gramy-H Ltd.\"},\"image\":{\"@id\":\"https:\/\/gr1993records.com\/#\/schema\/logo\/image\/\"},\"sameAs\":[\"https:\/\/www.facebook.com\/GR1993Records-113564886691383\/\"]}]}<\/script>\n<!-- \/ Yoast SEO plugin. -->","yoast_head_json":{"title":"European Mantra Yancha (Let\u00f6lthet\u0151 album) &#8211; GR1993 Records","robots":{"index":"index","follow":"follow","max-snippet":"max-snippet:-1","max-image-preview":"max-image-preview:large","max-video-preview":"max-video-preview:-1"},"canonical":"https:\/\/gr1993records.com\/index.php\/product\/european-mantra-yancha-downloadable\/","og_locale":"hu_HU","og_type":"article","og_title":"European Mantra Yancha (Let\u00f6lthet\u0151 album) &#8211; GR1993 Records","og_description":"[:hu]A European Mantra fogalom a magyar zenei \u00e9letben. A sokszoros hazai \u00e9s nemzetk\u00f6zi d\u00edjas Borlai Gerg\u0151 dobos vezette zenekar 2021-es albuma a GR1993 Records gondoz\u00e1s\u00e1ban jelent meg.  24 bit\/48 kHz, master file quality[:en]European Mantra is a yardstick in the Hungarian music scene. The 2021 release of the band led by the multiple Hungarian and international award-winning drummer Gerg\u0151 Borlai will be published by GR1993 Records.  24 bit\/48 kHz, master file quality[:]","og_url":"https:\/\/gr1993records.com\/index.php\/product\/european-mantra-yancha-downloadable\/","og_site_name":"GR1993 Records","article_publisher":"https:\/\/www.facebook.com\/GR1993Records-113564886691383\/","article_modified_time":"2026-03-31T08:53:33+00:00","og_image":[{"width":1000,"height":1000,"url":"https:\/\/gr1993records.com\/wp-content\/uploads\/2021\/09\/europenmantra_yancha_webshop_cover.jpg","type":"image\/jpeg"}],"twitter_card":"summary_large_image","twitter_image":"https:\/\/gr1993records.com\/wp-content\/uploads\/2021\/09\/europenmantra_yancha_webshop_cover.jpg","twitter_misc":{"Becs\u00fclt olvas\u00e1si id\u0151":"2 perc"},"schema":{"@context":"https:\/\/schema.org","@graph":[{"@type":"WebPage","@id":"https:\/\/gr1993records.com\/index.php\/product\/european-mantra-yancha-downloadable\/","url":"https:\/\/gr1993records.com\/index.php\/product\/european-mantra-yancha-downloadable\/","name":"European Mantra Yancha (Let\u00f6lthet\u0151 album) &#8211; GR1993 Records","isPartOf":{"@id":"https:\/\/gr1993records.com\/#website"},"primaryImageOfPage":{"@id":"https:\/\/gr1993records.com\/index.php\/product\/european-mantra-yancha-downloadable\/#primaryimage"},"image":{"@id":"https:\/\/gr1993records.com\/index.php\/product\/european-mantra-yancha-downloadable\/#primaryimage"},"thumbnailUrl":"https:\/\/gr1993records.com\/wp-content\/uploads\/2021\/09\/europenmantra_yancha_webshop_cover.jpg","datePublished":"2021-09-20T09:07:04+00:00","dateModified":"2026-03-31T08:53:33+00:00","breadcrumb":{"@id":"https:\/\/gr1993records.com\/index.php\/product\/european-mantra-yancha-downloadable\/#breadcrumb"},"inLanguage":"hu","potentialAction":[{"@type":"ReadAction","target":["https:\/\/gr1993records.com\/index.php\/product\/european-mantra-yancha-downloadable\/"]}]},{"@type":"ImageObject","inLanguage":"hu","@id":"https:\/\/gr1993records.com\/index.php\/product\/european-mantra-yancha-downloadable\/#primaryimage","url":"https:\/\/gr1993records.com\/wp-content\/uploads\/2021\/09\/europenmantra_yancha_webshop_cover.jpg","contentUrl":"https:\/\/gr1993records.com\/wp-content\/uploads\/2021\/09\/europenmantra_yancha_webshop_cover.jpg","width":1000,"height":1000},{"@type":"BreadcrumbList","@id":"https:\/\/gr1993records.com\/index.php\/product\/european-mantra-yancha-downloadable\/#breadcrumb","itemListElement":[{"@type":"ListItem","position":1,"name":"Home","item":"https:\/\/gr1993records.com\/"},{"@type":"ListItem","position":2,"name":"Kiadv\u00e1nyok","item":"https:\/\/gr1993records.com\/index.php\/shop\/"},{"@type":"ListItem","position":3,"name":"[:hu]European Mantra Yancha (Let\u00f6lthet\u0151 album)[:en]European Mantra Yancha (Downladable album)[:]"}]},{"@type":"WebSite","@id":"https:\/\/gr1993records.com\/#website","url":"https:\/\/gr1993records.com\/","name":"GR1993 Records","description":"","publisher":{"@id":"https:\/\/gr1993records.com\/#organization"},"potentialAction":[{"@type":"SearchAction","target":{"@type":"EntryPoint","urlTemplate":"https:\/\/gr1993records.com\/?s={search_term_string}"},"query-input":{"@type":"PropertyValueSpecification","valueRequired":true,"valueName":"search_term_string"}}],"inLanguage":"hu"},{"@type":"Organization","@id":"https:\/\/gr1993records.com\/#organization","name":"Gramy-H Ltd.","url":"https:\/\/gr1993records.com\/","logo":{"@type":"ImageObject","inLanguage":"hu","@id":"https:\/\/gr1993records.com\/#\/schema\/logo\/image\/","url":"https:\/\/gr1993records.com\/wp-content\/uploads\/2019\/08\/GR1993_Records_logo_CC.png","contentUrl":"https:\/\/gr1993records.com\/wp-content\/uploads\/2019\/08\/GR1993_Records_logo_CC.png","width":2900,"height":2001,"caption":"Gramy-H Ltd."},"image":{"@id":"https:\/\/gr1993records.com\/#\/schema\/logo\/image\/"},"sameAs":["https:\/\/www.facebook.com\/GR1993Records-113564886691383\/"]}]}},"jetpack_sharing_enabled":true,"_links":{"self":[{"href":"https:\/\/gr1993records.com\/index.php\/wp-json\/wp\/v2\/product\/6519","targetHints":{"allow":["GET"]}}],"collection":[{"href":"https:\/\/gr1993records.com\/index.php\/wp-json\/wp\/v2\/product"}],"about":[{"href":"https:\/\/gr1993records.com\/index.php\/wp-json\/wp\/v2\/types\/product"}],"wp:featuredmedia":[{"embeddable":true,"href":"https:\/\/gr1993records.com\/index.php\/wp-json\/wp\/v2\/media\/6497"}],"wp:attachment":[{"href":"https:\/\/gr1993records.com\/index.php\/wp-json\/wp\/v2\/media?parent=6519"}],"wp:term":[{"taxonomy":"product_brand","embeddable":true,"href":"https:\/\/gr1993records.com\/index.php\/wp-json\/wp\/v2\/product_brand?post=6519"},{"taxonomy":"product_cat","embeddable":true,"href":"https:\/\/gr1993records.com\/index.php\/wp-json\/wp\/v2\/product_cat?post=6519"},{"taxonomy":"product_tag","embeddable":true,"href":"https:\/\/gr1993records.com\/index.php\/wp-json\/wp\/v2\/product_tag?post=6519"}],"curies":[{"name":"wp","href":"https:\/\/api.w.org\/{rel}","templated":true}]}}