{"id":6229,"date":"2021-01-28T16:23:12","date_gmt":"2021-01-28T16:23:12","guid":{"rendered":"https:\/\/gr1993records.com\/?post_type=product&#038;p=6229"},"modified":"2026-03-31T11:46:06","modified_gmt":"2026-03-31T09:46:06","slug":"djabe-live-in-blue-dvd","status":"publish","type":"product","link":"https:\/\/gr1993records.com\/index.php\/product\/djabe-live-in-blue-dvd\/","title":{"rendered":"Djabe <br\/>Live in Blue <br\/>(DVD)"},"content":{"rendered":"<p>[vc_row][vc_column][vc_column_text]A Djabe 2013. m\u00e1rcius elsej\u00e9n surroundban mutatta be Down And Up c\u00edm\u0171 album\u00e1t Budapesten a Pecsa Music Hallban. A koncerten az \u00faj album ut\u00e1n a zenekar teljes \u00e9letp\u00e1ly\u00e1j\u00e1t \u00e1tfog\u00f3 egyveleg k\u00f6vetkezett. Minden id\u0151k egyik legjobb Djabe koncertje volt, melynek \u00e9l\u0151 surround hangz\u00e1sa hamar legend\u00e1ss\u00e1 v\u00e1lt. A DVD lemez ezt a zenei \u00e9s hangz\u00e1s \u00e9lm\u00e9nyt t\u00f6k\u00e9letesen adja vissza.<\/p>\n<p>A korongon szerepl\u0151 \u00f6sszes kompoz\u00edci\u00f3 a lehet\u0151 legjobb min\u0151s\u00e9g\u0171 5.1-es DTS hanggal \u00e9lvezhet\u0151, melyek az eredeti soks\u00e1vos, nagyfelbont\u00e1s\u00fa koncertfelv\u00e9telek felhaszn\u00e1l\u00e1s\u00e1val k\u00e9sz\u00fcltek, Barab\u00e1s Tam\u00e1s hangm\u00e9rn\u00f6k fant\u00e1ziad\u00fas, profi kever\u00e9s\u00e9ben. Nyugodtan kijelenthet\u0151, hogy a kiadv\u00e1ny hanganyaga, a Djabe eset\u00e9ben m\u00e1r szok\u00e1sosnak tekinthet\u0151 maximumot ny\u00fajtja. A zenekar Banai Szil\u00e1rd dobok, Barab\u00e1s Tam\u00e1s \u2013 basszusgit\u00e1r, \u00c9gerh\u00e1zi Attila \u2013 git\u00e1r, Kov\u00e1cs Ferenc \u2013 trombita, heged\u0171 \u00e9s \u00e9nek, Kov\u00e1cs Zolt\u00e1n \u2013 billenty\u0171s hangszerek fel\u00e1ll\u00e1s\u00e1t kieg\u00e9sz\u00edtette Gulli Briem \u2013 \u00fct\u0151hangszerek \u00e9s dob, valamint John Nugent szaxofon j\u00e1t\u00e9ka. A Live in Blue DVD a Djabe zenekar k\u00e9k sorozat\u00e1nak negyedik kiadv\u00e1nya. A t\u00f6rzsanyaga nem m\u00e1s, mint a rendk\u00edv\u00fcl j\u00f3l siker\u00fclt Down And Up album domin\u00e1ns k\u00e9k f\u00e9nyekkel k\u00eds\u00e9rt 2013-as surround lemezbemutat\u00f3 koncertj\u00e9nek teljes hang- \u00e9s k\u00e9pfelv\u00e9tele. Ezt k\u00f6veti b\u00f3nuszk\u00e9nt egy r\u00e9szlet a 2013. november 8-\u00e1n, a szlov\u00e1kiai v\u00e1g\u00fajhelyi Blue Note Jazz klubban r\u00f6gz\u00edtett koncertb\u0151l. Ezt a koncertet Steve Hackettel k\u00f6z\u00f6sen adta a zenekar. Az \u00f6ssze\u00e1ll\u00edt\u00e1sba olyan sz\u00e1mok sz\u00e1mokat v\u00e1logattak be, melyek a Pecsa Music Hallban nem ker\u00fcltek m\u0171sorra, \u00e9s els\u0151sorban Steve Hackett vagy Genesis kompoz\u00edci\u00f3k. Csemege a rajong\u00f3knak az In That Quiet Earth, a Los Endos, a Last Train To Istanbul \u00e9s a Walking Away From Rainbows. Mindegyik Live in Blue kiadv\u00e1nyon van olyan felv\u00e9tel, ami a t\u00f6bbi korongon nem szerepel. Ezen a DVD-n 26 perc teljesen egyedi felv\u00e9tel tal\u00e1lhat\u00f3, a teljes extra film Blue Note koncertb\u0151l.[\/vc_column_text][vc_separator][vc_column_text]<strong>A lemezen szerepl\u0151 el\u0151ad\u00f3k<\/strong><br \/>\nSzil\u00e1rd Banai \u2013 dobok<br \/>\nTam\u00e1s Barab\u00e1s \u2013 basszusgit\u00e1r<br \/>\nAttila \u00c9gerh\u00e1zi \u2013 git\u00e1r, \u00fct\u0151s hangszerek<br \/>\nFerenc Kov\u00e1cs \u2013 trombita, heged\u0171, sz\u00e1rnyk\u00fcrt, vok\u00e1l<br \/>\nZolt\u00e1n Kov\u00e1cs \u2013 billenty\u0171s hangszerek<br \/>\nSteve Hackett \u2013 git\u00e1r<br \/>\nGulli Briem \u2013 hang, djembe, shaker, dobok<br \/>\nJohn Nugent \u2013 tenor \u00e9s szopr\u00e1n szaxofon[\/vc_column_text][vc_separator][vc_column_text]<strong>Djabe \u2013 Medley No1 &#8211; from Live in Blue album<\/strong>[\/vc_column_text][vc_video link=&#8221;https:\/\/youtu.be\/8MHnDUru6MU&#8221; align=&#8221;center&#8221;][\/vc_column][\/vc_row]<\/p>","protected":false},"excerpt":{"rendered":"<p>A Djabe 2013. m\u00e1rcius elsej\u00e9n surroundban mutatta be Down And Up c\u00edm\u0171 album\u00e1t Budapesten a Pecsa Music Hallban. A koncerten az \u00faj album ut\u00e1n a zenekar teljes \u00e9letp\u00e1ly\u00e1j\u00e1t \u00e1tfog\u00f3 egyveleg k\u00f6vetkezett. Minden id\u0151k egyik legjobb Djabe koncertje volt, melynek \u00e9l\u0151 surround hangz\u00e1sa hamar legend\u00e1ss\u00e1 v\u00e1lt. A DVD lemez ezt a zenei \u00e9s hangz\u00e1s \u00e9lm\u00e9nyt t\u00f6k\u00e9letesen adja vissza.<br \/>\nDVD9, NTSC, Regio Code:0<\/p>\n","protected":false},"featured_media":6231,"template":"","meta":[],"product_brand":[],"product_cat":[93],"product_tag":[],"class_list":{"0":"post-6229","1":"product","2":"type-product","3":"status-publish","4":"has-post-thumbnail","6":"product_cat-dvd","7":"yith_product_brand-djabe","8":"col-12 col-sm-6 col-md-4","10":"first","11":"instock","12":"sale","13":"shipping-taxable","14":"purchasable","15":"product-type-simple"},"yoast_head":"<!-- This site is optimized with the Yoast SEO plugin v27.2 - https:\/\/yoast.com\/product\/yoast-seo-wordpress\/ -->\n<title>Djabe Live in Blue (DVD) &#8211; GR1993 Records<\/title>\n<meta name=\"robots\" content=\"index, follow, max-snippet:-1, max-image-preview:large, max-video-preview:-1\" \/>\n<link rel=\"canonical\" href=\"https:\/\/gr1993records.com\/index.php\/product\/djabe-live-in-blue-dvd\/\" \/>\n<meta property=\"og:locale\" content=\"hu_HU\" \/>\n<meta property=\"og:type\" content=\"article\" \/>\n<meta property=\"og:title\" content=\"Djabe Live in Blue (DVD) &#8211; GR1993 Records\" \/>\n<meta property=\"og:description\" content=\"[:hu]A Djabe 2013. m\u00e1rcius elsej\u00e9n surroundban mutatta be Down And Up c\u00edm\u0171 album\u00e1t Budapesten a Pecsa Music Hallban. A koncerten az \u00faj album ut\u00e1n a zenekar teljes \u00e9letp\u00e1ly\u00e1j\u00e1t \u00e1tfog\u00f3 egyveleg k\u00f6vetkezett. Minden id\u0151k egyik legjobb Djabe koncertje volt, melynek \u00e9l\u0151 surround hangz\u00e1sa hamar legend\u00e1ss\u00e1 v\u00e1lt. A DVD lemez ezt a zenei \u00e9s hangz\u00e1s \u00e9lm\u00e9nyt t\u00f6k\u00e9letesen adja vissza. DVD9, NTSC, Regio Code:0[:en]Djabe\u2019s album Down And Up was presented in live surround sound at the Pecsa Music Hall in Budapest, 1th of March 2013. After performing the whole of the album followed an extensive mix of the whole of Djabe\u2019s walk of life. It was one of the best gigs in the band\u2019s history with the surround sound soon to become legendary. The DVD replicates this experience perfectly. DVD9, NTSC, Regio Code:0[:]\" \/>\n<meta property=\"og:url\" content=\"https:\/\/gr1993records.com\/index.php\/product\/djabe-live-in-blue-dvd\/\" \/>\n<meta property=\"og:site_name\" content=\"GR1993 Records\" \/>\n<meta property=\"article:publisher\" content=\"https:\/\/www.facebook.com\/GR1993Records-113564886691383\/\" \/>\n<meta property=\"article:modified_time\" content=\"2026-03-31T09:46:06+00:00\" \/>\n<meta property=\"og:image\" content=\"https:\/\/gr1993records.com\/wp-content\/uploads\/2021\/01\/kiadvany_djabe_live_in_blue_DVD_front.jpg\" \/>\n\t<meta property=\"og:image:width\" content=\"1000\" \/>\n\t<meta property=\"og:image:height\" content=\"1000\" \/>\n\t<meta property=\"og:image:type\" content=\"image\/jpeg\" \/>\n<meta name=\"twitter:card\" content=\"summary_large_image\" \/>\n<meta name=\"twitter:label1\" content=\"Becs\u00fclt olvas\u00e1si id\u0151\" \/>\n\t<meta name=\"twitter:data1\" content=\"4 perc\" \/>\n<script type=\"application\/ld+json\" class=\"yoast-schema-graph\">{\"@context\":\"https:\/\/schema.org\",\"@graph\":[{\"@type\":\"WebPage\",\"@id\":\"https:\/\/gr1993records.com\/index.php\/product\/djabe-live-in-blue-dvd\/\",\"url\":\"https:\/\/gr1993records.com\/index.php\/product\/djabe-live-in-blue-dvd\/\",\"name\":\"Djabe Live in Blue (DVD) &#8211; GR1993 Records\",\"isPartOf\":{\"@id\":\"https:\/\/gr1993records.com\/#website\"},\"primaryImageOfPage\":{\"@id\":\"https:\/\/gr1993records.com\/index.php\/product\/djabe-live-in-blue-dvd\/#primaryimage\"},\"image\":{\"@id\":\"https:\/\/gr1993records.com\/index.php\/product\/djabe-live-in-blue-dvd\/#primaryimage\"},\"thumbnailUrl\":\"https:\/\/gr1993records.com\/wp-content\/uploads\/2021\/01\/kiadvany_djabe_live_in_blue_DVD_front.jpg\",\"datePublished\":\"2021-01-28T16:23:12+00:00\",\"dateModified\":\"2026-03-31T09:46:06+00:00\",\"breadcrumb\":{\"@id\":\"https:\/\/gr1993records.com\/index.php\/product\/djabe-live-in-blue-dvd\/#breadcrumb\"},\"inLanguage\":\"hu\",\"potentialAction\":[{\"@type\":\"ReadAction\",\"target\":[\"https:\/\/gr1993records.com\/index.php\/product\/djabe-live-in-blue-dvd\/\"]}]},{\"@type\":\"ImageObject\",\"inLanguage\":\"hu\",\"@id\":\"https:\/\/gr1993records.com\/index.php\/product\/djabe-live-in-blue-dvd\/#primaryimage\",\"url\":\"https:\/\/gr1993records.com\/wp-content\/uploads\/2021\/01\/kiadvany_djabe_live_in_blue_DVD_front.jpg\",\"contentUrl\":\"https:\/\/gr1993records.com\/wp-content\/uploads\/2021\/01\/kiadvany_djabe_live_in_blue_DVD_front.jpg\",\"width\":1000,\"height\":1000,\"caption\":\"Djabe \u2013 Live in Blue (DVD) cover\"},{\"@type\":\"BreadcrumbList\",\"@id\":\"https:\/\/gr1993records.com\/index.php\/product\/djabe-live-in-blue-dvd\/#breadcrumb\",\"itemListElement\":[{\"@type\":\"ListItem\",\"position\":1,\"name\":\"Home\",\"item\":\"https:\/\/gr1993records.com\/\"},{\"@type\":\"ListItem\",\"position\":2,\"name\":\"Kiadv\u00e1nyok\",\"item\":\"https:\/\/gr1993records.com\/index.php\/shop\/\"},{\"@type\":\"ListItem\",\"position\":3,\"name\":\"Djabe Live in Blue (DVD)\"}]},{\"@type\":\"WebSite\",\"@id\":\"https:\/\/gr1993records.com\/#website\",\"url\":\"https:\/\/gr1993records.com\/\",\"name\":\"GR1993 Records\",\"description\":\"\",\"publisher\":{\"@id\":\"https:\/\/gr1993records.com\/#organization\"},\"potentialAction\":[{\"@type\":\"SearchAction\",\"target\":{\"@type\":\"EntryPoint\",\"urlTemplate\":\"https:\/\/gr1993records.com\/?s={search_term_string}\"},\"query-input\":{\"@type\":\"PropertyValueSpecification\",\"valueRequired\":true,\"valueName\":\"search_term_string\"}}],\"inLanguage\":\"hu\"},{\"@type\":\"Organization\",\"@id\":\"https:\/\/gr1993records.com\/#organization\",\"name\":\"Gramy-H Ltd.\",\"url\":\"https:\/\/gr1993records.com\/\",\"logo\":{\"@type\":\"ImageObject\",\"inLanguage\":\"hu\",\"@id\":\"https:\/\/gr1993records.com\/#\/schema\/logo\/image\/\",\"url\":\"https:\/\/gr1993records.com\/wp-content\/uploads\/2019\/08\/GR1993_Records_logo_CC.png\",\"contentUrl\":\"https:\/\/gr1993records.com\/wp-content\/uploads\/2019\/08\/GR1993_Records_logo_CC.png\",\"width\":2900,\"height\":2001,\"caption\":\"Gramy-H Ltd.\"},\"image\":{\"@id\":\"https:\/\/gr1993records.com\/#\/schema\/logo\/image\/\"},\"sameAs\":[\"https:\/\/www.facebook.com\/GR1993Records-113564886691383\/\"]}]}<\/script>\n<!-- \/ Yoast SEO plugin. -->","yoast_head_json":{"title":"Djabe Live in Blue (DVD) &#8211; GR1993 Records","robots":{"index":"index","follow":"follow","max-snippet":"max-snippet:-1","max-image-preview":"max-image-preview:large","max-video-preview":"max-video-preview:-1"},"canonical":"https:\/\/gr1993records.com\/index.php\/product\/djabe-live-in-blue-dvd\/","og_locale":"hu_HU","og_type":"article","og_title":"Djabe Live in Blue (DVD) &#8211; GR1993 Records","og_description":"[:hu]A Djabe 2013. m\u00e1rcius elsej\u00e9n surroundban mutatta be Down And Up c\u00edm\u0171 album\u00e1t Budapesten a Pecsa Music Hallban. A koncerten az \u00faj album ut\u00e1n a zenekar teljes \u00e9letp\u00e1ly\u00e1j\u00e1t \u00e1tfog\u00f3 egyveleg k\u00f6vetkezett. Minden id\u0151k egyik legjobb Djabe koncertje volt, melynek \u00e9l\u0151 surround hangz\u00e1sa hamar legend\u00e1ss\u00e1 v\u00e1lt. A DVD lemez ezt a zenei \u00e9s hangz\u00e1s \u00e9lm\u00e9nyt t\u00f6k\u00e9letesen adja vissza. DVD9, NTSC, Regio Code:0[:en]Djabe\u2019s album Down And Up was presented in live surround sound at the Pecsa Music Hall in Budapest, 1th of March 2013. After performing the whole of the album followed an extensive mix of the whole of Djabe\u2019s walk of life. It was one of the best gigs in the band\u2019s history with the surround sound soon to become legendary. The DVD replicates this experience perfectly. DVD9, NTSC, Regio Code:0[:]","og_url":"https:\/\/gr1993records.com\/index.php\/product\/djabe-live-in-blue-dvd\/","og_site_name":"GR1993 Records","article_publisher":"https:\/\/www.facebook.com\/GR1993Records-113564886691383\/","article_modified_time":"2026-03-31T09:46:06+00:00","og_image":[{"width":1000,"height":1000,"url":"https:\/\/gr1993records.com\/wp-content\/uploads\/2021\/01\/kiadvany_djabe_live_in_blue_DVD_front.jpg","type":"image\/jpeg"}],"twitter_card":"summary_large_image","twitter_misc":{"Becs\u00fclt olvas\u00e1si id\u0151":"4 perc"},"schema":{"@context":"https:\/\/schema.org","@graph":[{"@type":"WebPage","@id":"https:\/\/gr1993records.com\/index.php\/product\/djabe-live-in-blue-dvd\/","url":"https:\/\/gr1993records.com\/index.php\/product\/djabe-live-in-blue-dvd\/","name":"Djabe Live in Blue (DVD) &#8211; GR1993 Records","isPartOf":{"@id":"https:\/\/gr1993records.com\/#website"},"primaryImageOfPage":{"@id":"https:\/\/gr1993records.com\/index.php\/product\/djabe-live-in-blue-dvd\/#primaryimage"},"image":{"@id":"https:\/\/gr1993records.com\/index.php\/product\/djabe-live-in-blue-dvd\/#primaryimage"},"thumbnailUrl":"https:\/\/gr1993records.com\/wp-content\/uploads\/2021\/01\/kiadvany_djabe_live_in_blue_DVD_front.jpg","datePublished":"2021-01-28T16:23:12+00:00","dateModified":"2026-03-31T09:46:06+00:00","breadcrumb":{"@id":"https:\/\/gr1993records.com\/index.php\/product\/djabe-live-in-blue-dvd\/#breadcrumb"},"inLanguage":"hu","potentialAction":[{"@type":"ReadAction","target":["https:\/\/gr1993records.com\/index.php\/product\/djabe-live-in-blue-dvd\/"]}]},{"@type":"ImageObject","inLanguage":"hu","@id":"https:\/\/gr1993records.com\/index.php\/product\/djabe-live-in-blue-dvd\/#primaryimage","url":"https:\/\/gr1993records.com\/wp-content\/uploads\/2021\/01\/kiadvany_djabe_live_in_blue_DVD_front.jpg","contentUrl":"https:\/\/gr1993records.com\/wp-content\/uploads\/2021\/01\/kiadvany_djabe_live_in_blue_DVD_front.jpg","width":1000,"height":1000,"caption":"Djabe \u2013 Live in Blue (DVD) cover"},{"@type":"BreadcrumbList","@id":"https:\/\/gr1993records.com\/index.php\/product\/djabe-live-in-blue-dvd\/#breadcrumb","itemListElement":[{"@type":"ListItem","position":1,"name":"Home","item":"https:\/\/gr1993records.com\/"},{"@type":"ListItem","position":2,"name":"Kiadv\u00e1nyok","item":"https:\/\/gr1993records.com\/index.php\/shop\/"},{"@type":"ListItem","position":3,"name":"Djabe Live in Blue (DVD)"}]},{"@type":"WebSite","@id":"https:\/\/gr1993records.com\/#website","url":"https:\/\/gr1993records.com\/","name":"GR1993 Records","description":"","publisher":{"@id":"https:\/\/gr1993records.com\/#organization"},"potentialAction":[{"@type":"SearchAction","target":{"@type":"EntryPoint","urlTemplate":"https:\/\/gr1993records.com\/?s={search_term_string}"},"query-input":{"@type":"PropertyValueSpecification","valueRequired":true,"valueName":"search_term_string"}}],"inLanguage":"hu"},{"@type":"Organization","@id":"https:\/\/gr1993records.com\/#organization","name":"Gramy-H Ltd.","url":"https:\/\/gr1993records.com\/","logo":{"@type":"ImageObject","inLanguage":"hu","@id":"https:\/\/gr1993records.com\/#\/schema\/logo\/image\/","url":"https:\/\/gr1993records.com\/wp-content\/uploads\/2019\/08\/GR1993_Records_logo_CC.png","contentUrl":"https:\/\/gr1993records.com\/wp-content\/uploads\/2019\/08\/GR1993_Records_logo_CC.png","width":2900,"height":2001,"caption":"Gramy-H Ltd."},"image":{"@id":"https:\/\/gr1993records.com\/#\/schema\/logo\/image\/"},"sameAs":["https:\/\/www.facebook.com\/GR1993Records-113564886691383\/"]}]}},"jetpack_sharing_enabled":true,"_links":{"self":[{"href":"https:\/\/gr1993records.com\/index.php\/wp-json\/wp\/v2\/product\/6229","targetHints":{"allow":["GET"]}}],"collection":[{"href":"https:\/\/gr1993records.com\/index.php\/wp-json\/wp\/v2\/product"}],"about":[{"href":"https:\/\/gr1993records.com\/index.php\/wp-json\/wp\/v2\/types\/product"}],"wp:featuredmedia":[{"embeddable":true,"href":"https:\/\/gr1993records.com\/index.php\/wp-json\/wp\/v2\/media\/6231"}],"wp:attachment":[{"href":"https:\/\/gr1993records.com\/index.php\/wp-json\/wp\/v2\/media?parent=6229"}],"wp:term":[{"taxonomy":"product_brand","embeddable":true,"href":"https:\/\/gr1993records.com\/index.php\/wp-json\/wp\/v2\/product_brand?post=6229"},{"taxonomy":"product_cat","embeddable":true,"href":"https:\/\/gr1993records.com\/index.php\/wp-json\/wp\/v2\/product_cat?post=6229"},{"taxonomy":"product_tag","embeddable":true,"href":"https:\/\/gr1993records.com\/index.php\/wp-json\/wp\/v2\/product_tag?post=6229"}],"curies":[{"name":"wp","href":"https:\/\/api.w.org\/{rel}","templated":true}]}}