{"id":6198,"date":"2021-01-25T15:31:14","date_gmt":"2021-01-25T15:31:14","guid":{"rendered":"https:\/\/gr1993records.com\/?post_type=product&#038;p=6198"},"modified":"2026-03-31T11:47:17","modified_gmt":"2026-03-31T09:47:17","slug":"djabe-message-from-the-road-2cddvd","status":"publish","type":"product","link":"https:\/\/gr1993records.com\/product\/djabe-message-from-the-road-2cddvd\/","title":{"rendered":"Djabe <br\/>Message from the Road <br\/>(2CD+DVD)"},"content":{"rendered":"<p>[vc_row][vc_column][vc_column_text]Az album anyag\u00e1t a zenekar 2006-os magyarorsz\u00e1gi, eur\u00f3pai \u00e9s amerikai turn\u00e9ja sor\u00e1n r\u00f6gz\u00edtette. A k\u00e9tlemezes kiadv\u00e1ny egyik korongja audio CD, a m\u00e1sik Dualdisc. A Dualdisc egyik oldala a lej\u00e1tsz\u00f3ba helyezve CD, melyen a koncertfelv\u00e9telek m\u00e1sodik fele hallhat\u00f3, a m\u00e1sik oldala pedig DVD, melyen a teljes koncertanyag tal\u00e1lhat\u00f3, 5.1 surround hangz\u00e1sban.\u00a0A DVD-n helyet kapott egy berlini r\u00e1di\u00f3interj\u00fa, valamint a \u201cVideos from the road\u201d 71 perces koncertbej\u00e1tsz\u00e1sokkal gazdag\u00edtott 2006-os \u00fatifilm is.<br \/>\nA kiadv\u00e1nyt 32 oldalas sz\u00ednes f\u00fczet teszi teljess\u00e9, mely bepillant\u00e1st enged a Djabe turn\u00e9j\u00e1nak \u00fcnnepi \u00e9s h\u00e9tk\u00f6znapi pillanataiba.[\/vc_column_text][vc_separator][vc_column_text]<strong>A lemezen szerepl\u0151 el\u0151ad\u00f3k<\/strong><br \/>\nBarab\u00e1s Tam\u00e1s \u2013 basszusgit\u00e1r<br \/>\n\u00c9gerh\u00e1zi Attila \u2013 git\u00e1rok<br \/>\nSipos Andr\u00e1s \u2013 \u00e9nek, \u00fct\u0151hangszerek<br \/>\nKov\u00e1cs Ferenc \u2013 trombita, sz\u00e1rnyk\u00fcrt, heged\u0171, \u00e9nek<br \/>\nKov\u00e1cs Zolt\u00e1n \u2013 billenty\u0171s hangszerek<br \/>\nBanai Szil\u00e1rd \u2013 dobok[\/vc_column_text][\/vc_column][\/vc_row]<\/p>","protected":false},"excerpt":{"rendered":"<p>Az album anyag\u00e1t a zenekar 2006-os magyarorsz\u00e1gi, eur\u00f3pai \u00e9s amerikai turn\u00e9ja sor\u00e1n r\u00f6gz\u00edtette. A k\u00e9tlemezes kiadv\u00e1ny egyik korongja audio CD, a m\u00e1sik Dualdisc. A Dualdisc egyik oldala a lej\u00e1tsz\u00f3ba helyezve CD, melyen a koncertfelv\u00e9telek m\u00e1sodik fele hallhat\u00f3, a m\u00e1sik oldala pedig DVD, melyen a teljes koncertanyag tal\u00e1lhat\u00f3, 5.1 surround hangz\u00e1sban.\u00a0A DVD-n helyet kapott egy berlini r\u00e1di\u00f3interj\u00fa, valamint a \u201cVideos from the road\u201d 71 perces koncertbej\u00e1tsz\u00e1sokkal gazdag\u00edtott 2006-os \u00fatifilm is.<br \/>\nA kiadv\u00e1nyt 32 oldalas sz\u00ednes f\u00fczet teszi teljess\u00e9, mely bepillant\u00e1st enged a Djabe turn\u00e9j\u00e1nak \u00fcnnepi \u00e9s h\u00e9tk\u00f6znapi pillanataiba.<\/p>\n","protected":false},"featured_media":6199,"template":"","meta":[],"product_brand":[],"product_cat":[92,93],"product_tag":[],"class_list":{"0":"post-6198","1":"product","2":"type-product","3":"status-publish","4":"has-post-thumbnail","6":"product_cat-cd","7":"product_cat-dvd","8":"yith_product_brand-djabe","9":"col-12 col-sm-6 col-md-4","11":"first","12":"instock","13":"shipping-taxable","14":"purchasable","15":"product-type-simple"},"yoast_head":"<!-- This site is optimized with the Yoast SEO plugin v27.4 - https:\/\/yoast.com\/product\/yoast-seo-wordpress\/ -->\n<title>Djabe Message from the Road (2CD+DVD) &#8211; GR1993 Records<\/title>\n<meta name=\"robots\" content=\"index, follow, max-snippet:-1, max-image-preview:large, max-video-preview:-1\" \/>\n<link rel=\"canonical\" href=\"https:\/\/gr1993records.com\/product\/djabe-message-from-the-road-2cddvd\/\" \/>\n<meta property=\"og:locale\" content=\"hu_HU\" \/>\n<meta property=\"og:type\" content=\"article\" \/>\n<meta property=\"og:title\" content=\"Djabe Message from the Road (2CD+DVD) &#8211; GR1993 Records\" \/>\n<meta property=\"og:description\" content=\"[:hu]Az album anyag\u00e1t a zenekar 2006-os magyarorsz\u00e1gi, eur\u00f3pai \u00e9s amerikai turn\u00e9ja sor\u00e1n r\u00f6gz\u00edtette. A k\u00e9tlemezes kiadv\u00e1ny egyik korongja audio CD, a m\u00e1sik Dualdisc. A Dualdisc egyik oldala a lej\u00e1tsz\u00f3ba helyezve CD, melyen a koncertfelv\u00e9telek m\u00e1sodik fele hallhat\u00f3, a m\u00e1sik oldala pedig DVD, melyen a teljes koncertanyag tal\u00e1lhat\u00f3, 5.1 surround hangz\u00e1sban.\u00a0A DVD-n helyet kapott egy berlini r\u00e1di\u00f3interj\u00fa, valamint a \u201cVideos from the road\u201d 71 perces koncertbej\u00e1tsz\u00e1sokkal gazdag\u00edtott 2006-os \u00fatifilm is. A kiadv\u00e1nyt 32 oldalas sz\u00ednes f\u00fczet teszi teljess\u00e9, mely bepillant\u00e1st enged a Djabe turn\u00e9j\u00e1nak \u00fcnnepi \u00e9s h\u00e9tk\u00f6znapi pillanataiba.[:en]The album was recorded during the Slices of Life 2006 tour in the USA, Europe and Hungary. The first disc is CD and the second is dualdisc. The CD side of the dualdisc contains the Part II of the concert, meanwhile the DVD side offers the whole live material in surround 5.1 DTS and dolby digital. In the DVD\u2019s extra features can be found a radio interview originally broadcasted in Berlin in German and English language. The DVD also contains a 71 minutes road movie recorded during the tour with much live footage. A 32 pages colour booklet completes the Djabe tour documentations, gives a range view of great moments of the road life.[:]\" \/>\n<meta property=\"og:url\" content=\"https:\/\/gr1993records.com\/product\/djabe-message-from-the-road-2cddvd\/\" \/>\n<meta property=\"og:site_name\" content=\"GR1993 Records\" \/>\n<meta property=\"article:publisher\" content=\"https:\/\/www.facebook.com\/GR1993Records-113564886691383\/\" \/>\n<meta property=\"article:modified_time\" content=\"2026-03-31T09:47:17+00:00\" \/>\n<meta property=\"og:image\" content=\"https:\/\/gr1993records.com\/wp-content\/uploads\/2021\/01\/kiadvany_djabe_message_2CD_DVD_front.jpg\" \/>\n\t<meta property=\"og:image:width\" content=\"1000\" \/>\n\t<meta property=\"og:image:height\" content=\"1000\" \/>\n\t<meta property=\"og:image:type\" content=\"image\/jpeg\" \/>\n<meta name=\"twitter:card\" content=\"summary_large_image\" \/>\n<meta name=\"twitter:label1\" content=\"Becs\u00fclt olvas\u00e1si id\u0151\" \/>\n\t<meta name=\"twitter:data1\" content=\"2 perc\" \/>\n<script type=\"application\/ld+json\" class=\"yoast-schema-graph\">{\"@context\":\"https:\\\/\\\/schema.org\",\"@graph\":[{\"@type\":\"WebPage\",\"@id\":\"https:\\\/\\\/gr1993records.com\\\/product\\\/djabe-message-from-the-road-2cddvd\\\/\",\"url\":\"https:\\\/\\\/gr1993records.com\\\/product\\\/djabe-message-from-the-road-2cddvd\\\/\",\"name\":\"Djabe Message from the Road (2CD+DVD) &#8211; GR1993 Records\",\"isPartOf\":{\"@id\":\"https:\\\/\\\/gr1993records.com\\\/#website\"},\"primaryImageOfPage\":{\"@id\":\"https:\\\/\\\/gr1993records.com\\\/product\\\/djabe-message-from-the-road-2cddvd\\\/#primaryimage\"},\"image\":{\"@id\":\"https:\\\/\\\/gr1993records.com\\\/product\\\/djabe-message-from-the-road-2cddvd\\\/#primaryimage\"},\"thumbnailUrl\":\"https:\\\/\\\/gr1993records.com\\\/wp-content\\\/uploads\\\/2021\\\/01\\\/kiadvany_djabe_message_2CD_DVD_front.jpg\",\"datePublished\":\"2021-01-25T15:31:14+00:00\",\"dateModified\":\"2026-03-31T09:47:17+00:00\",\"breadcrumb\":{\"@id\":\"https:\\\/\\\/gr1993records.com\\\/product\\\/djabe-message-from-the-road-2cddvd\\\/#breadcrumb\"},\"inLanguage\":\"hu\",\"potentialAction\":[{\"@type\":\"ReadAction\",\"target\":[\"https:\\\/\\\/gr1993records.com\\\/product\\\/djabe-message-from-the-road-2cddvd\\\/\"]}]},{\"@type\":\"ImageObject\",\"inLanguage\":\"hu\",\"@id\":\"https:\\\/\\\/gr1993records.com\\\/product\\\/djabe-message-from-the-road-2cddvd\\\/#primaryimage\",\"url\":\"https:\\\/\\\/gr1993records.com\\\/wp-content\\\/uploads\\\/2021\\\/01\\\/kiadvany_djabe_message_2CD_DVD_front.jpg\",\"contentUrl\":\"https:\\\/\\\/gr1993records.com\\\/wp-content\\\/uploads\\\/2021\\\/01\\\/kiadvany_djabe_message_2CD_DVD_front.jpg\",\"width\":1000,\"height\":1000,\"caption\":\"Djabe \u2013 Message from the Road (2CD + DVD) cover\"},{\"@type\":\"BreadcrumbList\",\"@id\":\"https:\\\/\\\/gr1993records.com\\\/product\\\/djabe-message-from-the-road-2cddvd\\\/#breadcrumb\",\"itemListElement\":[{\"@type\":\"ListItem\",\"position\":1,\"name\":\"Home\",\"item\":\"https:\\\/\\\/gr1993records.com\\\/?lang=en\"},{\"@type\":\"ListItem\",\"position\":2,\"name\":\"Releases\",\"item\":\"https:\\\/\\\/gr1993records.com\\\/shop\\\/?lang=en\"},{\"@type\":\"ListItem\",\"position\":3,\"name\":\"Djabe Message from the Road (2CD+DVD)\"}]},{\"@type\":\"WebSite\",\"@id\":\"https:\\\/\\\/gr1993records.com\\\/#website\",\"url\":\"https:\\\/\\\/gr1993records.com\\\/\",\"name\":\"GR1993 Records\",\"description\":\"\",\"publisher\":{\"@id\":\"https:\\\/\\\/gr1993records.com\\\/#organization\"},\"potentialAction\":[{\"@type\":\"SearchAction\",\"target\":{\"@type\":\"EntryPoint\",\"urlTemplate\":\"https:\\\/\\\/gr1993records.com\\\/?s={search_term_string}\"},\"query-input\":{\"@type\":\"PropertyValueSpecification\",\"valueRequired\":true,\"valueName\":\"search_term_string\"}}],\"inLanguage\":\"hu\"},{\"@type\":\"Organization\",\"@id\":\"https:\\\/\\\/gr1993records.com\\\/#organization\",\"name\":\"Gramy-H Ltd.\",\"url\":\"https:\\\/\\\/gr1993records.com\\\/\",\"logo\":{\"@type\":\"ImageObject\",\"inLanguage\":\"hu\",\"@id\":\"https:\\\/\\\/gr1993records.com\\\/#\\\/schema\\\/logo\\\/image\\\/\",\"url\":\"https:\\\/\\\/gr1993records.com\\\/wp-content\\\/uploads\\\/2019\\\/08\\\/GR1993_Records_logo_CC.png\",\"contentUrl\":\"https:\\\/\\\/gr1993records.com\\\/wp-content\\\/uploads\\\/2019\\\/08\\\/GR1993_Records_logo_CC.png\",\"width\":2900,\"height\":2001,\"caption\":\"Gramy-H Ltd.\"},\"image\":{\"@id\":\"https:\\\/\\\/gr1993records.com\\\/#\\\/schema\\\/logo\\\/image\\\/\"},\"sameAs\":[\"https:\\\/\\\/www.facebook.com\\\/GR1993Records-113564886691383\\\/\"]}]}<\/script>\n<!-- \/ Yoast SEO plugin. -->","yoast_head_json":{"title":"Djabe Message from the Road (2CD+DVD) &#8211; GR1993 Records","robots":{"index":"index","follow":"follow","max-snippet":"max-snippet:-1","max-image-preview":"max-image-preview:large","max-video-preview":"max-video-preview:-1"},"canonical":"https:\/\/gr1993records.com\/product\/djabe-message-from-the-road-2cddvd\/","og_locale":"hu_HU","og_type":"article","og_title":"Djabe Message from the Road (2CD+DVD) &#8211; GR1993 Records","og_description":"[:hu]Az album anyag\u00e1t a zenekar 2006-os magyarorsz\u00e1gi, eur\u00f3pai \u00e9s amerikai turn\u00e9ja sor\u00e1n r\u00f6gz\u00edtette. A k\u00e9tlemezes kiadv\u00e1ny egyik korongja audio CD, a m\u00e1sik Dualdisc. A Dualdisc egyik oldala a lej\u00e1tsz\u00f3ba helyezve CD, melyen a koncertfelv\u00e9telek m\u00e1sodik fele hallhat\u00f3, a m\u00e1sik oldala pedig DVD, melyen a teljes koncertanyag tal\u00e1lhat\u00f3, 5.1 surround hangz\u00e1sban.\u00a0A DVD-n helyet kapott egy berlini r\u00e1di\u00f3interj\u00fa, valamint a \u201cVideos from the road\u201d 71 perces koncertbej\u00e1tsz\u00e1sokkal gazdag\u00edtott 2006-os \u00fatifilm is. A kiadv\u00e1nyt 32 oldalas sz\u00ednes f\u00fczet teszi teljess\u00e9, mely bepillant\u00e1st enged a Djabe turn\u00e9j\u00e1nak \u00fcnnepi \u00e9s h\u00e9tk\u00f6znapi pillanataiba.[:en]The album was recorded during the Slices of Life 2006 tour in the USA, Europe and Hungary. The first disc is CD and the second is dualdisc. The CD side of the dualdisc contains the Part II of the concert, meanwhile the DVD side offers the whole live material in surround 5.1 DTS and dolby digital. In the DVD\u2019s extra features can be found a radio interview originally broadcasted in Berlin in German and English language. The DVD also contains a 71 minutes road movie recorded during the tour with much live footage. A 32 pages colour booklet completes the Djabe tour documentations, gives a range view of great moments of the road life.[:]","og_url":"https:\/\/gr1993records.com\/product\/djabe-message-from-the-road-2cddvd\/","og_site_name":"GR1993 Records","article_publisher":"https:\/\/www.facebook.com\/GR1993Records-113564886691383\/","article_modified_time":"2026-03-31T09:47:17+00:00","og_image":[{"width":1000,"height":1000,"url":"https:\/\/gr1993records.com\/wp-content\/uploads\/2021\/01\/kiadvany_djabe_message_2CD_DVD_front.jpg","type":"image\/jpeg"}],"twitter_card":"summary_large_image","twitter_misc":{"Becs\u00fclt olvas\u00e1si id\u0151":"2 perc"},"schema":{"@context":"https:\/\/schema.org","@graph":[{"@type":"WebPage","@id":"https:\/\/gr1993records.com\/product\/djabe-message-from-the-road-2cddvd\/","url":"https:\/\/gr1993records.com\/product\/djabe-message-from-the-road-2cddvd\/","name":"Djabe Message from the Road (2CD+DVD) &#8211; GR1993 Records","isPartOf":{"@id":"https:\/\/gr1993records.com\/#website"},"primaryImageOfPage":{"@id":"https:\/\/gr1993records.com\/product\/djabe-message-from-the-road-2cddvd\/#primaryimage"},"image":{"@id":"https:\/\/gr1993records.com\/product\/djabe-message-from-the-road-2cddvd\/#primaryimage"},"thumbnailUrl":"https:\/\/gr1993records.com\/wp-content\/uploads\/2021\/01\/kiadvany_djabe_message_2CD_DVD_front.jpg","datePublished":"2021-01-25T15:31:14+00:00","dateModified":"2026-03-31T09:47:17+00:00","breadcrumb":{"@id":"https:\/\/gr1993records.com\/product\/djabe-message-from-the-road-2cddvd\/#breadcrumb"},"inLanguage":"hu","potentialAction":[{"@type":"ReadAction","target":["https:\/\/gr1993records.com\/product\/djabe-message-from-the-road-2cddvd\/"]}]},{"@type":"ImageObject","inLanguage":"hu","@id":"https:\/\/gr1993records.com\/product\/djabe-message-from-the-road-2cddvd\/#primaryimage","url":"https:\/\/gr1993records.com\/wp-content\/uploads\/2021\/01\/kiadvany_djabe_message_2CD_DVD_front.jpg","contentUrl":"https:\/\/gr1993records.com\/wp-content\/uploads\/2021\/01\/kiadvany_djabe_message_2CD_DVD_front.jpg","width":1000,"height":1000,"caption":"Djabe \u2013 Message from the Road (2CD + DVD) cover"},{"@type":"BreadcrumbList","@id":"https:\/\/gr1993records.com\/product\/djabe-message-from-the-road-2cddvd\/#breadcrumb","itemListElement":[{"@type":"ListItem","position":1,"name":"Home","item":"https:\/\/gr1993records.com\/?lang=en"},{"@type":"ListItem","position":2,"name":"Releases","item":"https:\/\/gr1993records.com\/shop\/?lang=en"},{"@type":"ListItem","position":3,"name":"Djabe Message from the Road (2CD+DVD)"}]},{"@type":"WebSite","@id":"https:\/\/gr1993records.com\/#website","url":"https:\/\/gr1993records.com\/","name":"GR1993 Records","description":"","publisher":{"@id":"https:\/\/gr1993records.com\/#organization"},"potentialAction":[{"@type":"SearchAction","target":{"@type":"EntryPoint","urlTemplate":"https:\/\/gr1993records.com\/?s={search_term_string}"},"query-input":{"@type":"PropertyValueSpecification","valueRequired":true,"valueName":"search_term_string"}}],"inLanguage":"hu"},{"@type":"Organization","@id":"https:\/\/gr1993records.com\/#organization","name":"Gramy-H Ltd.","url":"https:\/\/gr1993records.com\/","logo":{"@type":"ImageObject","inLanguage":"hu","@id":"https:\/\/gr1993records.com\/#\/schema\/logo\/image\/","url":"https:\/\/gr1993records.com\/wp-content\/uploads\/2019\/08\/GR1993_Records_logo_CC.png","contentUrl":"https:\/\/gr1993records.com\/wp-content\/uploads\/2019\/08\/GR1993_Records_logo_CC.png","width":2900,"height":2001,"caption":"Gramy-H Ltd."},"image":{"@id":"https:\/\/gr1993records.com\/#\/schema\/logo\/image\/"},"sameAs":["https:\/\/www.facebook.com\/GR1993Records-113564886691383\/"]}]}},"jetpack_sharing_enabled":true,"_links":{"self":[{"href":"https:\/\/gr1993records.com\/wp-json\/wp\/v2\/product\/6198","targetHints":{"allow":["GET"]}}],"collection":[{"href":"https:\/\/gr1993records.com\/wp-json\/wp\/v2\/product"}],"about":[{"href":"https:\/\/gr1993records.com\/wp-json\/wp\/v2\/types\/product"}],"wp:featuredmedia":[{"embeddable":true,"href":"https:\/\/gr1993records.com\/wp-json\/wp\/v2\/media\/6199"}],"wp:attachment":[{"href":"https:\/\/gr1993records.com\/wp-json\/wp\/v2\/media?parent=6198"}],"wp:term":[{"taxonomy":"product_brand","embeddable":true,"href":"https:\/\/gr1993records.com\/wp-json\/wp\/v2\/product_brand?post=6198"},{"taxonomy":"product_cat","embeddable":true,"href":"https:\/\/gr1993records.com\/wp-json\/wp\/v2\/product_cat?post=6198"},{"taxonomy":"product_tag","embeddable":true,"href":"https:\/\/gr1993records.com\/wp-json\/wp\/v2\/product_tag?post=6198"}],"curies":[{"name":"wp","href":"https:\/\/api.w.org\/{rel}","templated":true}]}}