{"id":6165,"date":"2021-01-20T15:24:16","date_gmt":"2021-01-20T15:24:16","guid":{"rendered":"https:\/\/gr1993records.com\/?post_type=product&#038;p=6165"},"modified":"2026-03-31T11:48:46","modified_gmt":"2026-03-31T09:48:46","slug":"djabe-update-5-1-dvd-audio","status":"publish","type":"product","link":"https:\/\/gr1993records.com\/index.php\/product\/djabe-update-5-1-dvd-audio\/","title":{"rendered":"Djabe <br\/>Update <br\/>(DVD-Audio, 5.1)"},"content":{"rendered":"<p>[vc_row][vc_column][vc_column_text]A 2001-ben els\u0151 alkalommal meg\u00fajult Djabe Update c\u00edm\u0171 lemeze mindj\u00e1rt a m\u00e1jusi megjelen\u00e9s ut\u00e1n eMeRTon d\u00edjat hozott a zenekarnak. A szakmai bizotts\u00e1g az \u00c9v World Music Zenekara c\u00edmet adom\u00e1nyozta a Djab\u00e9nak. A komoly elismer\u00e9s azonban nem \u00e1llt meg az orsz\u00e1ghat\u00e1rokn\u00e1l, hiszen ennek az albumnak hat\u00e1s\u00e1ra kapta els\u0151 k\u00fclf\u00f6ldi megh\u00edv\u00e1sait az egy\u00fcttes. Az\u00f3ta m\u00e1r k\u00f6zel 50 orsz\u00e1gban szerepeltek sikerrel.<\/p>\n<p>A 2001-es meg\u00fajul\u00e1s sor\u00e1n a zenekarba \u00faj sz\u00f3lista \u00e9rkezett, Kov\u00e1cs Ferenc szem\u00e9ly\u00e9ben, aki trombit\u00e1n \u00e9s heged\u0171n is gazdag\u00edtotta a hangz\u00e1st. Sipos Andr\u00e1s \u00fct\u0151hangszeres mell\u00e9 a fiatal dobos, Banai Szil\u00e1rd ker\u00fclt, akivel j\u00f3l kieg\u00e9sz\u00edtve egym\u00e1st kit\u0171n\u0151 \u00fct\u0151s szekci\u00f3t alkottak. Teljesen \u00faj funkci\u00f3 volt a zenekar t\u00f6rt\u00e9net\u00e9ben a billenty\u0171s Kov\u00e1cs Zolt\u00e1n \u00e9rkez\u00e9se. A r\u00e9gi tagok k\u00f6z\u00fcl Sipos Andr\u00e1s mellett Barab\u00e1s Tam\u00e1s basszusgit\u00e1ros \u00e9s \u00c9gerh\u00e1zi Attila git\u00e1ros maradtak a zenekarban, mivel Muck Ferenc szaxofonos az \u00e9v v\u00e9g\u00e9n t\u00e1vozott az egy\u00fcttesb\u0151l. 1997-t\u0151l 2000-ig a Djabe hangz\u00e1s\u00e1t er\u0151sen meghat\u00e1rozta a szaxofon, \u00edgy joggal mer\u00fclt fel az ig\u00e9ny, hogy ez a hangszer tov\u00e1bbra is legyen jelen. A szaxofonos Londonb\u00f3l \u00e9rkezett, a vil\u00e1gsz\u00ednvonal\u00fa muzsikus Ben Castle szem\u00e9ly\u00e9ben, aki mag\u00e1val hozta fuvol\u00e1j\u00e1t \u00e9s a basszusklarin\u00e9tot is. Az Update felv\u00e9telein k\u00f6zrem\u0171k\u00f6d\u00f6tt m\u00e9g a Magyarorsz\u00e1gon \u00e9l\u0151, marokk\u00f3i \u00e9nekes-\u00fct\u0151hangszeres Sa\u00efd Tichiti is, aki jellegzetes marokk\u00f3i n\u00e9pies gembri j\u00e1t\u00e9k\u00e1val \u00e9s \u00e9nekhangj\u00e1val k\u00fcl\u00f6nleges \u00edzt adott a First Step c\u00edm\u0171 kompoz\u00edci\u00f3nak.<\/p>\n<p>A zene a Djabe 1996-2000 k\u00f6z\u00f6tti world music domin\u00e1ns hangz\u00e1s\u00e1hoz k\u00e9pest \u00f6sszetettebb lett \u00e9s elmozdult a jazz ir\u00e1ny\u00e1ba is. Ez nagyban k\u00f6sz\u00f6nhet\u0151 Barab\u00e1s Tam\u00e1s szerzem\u00e9nyeinek, melynek nagy r\u00e9sz\u00e9t \u00c9gerh\u00e1zi Attil\u00e1val k\u00f6z\u00f6sen jegyzi.<\/p>\n<p>Az eMeRTon d\u00edj mellett a CD-t Magyar Zenei D\u00edjra is jel\u00f6lt\u00e9k, mely mutatja, hogy a zenekar tov\u00e1bbra is n\u00e9pszer\u0171 volt a hazai k\u00f6z\u00f6ns\u00e9g k\u00f6r\u00e9ben is. A kiadv\u00e1ny eredetileg CD-n \u00e9s kazett\u00e1n jelent meg. 2011-ben elk\u00e9sz\u00fclt az album surround kever\u00e9se, melyet DVD-Audio lemezen adtak ki k\u00e9t v\u00e1ltozatban is. Az egylemezes csomagol\u00e1s mellett k\u00e9sz\u00fclt egy dupla DVD v\u00e1ltozat is. A m\u00e1sodik DVD-n a 2001-es szolnoki bemutat\u00f3 koncert hallhat\u00f3 teljes hossz\u00fas\u00e1gban szint\u00e9n 5.1 hanggal, valamint rengeteg dokumentum \u00e9s TV felv\u00e9tel ebb\u0151l az id\u0151szakb\u00f3l. A 2011-es deluxe kiad\u00e1sra \u00faj kever\u00e9s nem k\u00e9sz\u00fclt, a zenekar annyira el\u00e9gedett volt Barab\u00e1s Tam\u00e1s 2001-es hangm\u00e9rn\u00f6ki munk\u00e1j\u00e1val, hogy nem l\u00e1tt\u00e1k \u00e9rtelm\u00e9t hozz\u00e1ny\u00falni a hangk\u00e9phez.[\/vc_column_text][vc_separator][vc_column_text]<strong>A lemezen szerepl\u0151 el\u0151ad\u00f3k<\/strong><br \/>\nSipos Andr\u00e1s \u2013 \u00e9nek, \u00fct\u0151hangszerek<br \/>\n\u00c9gerh\u00e1zi Attila \u2013 git\u00e1r<br \/>\nBarab\u00e1s Tam\u00e1s \u2013 basszusgit\u00e1r<br \/>\nKov\u00e1cs Ferenc \u2013 heged\u0171, trombita<br \/>\nKov\u00e1cs Zolt\u00e1n \u2013 zongora<br \/>\nBanai Szil\u00e1rd \u2013 dob<br \/>\nBen Castle \u2013 szaxofon, basszus klarin\u00e9t, fuvola<br \/>\nSaid Tichiti \u2013 \u00e9nek, gembri, karbakat[\/vc_column_text][vc_separator][vc_column_text]<strong>Djabe Update 5.1 reissue 2 DVD &#8211; Video extras: Flying outtakes 2001 recordings<\/strong>[\/vc_column_text][vc_video link=&#8221;https:\/\/youtu.be\/4u5FTQoLKBE&#8221; align=&#8221;center&#8221;][\/vc_column][\/vc_row]<\/p>","protected":false},"excerpt":{"rendered":"<p>10 \u00e9ves jubileumi kiad\u00e1s szimpla DVD-n. Az Update a Djabe korszakalkot\u00f3 albuma. A hattag\u00fara b\u0151v\u00fclt zenekar els\u0151 lemeze, melyre k\u00e9t kiv\u00e1l\u00f3 vend\u00e9g muzsikust is megh\u00edvtak Ben Castle (Sting, Jamie Cullumn, The Brand New Heavies, George Michael), \u00e9s Said Tichiti szem\u00e9ly\u00e9ben.<\/p>\n<p>DVD-Audio lemez nagyfelbont\u00e1s\u00fa MLP stereo \u00e9s surround hangs\u00e1vokkal.<br \/>\nVide\u00f3 extr\u00e1k: koncertvide\u00f3, vide\u00f3klippek, tv interj\u00fak, stb.<br \/>\nAudi\u00f3 extra: pr\u00f3bafelv\u00e9telek.<br \/>\nFot\u00f3gal\u00e9ria<\/p>\n","protected":false},"featured_media":6172,"template":"","meta":[],"product_brand":[],"product_cat":[108],"product_tag":[],"class_list":{"0":"post-6165","1":"product","2":"type-product","3":"status-publish","4":"has-post-thumbnail","6":"product_cat-dvd_audio","7":"yith_product_brand-djabe","8":"col-12 col-sm-6 col-md-4","10":"first","11":"instock","12":"sale","13":"shipping-taxable","14":"purchasable","15":"product-type-simple"},"yoast_head":"<!-- This site is optimized with the Yoast SEO plugin v27.2 - https:\/\/yoast.com\/product\/yoast-seo-wordpress\/ -->\n<title>Djabe Update (DVD-Audio, 5.1) &#8211; GR1993 Records<\/title>\n<meta name=\"robots\" content=\"index, follow, max-snippet:-1, max-image-preview:large, max-video-preview:-1\" \/>\n<link rel=\"canonical\" href=\"https:\/\/gr1993records.com\/index.php\/product\/djabe-update-5-1-dvd-audio\/\" \/>\n<meta property=\"og:locale\" content=\"hu_HU\" \/>\n<meta property=\"og:type\" content=\"article\" \/>\n<meta property=\"og:title\" content=\"Djabe Update (DVD-Audio, 5.1) &#8211; GR1993 Records\" \/>\n<meta property=\"og:description\" content=\"[:hu]10 \u00e9ves jubileumi kiad\u00e1s szimpla DVD-n. Az Update a Djabe korszakalkot\u00f3 albuma. A hattag\u00fara b\u0151v\u00fclt zenekar els\u0151 lemeze, melyre k\u00e9t kiv\u00e1l\u00f3 vend\u00e9g muzsikust is megh\u00edvtak Ben Castle (Sting, Jamie Cullumn, The Brand New Heavies, George Michael), \u00e9s Said Tichiti szem\u00e9ly\u00e9ben.  DVD-Audio lemez nagyfelbont\u00e1s\u00fa MLP stereo \u00e9s surround hangs\u00e1vokkal. Vide\u00f3 extr\u00e1k: koncertvide\u00f3, vide\u00f3klippek, tv interj\u00fak, stb. Audi\u00f3 extra: pr\u00f3bafelv\u00e9telek. Fot\u00f3gal\u00e9ria[:en]10th Anniversary 5.1 reissue on double DVD. This is an excellent studio album of the updated band in 2001. The band earned prestigious eMeRTon award in Hungary in 2001 with Update. The Djabe music kept its original values, but the band made a further step on the road of improvement. The compositions and arrangement became more complex and are of a higher standard; new musicians made richer the already colourful palette of the sound.  The DVD-Audio disc contains remixed 5.1 version in excellent sound quality of the album, with video extras.[:]\" \/>\n<meta property=\"og:url\" content=\"https:\/\/gr1993records.com\/index.php\/product\/djabe-update-5-1-dvd-audio\/\" \/>\n<meta property=\"og:site_name\" content=\"GR1993 Records\" \/>\n<meta property=\"article:publisher\" content=\"https:\/\/www.facebook.com\/GR1993Records-113564886691383\/\" \/>\n<meta property=\"article:modified_time\" content=\"2026-03-31T09:48:46+00:00\" \/>\n<meta property=\"og:image\" content=\"https:\/\/gr1993records.com\/wp-content\/uploads\/2021\/01\/kiadvany_djabe_update_DVD-Audio_front.jpg\" \/>\n\t<meta property=\"og:image:width\" content=\"1000\" \/>\n\t<meta property=\"og:image:height\" content=\"1000\" \/>\n\t<meta property=\"og:image:type\" content=\"image\/jpeg\" \/>\n<meta name=\"twitter:card\" content=\"summary_large_image\" \/>\n<meta name=\"twitter:label1\" content=\"Becs\u00fclt olvas\u00e1si id\u0151\" \/>\n\t<meta name=\"twitter:data1\" content=\"5 perc\" \/>\n<script type=\"application\/ld+json\" class=\"yoast-schema-graph\">{\"@context\":\"https:\/\/schema.org\",\"@graph\":[{\"@type\":\"WebPage\",\"@id\":\"https:\/\/gr1993records.com\/index.php\/product\/djabe-update-5-1-dvd-audio\/\",\"url\":\"https:\/\/gr1993records.com\/index.php\/product\/djabe-update-5-1-dvd-audio\/\",\"name\":\"Djabe Update (DVD-Audio, 5.1) &#8211; GR1993 Records\",\"isPartOf\":{\"@id\":\"https:\/\/gr1993records.com\/#website\"},\"primaryImageOfPage\":{\"@id\":\"https:\/\/gr1993records.com\/index.php\/product\/djabe-update-5-1-dvd-audio\/#primaryimage\"},\"image\":{\"@id\":\"https:\/\/gr1993records.com\/index.php\/product\/djabe-update-5-1-dvd-audio\/#primaryimage\"},\"thumbnailUrl\":\"https:\/\/gr1993records.com\/wp-content\/uploads\/2021\/01\/kiadvany_djabe_update_DVD-Audio_front.jpg\",\"datePublished\":\"2021-01-20T15:24:16+00:00\",\"dateModified\":\"2026-03-31T09:48:46+00:00\",\"breadcrumb\":{\"@id\":\"https:\/\/gr1993records.com\/index.php\/product\/djabe-update-5-1-dvd-audio\/#breadcrumb\"},\"inLanguage\":\"hu\",\"potentialAction\":[{\"@type\":\"ReadAction\",\"target\":[\"https:\/\/gr1993records.com\/index.php\/product\/djabe-update-5-1-dvd-audio\/\"]}]},{\"@type\":\"ImageObject\",\"inLanguage\":\"hu\",\"@id\":\"https:\/\/gr1993records.com\/index.php\/product\/djabe-update-5-1-dvd-audio\/#primaryimage\",\"url\":\"https:\/\/gr1993records.com\/wp-content\/uploads\/2021\/01\/kiadvany_djabe_update_DVD-Audio_front.jpg\",\"contentUrl\":\"https:\/\/gr1993records.com\/wp-content\/uploads\/2021\/01\/kiadvany_djabe_update_DVD-Audio_front.jpg\",\"width\":1000,\"height\":1000,\"caption\":\"Djabe \u2013 Update (DVD-Audio 5.1) cover\"},{\"@type\":\"BreadcrumbList\",\"@id\":\"https:\/\/gr1993records.com\/index.php\/product\/djabe-update-5-1-dvd-audio\/#breadcrumb\",\"itemListElement\":[{\"@type\":\"ListItem\",\"position\":1,\"name\":\"Home\",\"item\":\"https:\/\/gr1993records.com\/\"},{\"@type\":\"ListItem\",\"position\":2,\"name\":\"Kiadv\u00e1nyok\",\"item\":\"https:\/\/gr1993records.com\/index.php\/shop\/\"},{\"@type\":\"ListItem\",\"position\":3,\"name\":\"Djabe Update (DVD-Audio, 5.1)\"}]},{\"@type\":\"WebSite\",\"@id\":\"https:\/\/gr1993records.com\/#website\",\"url\":\"https:\/\/gr1993records.com\/\",\"name\":\"GR1993 Records\",\"description\":\"\",\"publisher\":{\"@id\":\"https:\/\/gr1993records.com\/#organization\"},\"potentialAction\":[{\"@type\":\"SearchAction\",\"target\":{\"@type\":\"EntryPoint\",\"urlTemplate\":\"https:\/\/gr1993records.com\/?s={search_term_string}\"},\"query-input\":{\"@type\":\"PropertyValueSpecification\",\"valueRequired\":true,\"valueName\":\"search_term_string\"}}],\"inLanguage\":\"hu\"},{\"@type\":\"Organization\",\"@id\":\"https:\/\/gr1993records.com\/#organization\",\"name\":\"Gramy-H Ltd.\",\"url\":\"https:\/\/gr1993records.com\/\",\"logo\":{\"@type\":\"ImageObject\",\"inLanguage\":\"hu\",\"@id\":\"https:\/\/gr1993records.com\/#\/schema\/logo\/image\/\",\"url\":\"https:\/\/gr1993records.com\/wp-content\/uploads\/2019\/08\/GR1993_Records_logo_CC.png\",\"contentUrl\":\"https:\/\/gr1993records.com\/wp-content\/uploads\/2019\/08\/GR1993_Records_logo_CC.png\",\"width\":2900,\"height\":2001,\"caption\":\"Gramy-H Ltd.\"},\"image\":{\"@id\":\"https:\/\/gr1993records.com\/#\/schema\/logo\/image\/\"},\"sameAs\":[\"https:\/\/www.facebook.com\/GR1993Records-113564886691383\/\"]}]}<\/script>\n<!-- \/ Yoast SEO plugin. -->","yoast_head_json":{"title":"Djabe Update (DVD-Audio, 5.1) &#8211; GR1993 Records","robots":{"index":"index","follow":"follow","max-snippet":"max-snippet:-1","max-image-preview":"max-image-preview:large","max-video-preview":"max-video-preview:-1"},"canonical":"https:\/\/gr1993records.com\/index.php\/product\/djabe-update-5-1-dvd-audio\/","og_locale":"hu_HU","og_type":"article","og_title":"Djabe Update (DVD-Audio, 5.1) &#8211; GR1993 Records","og_description":"[:hu]10 \u00e9ves jubileumi kiad\u00e1s szimpla DVD-n. Az Update a Djabe korszakalkot\u00f3 albuma. A hattag\u00fara b\u0151v\u00fclt zenekar els\u0151 lemeze, melyre k\u00e9t kiv\u00e1l\u00f3 vend\u00e9g muzsikust is megh\u00edvtak Ben Castle (Sting, Jamie Cullumn, The Brand New Heavies, George Michael), \u00e9s Said Tichiti szem\u00e9ly\u00e9ben.  DVD-Audio lemez nagyfelbont\u00e1s\u00fa MLP stereo \u00e9s surround hangs\u00e1vokkal. Vide\u00f3 extr\u00e1k: koncertvide\u00f3, vide\u00f3klippek, tv interj\u00fak, stb. Audi\u00f3 extra: pr\u00f3bafelv\u00e9telek. Fot\u00f3gal\u00e9ria[:en]10th Anniversary 5.1 reissue on double DVD. This is an excellent studio album of the updated band in 2001. The band earned prestigious eMeRTon award in Hungary in 2001 with Update. The Djabe music kept its original values, but the band made a further step on the road of improvement. The compositions and arrangement became more complex and are of a higher standard; new musicians made richer the already colourful palette of the sound.  The DVD-Audio disc contains remixed 5.1 version in excellent sound quality of the album, with video extras.[:]","og_url":"https:\/\/gr1993records.com\/index.php\/product\/djabe-update-5-1-dvd-audio\/","og_site_name":"GR1993 Records","article_publisher":"https:\/\/www.facebook.com\/GR1993Records-113564886691383\/","article_modified_time":"2026-03-31T09:48:46+00:00","og_image":[{"width":1000,"height":1000,"url":"https:\/\/gr1993records.com\/wp-content\/uploads\/2021\/01\/kiadvany_djabe_update_DVD-Audio_front.jpg","type":"image\/jpeg"}],"twitter_card":"summary_large_image","twitter_misc":{"Becs\u00fclt olvas\u00e1si id\u0151":"5 perc"},"schema":{"@context":"https:\/\/schema.org","@graph":[{"@type":"WebPage","@id":"https:\/\/gr1993records.com\/index.php\/product\/djabe-update-5-1-dvd-audio\/","url":"https:\/\/gr1993records.com\/index.php\/product\/djabe-update-5-1-dvd-audio\/","name":"Djabe Update (DVD-Audio, 5.1) &#8211; GR1993 Records","isPartOf":{"@id":"https:\/\/gr1993records.com\/#website"},"primaryImageOfPage":{"@id":"https:\/\/gr1993records.com\/index.php\/product\/djabe-update-5-1-dvd-audio\/#primaryimage"},"image":{"@id":"https:\/\/gr1993records.com\/index.php\/product\/djabe-update-5-1-dvd-audio\/#primaryimage"},"thumbnailUrl":"https:\/\/gr1993records.com\/wp-content\/uploads\/2021\/01\/kiadvany_djabe_update_DVD-Audio_front.jpg","datePublished":"2021-01-20T15:24:16+00:00","dateModified":"2026-03-31T09:48:46+00:00","breadcrumb":{"@id":"https:\/\/gr1993records.com\/index.php\/product\/djabe-update-5-1-dvd-audio\/#breadcrumb"},"inLanguage":"hu","potentialAction":[{"@type":"ReadAction","target":["https:\/\/gr1993records.com\/index.php\/product\/djabe-update-5-1-dvd-audio\/"]}]},{"@type":"ImageObject","inLanguage":"hu","@id":"https:\/\/gr1993records.com\/index.php\/product\/djabe-update-5-1-dvd-audio\/#primaryimage","url":"https:\/\/gr1993records.com\/wp-content\/uploads\/2021\/01\/kiadvany_djabe_update_DVD-Audio_front.jpg","contentUrl":"https:\/\/gr1993records.com\/wp-content\/uploads\/2021\/01\/kiadvany_djabe_update_DVD-Audio_front.jpg","width":1000,"height":1000,"caption":"Djabe \u2013 Update (DVD-Audio 5.1) cover"},{"@type":"BreadcrumbList","@id":"https:\/\/gr1993records.com\/index.php\/product\/djabe-update-5-1-dvd-audio\/#breadcrumb","itemListElement":[{"@type":"ListItem","position":1,"name":"Home","item":"https:\/\/gr1993records.com\/"},{"@type":"ListItem","position":2,"name":"Kiadv\u00e1nyok","item":"https:\/\/gr1993records.com\/index.php\/shop\/"},{"@type":"ListItem","position":3,"name":"Djabe Update (DVD-Audio, 5.1)"}]},{"@type":"WebSite","@id":"https:\/\/gr1993records.com\/#website","url":"https:\/\/gr1993records.com\/","name":"GR1993 Records","description":"","publisher":{"@id":"https:\/\/gr1993records.com\/#organization"},"potentialAction":[{"@type":"SearchAction","target":{"@type":"EntryPoint","urlTemplate":"https:\/\/gr1993records.com\/?s={search_term_string}"},"query-input":{"@type":"PropertyValueSpecification","valueRequired":true,"valueName":"search_term_string"}}],"inLanguage":"hu"},{"@type":"Organization","@id":"https:\/\/gr1993records.com\/#organization","name":"Gramy-H Ltd.","url":"https:\/\/gr1993records.com\/","logo":{"@type":"ImageObject","inLanguage":"hu","@id":"https:\/\/gr1993records.com\/#\/schema\/logo\/image\/","url":"https:\/\/gr1993records.com\/wp-content\/uploads\/2019\/08\/GR1993_Records_logo_CC.png","contentUrl":"https:\/\/gr1993records.com\/wp-content\/uploads\/2019\/08\/GR1993_Records_logo_CC.png","width":2900,"height":2001,"caption":"Gramy-H Ltd."},"image":{"@id":"https:\/\/gr1993records.com\/#\/schema\/logo\/image\/"},"sameAs":["https:\/\/www.facebook.com\/GR1993Records-113564886691383\/"]}]}},"jetpack_sharing_enabled":true,"_links":{"self":[{"href":"https:\/\/gr1993records.com\/index.php\/wp-json\/wp\/v2\/product\/6165","targetHints":{"allow":["GET"]}}],"collection":[{"href":"https:\/\/gr1993records.com\/index.php\/wp-json\/wp\/v2\/product"}],"about":[{"href":"https:\/\/gr1993records.com\/index.php\/wp-json\/wp\/v2\/types\/product"}],"wp:featuredmedia":[{"embeddable":true,"href":"https:\/\/gr1993records.com\/index.php\/wp-json\/wp\/v2\/media\/6172"}],"wp:attachment":[{"href":"https:\/\/gr1993records.com\/index.php\/wp-json\/wp\/v2\/media?parent=6165"}],"wp:term":[{"taxonomy":"product_brand","embeddable":true,"href":"https:\/\/gr1993records.com\/index.php\/wp-json\/wp\/v2\/product_brand?post=6165"},{"taxonomy":"product_cat","embeddable":true,"href":"https:\/\/gr1993records.com\/index.php\/wp-json\/wp\/v2\/product_cat?post=6165"},{"taxonomy":"product_tag","embeddable":true,"href":"https:\/\/gr1993records.com\/index.php\/wp-json\/wp\/v2\/product_tag?post=6165"}],"curies":[{"name":"wp","href":"https:\/\/api.w.org\/{rel}","templated":true}]}}