{"id":6120,"date":"2021-01-07T10:07:32","date_gmt":"2021-01-07T10:07:32","guid":{"rendered":"https:\/\/gr1993records.com\/?post_type=product&#038;p=6120"},"modified":"2026-03-31T11:49:35","modified_gmt":"2026-03-31T09:49:35","slug":"djabe-witchi-tai-to-media-book-2cd2dvd","status":"publish","type":"product","link":"https:\/\/gr1993records.com\/index.php\/product\/djabe-witchi-tai-to-media-book-2cd2dvd\/","title":{"rendered":"Djabe <\/br>Witchi Tai To <\/br>Mediabook (2CD+2DVD)"},"content":{"rendered":"<p>[vc_row][vc_column][vc_column_text]<strong>Bese Jozef\u00e1k L\u00e1szl\u00f3 (Ellenes\u00faly) aj\u00e1nl\u00f3ja<\/strong><\/p>\n<p>\u201eMegjelent a jazz \/ vil\u00e1gzene m\u00e9rf\u00f6ldk\u00f6v\u00e9nek sz\u00e1m\u00edt\u00f3 1998-as Djabe album luxus kivitel\u0171 monstre \u00fajrakiad\u00e1sa. A Witchi Tai To m\u00e9diabookba csomagolt n\u00e9gylemezes \u00fajrakevert \u00faj v\u00e1ltozata t\u00f6bb mint h\u00e1rom \u00f3ra, kor\u00e1bban kiadatlan extr\u00e1t tartalmaz, a kor\u00e1bban m\u00e1r megjelent egy\u00e9b b\u00f3nuszok: klipek, interj\u00fak, koncertfelv\u00e9telek mellett. A rendk\u00edv\u00fcli sz\u00edn\u00e9sz-zen\u00e9sz egy\u00e9nis\u00e9g Sipos Andr\u00e1s, Sipi 1994-ben tal\u00e1lkozott az \u00c9gerh\u00e1zi Attila vezette Novus Jam egy\u00fcttessel, melynek tagja is lett. K\u00e9t k\u00f6z\u00f6s album ut\u00e1n 1995-ben \u201eDjabe\u201d n\u00e9ven \u00faj projektbe kezdtek. Az 1996-ban megjelent bemutatkoz\u00f3 albumon egy\u00fctt szerepeltek a kor\u00e1bbi Novus Jam muzsikusai \u00e9s a k\u00e9s\u0151bbi Djabe zenekart alkot\u00f3 jazz zen\u00e9szek is. Az igen j\u00f3l siker\u00fclt hanganyag ut\u00e1n felmer\u00fclt az ig\u00e9ny a Djabe zenei vil\u00e1g\u00e1nak \u00e9l\u0151 bemutat\u00e1s\u00e1ra is, melyhez stabil fel\u00e1ll\u00e1s \u00e9s \u00e1lland\u00f3 tags\u00e1g sz\u00fcks\u00e9geltetett. 1997-ben kezdett el koncertezni az \u00c9gerh\u00e1zi Attila \u2013 git\u00e1r, Sipos Andr\u00e1s \u2013 \u00e9nek, \u00fct\u0151hangszerek, Barab\u00e1s Tam\u00e1s \u2013 basszusgit\u00e1r \u00e9s Muck Ferenc \u2013 szaxofon form\u00e1ci\u00f3, mely m\u00e1ra m\u00e1r a Djabe els\u0151 klasszikus fel\u00e1ll\u00e1s\u00e1nak sz\u00e1m\u00edt.A k\u00fcl\u00f6nleges zen\u00e9t m\u00e1r az els\u0151 1997-es koncertekt\u0151l kezdve k\u00fcl\u00f6nleges l\u00e1tv\u00e1nyvil\u00e1g k\u00eds\u00e9rte. A vil\u00e1gsz\u00ednvonal\u00fa produkci\u00f3kat id\u00e9z\u0151, fels\u0151fok\u00fa sz\u00ednpadi l\u00e1tv\u00e1nyr\u00f3l a Vari*Lite vil\u00e1g\u00edt\u00e1stechnika, valamint a Bak\u00f3 G\u00e1bor t\u00e1ncos-koreogr\u00e1fus-t\u00e1nctan\u00e1r vezette t\u00e1nckar gondoskodott. A Djabe Witchi Tai To turn\u00e9j\u00e1nak minden egyes koncertje olyan k\u00fcl\u00f6nleges, \u00e1tfog\u00f3 \u00e9s monument\u00e1lis l\u00e1tv\u00e1nyvil\u00e1ggal rendelkezett, melyhez foghat\u00f3t hazai k\u00f6r\u00fclm\u00e9nyek k\u00f6z\u00f6tt csak n\u00e9h\u00e1ny kiv\u00e9teles el\u0151ad\u00f3n\u00e1l, mint p\u00e9ld\u00e1ul az Omega vagy a Hungarian Pink Floyd Show egyes nagyobb koncertjein lehet megtapasztalni. 1998-ban k\u00e9sz\u00fclt el a Djabe m\u00e1sodik, egy\u00fcttesk\u00e9nt els\u0151 nagylemeze, mely Jim Pepper el\u00e9v\u00fclhetetlen klasszikus\u00e1t\u00f3l, a Witchi Tai To c\u00edm\u0171 \u00f6r\u00f6kz\u00f6ldr\u0151l kapta a c\u00edm\u00e9t. Sipi\u00e9k ezen a m\u00f3don seg\u00edtett\u00e9k a lemezboltosokat, illetve a Djab\u00e9val ismerked\u0151 zenerajong\u00f3kat, hogy a band\u00e1t elhelyezz\u00e9k a polcokon az el\u0151ad\u00f3k \u00e9s a st\u00edlusok k\u00f6z\u00f6tt. Az album szt\u00e1rvend\u00e9ge a Trio Stendhal legend\u00e1ja: Sn\u00e9tberger Ferenc, vil\u00e1gh\u00edr\u0171 git\u00e1rm\u0171v\u00e9sz lett. A m\u00e1sodik Djabe kiadv\u00e1ny egy er\u0151sen \u00e1tgondolt \u00e9s kiforrott produkci\u00f3. Zenei szabads\u00e1g\u00e1ra jellemz\u0151, hogy a Djabe akkori leg\u00e9nys\u00e9ge a Witchi Tai To (\u00e9s az azt k\u00f6vet\u0151 Ly-O-Lay Ale Loya) albumon az egyetemesnek tekinthet\u0151 repetit\u00edv \u201et\u00f6rzsi\u201d ritmusokra harmoniz\u00e1lva b\u00e1tran \u00f6tv\u00f6zte a k\u00fcl\u00f6nb\u00f6z\u0151 kontinensek n\u00e9pzen\u00e9j\u00e9nek jellemz\u0151it, bevett dallamform\u00e1it \u00e9s a j\u00f3 \u00e9rtelemben vett popzene, valamint a popul\u00e1ris jazz \u00e9s funk st\u00edlusjegyeit. D\u00f6bbenetes lett a v\u00e9geredm\u00e9ny. Megjelen\u00e9sekor kirobban\u00f3 sikert \u00e9rt el, szinte letarolta a hazai popszakm\u00e1t. A Witchi Tai To m\u00e1ra m\u00e1r zenei m\u00e9rf\u00f6ldk\u0151nek, alapm\u0171nek sz\u00e1m\u00edt. Az album Arany Zsir\u00e1f d\u00edjat kapott jazz \/ world music kateg\u00f3ri\u00e1ban, mint \u201eAz \u00e9v hazai vil\u00e1gzenei albuma\u201d.[\/vc_column_text][vc_separator][vc_column_text]2015-ben, h\u00fasz \u00e9vvel a Djabe indul\u00e1sa ut\u00e1n a Witchi Tai To Deluxe mediabook form\u00e1ban ism\u00e9t napvil\u00e1got l\u00e1tott. Az LP m\u00e9ret\u0171, 64 oldalas kem\u00e9nyfedeles k\u00f6nyv \u00e1tfog\u00f3an, a teljess\u00e9g ig\u00e9ny\u00e9vel mutatja be ezt a korszakot. Az els\u0151 CD \u00e9s az els\u0151 DVD Barab\u00e1s Tam\u00e1s \u00e1ltal \u00fajrakevert v\u00e1ltozatban mutatja meg a a klasszikuss\u00e1 \u00e9rett album dalait, a DVD-n surround v\u00e1ltozatban sok rejtett finoms\u00e1got el\u0151hozva az anyagb\u00f3l. A 2014-ben m\u00e1r \u00f6n\u00e1ll\u00f3 kiadv\u00e1nyk\u00e9nt, el\u0151zetesk\u00e9nt megjelent DVD-Audio v\u00e1ltozat a Djab\u00e9t\u00f3l m\u00e1r megszokott k\u00e9toldalas (DVD-10) lemez, melynek egyik oldala val\u00f3di DVD-A (a teljes album 5.1 MLP Surround \u00e9s 2.0 MLP stereo 24 bit \/ 96 kHz form\u00e1tumokban), a m\u00e1sodik oldal pedig egy szabv\u00e1nyos DVD-Video (a teljes album 5.1 DTS Surround, 5.1 Dolby Digital Surround \u00e9s 2.0 PCM Stereo 24 bit \/ 48 kHz form\u00e1tumokban), mely tov\u00e1bbi \u00e9rdekes extr\u00e1kat tartalmaz. Ezek egyike, az eredetileg az Enhanced CD-n szerepl\u0151 Confidence, valamint a Djabe Live 1997 c\u00edm\u0171 koncertfilm. Tov\u00e1bb\u00e1 a korongon helyet kapott m\u00e9g k\u00e9t, az album kiad\u00e1sa ut\u00e1n k\u00e9sz\u00fclt vide\u00f3klip, melyek a Djabe, illetve a Coffee Break c\u00edm\u0171 sl\u00e1gerekhez k\u00e9sz\u00fcltek. A m\u00e1sodik CD, mely a Witchi Tai To Live c\u00edmet viseli, 1997 \u00e9s 1999 k\u00f6z\u00f6tti koncertv\u00e1ltozatokat (k\u00f6zt\u00fck a \u201998-as m\u00e1rv\u00e1nytermi koncert anyag\u00e1t), az eredeti CD kiad\u00e1s b\u00f3nusz lemez\u00e9n szerepl\u0151 eredeti b\u00f3nusz dalt, \u00e9s 1998-as pr\u00f3batermi felv\u00e9teleket tartalmaz. A m\u00e1sodik DVD pedig a Witchi Tai To Tour 1998 c\u00edm\u0171 klasszikus koncertvide\u00f3 feljav\u00edtott v\u00e1ltozata, mely kor\u00e1bban csak az 1999-ben napvil\u00e1got l\u00e1tott VHS form\u00e1tumban volt el\u00e9rhet\u0151. A rengeteg extra k\u00f6z\u00f6tt megtal\u00e1lhat\u00f3k m\u00e9g korabeli TV- \u00e9s r\u00e1di\u00f3interj\u00fak \u2013 rengeteg zen\u00e9vel, tov\u00e1bb\u00e1 fot\u00f3albumok, az Arany Zsir\u00e1f d\u00edj \u00e1tad\u00f3\u00fcnneps\u00e9ge, a Coffee Break (Dance version) 2015-\u00f6s vide\u00f3klipje, 20 perc a turn\u00e9 f\u0151pr\u00f3b\u00e1b\u00f3l, valamint az \u00fajrakiad\u00e1shoz tartoz\u00f3, \u00e1tfog\u00f3 visszatekint\u0151 interj\u00fak is. Felt\u00e9tlen \u00e9rdemes m\u00e9g kiemelni, hogy Barab\u00e1s Tam\u00e1s a basszusgit\u00e1r mellett hangm\u00e9rn\u00f6kk\u00e9nt is nagyot alkotott. Olyan szenz\u00e1ci\u00f3san keverte akkor is, anno az eredeti- \u00e9s most a fel\u00faj\u00edtott anyagot is, hogy a Witchi Tai To m\u00e1r csak Tam\u00e1s munk\u00e1ja miatt is \u00e9rdemes a kiemelt figyelemre.<br \/>\nA Witchi Tai To 2015-\u00f6s, 4 lemezes Deluxe \u00fajrakiad\u00e1sa bor\u00edt\u00e9kolhat\u00f3an az \u00e9v legig\u00e9nyesebb hazai kiadv\u00e1ny\u00e1nak fog bizonyulni, mely igen magasra helyezi a l\u00e9cet a tov\u00e1bbi retrospekt\u00edv \u00f6ssze\u00e1ll\u00edt\u00e1sok el\u0151tt. A Djabe egyik cs\u00facsalkot\u00e1s\u00e1nak ultraig\u00e9nyes \u00fajrakiad\u00e1sa k\u00f6telez\u0151 alapm\u0171!\u201d[\/vc_column_text][vc_separator][vc_column_text]<strong>A lemezen szerepl\u0151 el\u0151ad\u00f3k<\/strong><\/p>\n<p>Barab\u00e1s Tam\u00e1s \u2013 basszusgit\u00e1r, \u00fct\u0151shangszerek<br \/>\n\u00c9gerh\u00e1zi Attila \u2013 git\u00e1r, \u00fct\u0151shangszerek<br \/>\nMuck Ferenc \u2013 szaxofon, \u00fct\u0151shangszerek<br \/>\nSipos Andr\u00e1s \u2013 \u00fct\u0151shangszerek, \u00e9nek<br \/>\nSn\u00e9tberger Ferenc \u2013 git\u00e1r<br \/>\nSzal\u00f3ky B\u00e9la \u2013 sz\u00e1rnyk\u00fcrt[\/vc_column_text][vc_separator][vc_column_text]<strong>Djabe &#8211; Desert<\/strong>[\/vc_column_text][vc_video link=&#8221;https:\/\/youtu.be\/Gm5EL5mN4uE&#8221; align=&#8221;center&#8221;][vc_separator][vc_column_text]<strong>Djabe &#8211; Djabe<\/strong>[\/vc_column_text][vc_video link=&#8221;https:\/\/youtu.be\/Lo5_2DShxA4&#8243; align=&#8221;center&#8221;][vc_separator][vc_column_text]<strong>Djabe &#8211; Coffee Break<\/strong>[\/vc_column_text][vc_video link=&#8221;https:\/\/youtu.be\/33ageTnSo6I&#8221; align=&#8221;center&#8221;][\/vc_column][\/vc_row]<\/p>","protected":false},"excerpt":{"rendered":"<p>A jazz\/vil\u00e1gzene m\u00e9rf\u00f6ldk\u00f6v\u00e9nek sz\u00e1m\u00edt\u00f3 1998-as Djabe album luxus kivitel\u0171 monstre \u00fajrakiad\u00e1sa. A Witchi Tai To m\u00e9diabookba csomagolt n\u00e9gylemezes \u00fajrakevert \u00faj v\u00e1ltozata sztere\u00f3ban \u00e9s 5.1-es hangz\u00e1sban is,\u00a0\u00a0t\u00f6bb mint h\u00e1rom \u00f3ra, kor\u00e1bban kiadatlan extr\u00e1t tartalmaz, a kor\u00e1bban m\u00e1r megjelent egy\u00e9b b\u00f3nuszok: klipek, interj\u00fak, koncertfelv\u00e9telek mellett\u2026\u201d<\/p>\n","protected":false},"featured_media":6156,"template":"","meta":[],"product_brand":[],"product_cat":[92,93,107],"product_tag":[],"class_list":{"0":"post-6120","1":"product","2":"type-product","3":"status-publish","4":"has-post-thumbnail","6":"product_cat-cd","7":"product_cat-dvd","8":"product_cat-mediabook","9":"yith_product_brand-djabe","10":"col-12 col-sm-6 col-md-4","12":"first","13":"instock","14":"sale","15":"shipping-taxable","16":"purchasable","17":"product-type-simple"},"yoast_head":"<!-- This site is optimized with the Yoast SEO plugin v27.2 - https:\/\/yoast.com\/product\/yoast-seo-wordpress\/ -->\n<title>Djabe Witchi Tai To Mediabook (2CD+2DVD) &#8211; GR1993 Records<\/title>\n<meta name=\"robots\" content=\"index, follow, max-snippet:-1, max-image-preview:large, max-video-preview:-1\" \/>\n<link rel=\"canonical\" href=\"https:\/\/gr1993records.com\/index.php\/product\/djabe-witchi-tai-to-media-book-2cd2dvd\/\" \/>\n<meta property=\"og:locale\" content=\"hu_HU\" \/>\n<meta property=\"og:type\" content=\"article\" \/>\n<meta property=\"og:title\" content=\"Djabe Witchi Tai To Mediabook (2CD+2DVD) &#8211; GR1993 Records\" \/>\n<meta property=\"og:description\" content=\"[:hu][:hu]A jazz\/vil\u00e1gzene m\u00e9rf\u00f6ldk\u00f6v\u00e9nek sz\u00e1m\u00edt\u00f3 1998-as Djabe album luxus kivitel\u0171 monstre \u00fajrakiad\u00e1sa. A Witchi Tai To m\u00e9diabookba csomagolt n\u00e9gylemezes \u00fajrakevert \u00faj v\u00e1ltozata sztere\u00f3ban \u00e9s 5.1-es hangz\u00e1sban is,\u00a0\u00a0t\u00f6bb mint h\u00e1rom \u00f3ra, kor\u00e1bban kiadatlan extr\u00e1t tartalmaz, a kor\u00e1bban m\u00e1r megjelent egy\u00e9b b\u00f3nuszok: klipek, interj\u00fak, koncertfelv\u00e9telek mellett\u2026\u201d[:en]The monstre re-release of the award-winning Djabe album of 1998, which is considered a milestone to jazz\/world music has come out. The mediabook packed four discs with the new stereo and surround remixed version of \u201cWitchi Tai To\u201d contains more than three hours of previously unreleased extra material like video clips, interviews, unreleased live audio and video recordings, hundreds of unseen photos and interesting articles about the award-winning album and the Djabe.[:][:en]The monstre re-release of the award-winning Djabe album of 1998, which is considered a milestone to jazz\/world music has come out. The mediabook packed four discs with the new stereo and surround remixed version of \u201cWitchi Tai To\u201d contains more than three hours of previously unreleased extra material like video clips, interviews, unreleased live audio and video recordings, hundreds of unseen photos and interesting articles about the award-winning album and the Djabe.[:]\" \/>\n<meta property=\"og:url\" content=\"https:\/\/gr1993records.com\/index.php\/product\/djabe-witchi-tai-to-media-book-2cd2dvd\/\" \/>\n<meta property=\"og:site_name\" content=\"GR1993 Records\" \/>\n<meta property=\"article:publisher\" content=\"https:\/\/www.facebook.com\/GR1993Records-113564886691383\/\" \/>\n<meta property=\"article:modified_time\" content=\"2026-03-31T09:49:35+00:00\" \/>\n<meta property=\"og:image\" content=\"https:\/\/gr1993records.com\/wp-content\/uploads\/2021\/01\/kiadvany_djabe_wtt_mediabook_front.jpg\" \/>\n\t<meta property=\"og:image:width\" content=\"1000\" \/>\n\t<meta property=\"og:image:height\" content=\"1000\" \/>\n\t<meta property=\"og:image:type\" content=\"image\/jpeg\" \/>\n<meta name=\"twitter:card\" content=\"summary_large_image\" \/>\n<meta name=\"twitter:label1\" content=\"Becs\u00fclt olvas\u00e1si id\u0151\" \/>\n\t<meta name=\"twitter:data1\" content=\"16 perc\" \/>\n<script type=\"application\/ld+json\" class=\"yoast-schema-graph\">{\"@context\":\"https:\/\/schema.org\",\"@graph\":[{\"@type\":\"WebPage\",\"@id\":\"https:\/\/gr1993records.com\/index.php\/product\/djabe-witchi-tai-to-media-book-2cd2dvd\/\",\"url\":\"https:\/\/gr1993records.com\/index.php\/product\/djabe-witchi-tai-to-media-book-2cd2dvd\/\",\"name\":\"Djabe Witchi Tai To Mediabook (2CD+2DVD) &#8211; GR1993 Records\",\"isPartOf\":{\"@id\":\"https:\/\/gr1993records.com\/#website\"},\"primaryImageOfPage\":{\"@id\":\"https:\/\/gr1993records.com\/index.php\/product\/djabe-witchi-tai-to-media-book-2cd2dvd\/#primaryimage\"},\"image\":{\"@id\":\"https:\/\/gr1993records.com\/index.php\/product\/djabe-witchi-tai-to-media-book-2cd2dvd\/#primaryimage\"},\"thumbnailUrl\":\"https:\/\/gr1993records.com\/wp-content\/uploads\/2021\/01\/kiadvany_djabe_wtt_mediabook_front.jpg\",\"datePublished\":\"2021-01-07T10:07:32+00:00\",\"dateModified\":\"2026-03-31T09:49:35+00:00\",\"breadcrumb\":{\"@id\":\"https:\/\/gr1993records.com\/index.php\/product\/djabe-witchi-tai-to-media-book-2cd2dvd\/#breadcrumb\"},\"inLanguage\":\"hu\",\"potentialAction\":[{\"@type\":\"ReadAction\",\"target\":[\"https:\/\/gr1993records.com\/index.php\/product\/djabe-witchi-tai-to-media-book-2cd2dvd\/\"]}]},{\"@type\":\"ImageObject\",\"inLanguage\":\"hu\",\"@id\":\"https:\/\/gr1993records.com\/index.php\/product\/djabe-witchi-tai-to-media-book-2cd2dvd\/#primaryimage\",\"url\":\"https:\/\/gr1993records.com\/wp-content\/uploads\/2021\/01\/kiadvany_djabe_wtt_mediabook_front.jpg\",\"contentUrl\":\"https:\/\/gr1993records.com\/wp-content\/uploads\/2021\/01\/kiadvany_djabe_wtt_mediabook_front.jpg\",\"width\":1000,\"height\":1000,\"caption\":\"Djabe \u2013 Witchi Tai To Mediabook (2CD+2DVD) cover\"},{\"@type\":\"BreadcrumbList\",\"@id\":\"https:\/\/gr1993records.com\/index.php\/product\/djabe-witchi-tai-to-media-book-2cd2dvd\/#breadcrumb\",\"itemListElement\":[{\"@type\":\"ListItem\",\"position\":1,\"name\":\"Home\",\"item\":\"https:\/\/gr1993records.com\/\"},{\"@type\":\"ListItem\",\"position\":2,\"name\":\"Kiadv\u00e1nyok\",\"item\":\"https:\/\/gr1993records.com\/index.php\/shop\/\"},{\"@type\":\"ListItem\",\"position\":3,\"name\":\"Djabe Witchi Tai To Mediabook (2CD+2DVD)\"}]},{\"@type\":\"WebSite\",\"@id\":\"https:\/\/gr1993records.com\/#website\",\"url\":\"https:\/\/gr1993records.com\/\",\"name\":\"GR1993 Records\",\"description\":\"\",\"publisher\":{\"@id\":\"https:\/\/gr1993records.com\/#organization\"},\"potentialAction\":[{\"@type\":\"SearchAction\",\"target\":{\"@type\":\"EntryPoint\",\"urlTemplate\":\"https:\/\/gr1993records.com\/?s={search_term_string}\"},\"query-input\":{\"@type\":\"PropertyValueSpecification\",\"valueRequired\":true,\"valueName\":\"search_term_string\"}}],\"inLanguage\":\"hu\"},{\"@type\":\"Organization\",\"@id\":\"https:\/\/gr1993records.com\/#organization\",\"name\":\"Gramy-H Ltd.\",\"url\":\"https:\/\/gr1993records.com\/\",\"logo\":{\"@type\":\"ImageObject\",\"inLanguage\":\"hu\",\"@id\":\"https:\/\/gr1993records.com\/#\/schema\/logo\/image\/\",\"url\":\"https:\/\/gr1993records.com\/wp-content\/uploads\/2019\/08\/GR1993_Records_logo_CC.png\",\"contentUrl\":\"https:\/\/gr1993records.com\/wp-content\/uploads\/2019\/08\/GR1993_Records_logo_CC.png\",\"width\":2900,\"height\":2001,\"caption\":\"Gramy-H Ltd.\"},\"image\":{\"@id\":\"https:\/\/gr1993records.com\/#\/schema\/logo\/image\/\"},\"sameAs\":[\"https:\/\/www.facebook.com\/GR1993Records-113564886691383\/\"]}]}<\/script>\n<!-- \/ Yoast SEO plugin. -->","yoast_head_json":{"title":"Djabe Witchi Tai To Mediabook (2CD+2DVD) &#8211; GR1993 Records","robots":{"index":"index","follow":"follow","max-snippet":"max-snippet:-1","max-image-preview":"max-image-preview:large","max-video-preview":"max-video-preview:-1"},"canonical":"https:\/\/gr1993records.com\/index.php\/product\/djabe-witchi-tai-to-media-book-2cd2dvd\/","og_locale":"hu_HU","og_type":"article","og_title":"Djabe Witchi Tai To Mediabook (2CD+2DVD) &#8211; GR1993 Records","og_description":"[:hu][:hu]A jazz\/vil\u00e1gzene m\u00e9rf\u00f6ldk\u00f6v\u00e9nek sz\u00e1m\u00edt\u00f3 1998-as Djabe album luxus kivitel\u0171 monstre \u00fajrakiad\u00e1sa. A Witchi Tai To m\u00e9diabookba csomagolt n\u00e9gylemezes \u00fajrakevert \u00faj v\u00e1ltozata sztere\u00f3ban \u00e9s 5.1-es hangz\u00e1sban is,\u00a0\u00a0t\u00f6bb mint h\u00e1rom \u00f3ra, kor\u00e1bban kiadatlan extr\u00e1t tartalmaz, a kor\u00e1bban m\u00e1r megjelent egy\u00e9b b\u00f3nuszok: klipek, interj\u00fak, koncertfelv\u00e9telek mellett\u2026\u201d[:en]The monstre re-release of the award-winning Djabe album of 1998, which is considered a milestone to jazz\/world music has come out. The mediabook packed four discs with the new stereo and surround remixed version of \u201cWitchi Tai To\u201d contains more than three hours of previously unreleased extra material like video clips, interviews, unreleased live audio and video recordings, hundreds of unseen photos and interesting articles about the award-winning album and the Djabe.[:][:en]The monstre re-release of the award-winning Djabe album of 1998, which is considered a milestone to jazz\/world music has come out. The mediabook packed four discs with the new stereo and surround remixed version of \u201cWitchi Tai To\u201d contains more than three hours of previously unreleased extra material like video clips, interviews, unreleased live audio and video recordings, hundreds of unseen photos and interesting articles about the award-winning album and the Djabe.[:]","og_url":"https:\/\/gr1993records.com\/index.php\/product\/djabe-witchi-tai-to-media-book-2cd2dvd\/","og_site_name":"GR1993 Records","article_publisher":"https:\/\/www.facebook.com\/GR1993Records-113564886691383\/","article_modified_time":"2026-03-31T09:49:35+00:00","og_image":[{"width":1000,"height":1000,"url":"https:\/\/gr1993records.com\/wp-content\/uploads\/2021\/01\/kiadvany_djabe_wtt_mediabook_front.jpg","type":"image\/jpeg"}],"twitter_card":"summary_large_image","twitter_misc":{"Becs\u00fclt olvas\u00e1si id\u0151":"16 perc"},"schema":{"@context":"https:\/\/schema.org","@graph":[{"@type":"WebPage","@id":"https:\/\/gr1993records.com\/index.php\/product\/djabe-witchi-tai-to-media-book-2cd2dvd\/","url":"https:\/\/gr1993records.com\/index.php\/product\/djabe-witchi-tai-to-media-book-2cd2dvd\/","name":"Djabe Witchi Tai To Mediabook (2CD+2DVD) &#8211; GR1993 Records","isPartOf":{"@id":"https:\/\/gr1993records.com\/#website"},"primaryImageOfPage":{"@id":"https:\/\/gr1993records.com\/index.php\/product\/djabe-witchi-tai-to-media-book-2cd2dvd\/#primaryimage"},"image":{"@id":"https:\/\/gr1993records.com\/index.php\/product\/djabe-witchi-tai-to-media-book-2cd2dvd\/#primaryimage"},"thumbnailUrl":"https:\/\/gr1993records.com\/wp-content\/uploads\/2021\/01\/kiadvany_djabe_wtt_mediabook_front.jpg","datePublished":"2021-01-07T10:07:32+00:00","dateModified":"2026-03-31T09:49:35+00:00","breadcrumb":{"@id":"https:\/\/gr1993records.com\/index.php\/product\/djabe-witchi-tai-to-media-book-2cd2dvd\/#breadcrumb"},"inLanguage":"hu","potentialAction":[{"@type":"ReadAction","target":["https:\/\/gr1993records.com\/index.php\/product\/djabe-witchi-tai-to-media-book-2cd2dvd\/"]}]},{"@type":"ImageObject","inLanguage":"hu","@id":"https:\/\/gr1993records.com\/index.php\/product\/djabe-witchi-tai-to-media-book-2cd2dvd\/#primaryimage","url":"https:\/\/gr1993records.com\/wp-content\/uploads\/2021\/01\/kiadvany_djabe_wtt_mediabook_front.jpg","contentUrl":"https:\/\/gr1993records.com\/wp-content\/uploads\/2021\/01\/kiadvany_djabe_wtt_mediabook_front.jpg","width":1000,"height":1000,"caption":"Djabe \u2013 Witchi Tai To Mediabook (2CD+2DVD) cover"},{"@type":"BreadcrumbList","@id":"https:\/\/gr1993records.com\/index.php\/product\/djabe-witchi-tai-to-media-book-2cd2dvd\/#breadcrumb","itemListElement":[{"@type":"ListItem","position":1,"name":"Home","item":"https:\/\/gr1993records.com\/"},{"@type":"ListItem","position":2,"name":"Kiadv\u00e1nyok","item":"https:\/\/gr1993records.com\/index.php\/shop\/"},{"@type":"ListItem","position":3,"name":"Djabe Witchi Tai To Mediabook (2CD+2DVD)"}]},{"@type":"WebSite","@id":"https:\/\/gr1993records.com\/#website","url":"https:\/\/gr1993records.com\/","name":"GR1993 Records","description":"","publisher":{"@id":"https:\/\/gr1993records.com\/#organization"},"potentialAction":[{"@type":"SearchAction","target":{"@type":"EntryPoint","urlTemplate":"https:\/\/gr1993records.com\/?s={search_term_string}"},"query-input":{"@type":"PropertyValueSpecification","valueRequired":true,"valueName":"search_term_string"}}],"inLanguage":"hu"},{"@type":"Organization","@id":"https:\/\/gr1993records.com\/#organization","name":"Gramy-H Ltd.","url":"https:\/\/gr1993records.com\/","logo":{"@type":"ImageObject","inLanguage":"hu","@id":"https:\/\/gr1993records.com\/#\/schema\/logo\/image\/","url":"https:\/\/gr1993records.com\/wp-content\/uploads\/2019\/08\/GR1993_Records_logo_CC.png","contentUrl":"https:\/\/gr1993records.com\/wp-content\/uploads\/2019\/08\/GR1993_Records_logo_CC.png","width":2900,"height":2001,"caption":"Gramy-H Ltd."},"image":{"@id":"https:\/\/gr1993records.com\/#\/schema\/logo\/image\/"},"sameAs":["https:\/\/www.facebook.com\/GR1993Records-113564886691383\/"]}]}},"jetpack_sharing_enabled":true,"_links":{"self":[{"href":"https:\/\/gr1993records.com\/index.php\/wp-json\/wp\/v2\/product\/6120","targetHints":{"allow":["GET"]}}],"collection":[{"href":"https:\/\/gr1993records.com\/index.php\/wp-json\/wp\/v2\/product"}],"about":[{"href":"https:\/\/gr1993records.com\/index.php\/wp-json\/wp\/v2\/types\/product"}],"wp:featuredmedia":[{"embeddable":true,"href":"https:\/\/gr1993records.com\/index.php\/wp-json\/wp\/v2\/media\/6156"}],"wp:attachment":[{"href":"https:\/\/gr1993records.com\/index.php\/wp-json\/wp\/v2\/media?parent=6120"}],"wp:term":[{"taxonomy":"product_brand","embeddable":true,"href":"https:\/\/gr1993records.com\/index.php\/wp-json\/wp\/v2\/product_brand?post=6120"},{"taxonomy":"product_cat","embeddable":true,"href":"https:\/\/gr1993records.com\/index.php\/wp-json\/wp\/v2\/product_cat?post=6120"},{"taxonomy":"product_tag","embeddable":true,"href":"https:\/\/gr1993records.com\/index.php\/wp-json\/wp\/v2\/product_tag?post=6120"}],"curies":[{"name":"wp","href":"https:\/\/api.w.org\/{rel}","templated":true}]}}