{"id":5754,"date":"2020-05-08T07:47:03","date_gmt":"2020-05-08T07:47:03","guid":{"rendered":"http:\/\/gr1993records.com\/?post_type=product&#038;p=5754"},"modified":"2026-03-31T11:53:18","modified_gmt":"2026-03-31T09:53:18","slug":"horgas-eszter-arcai-iv-latin-fiesta-cd","status":"publish","type":"product","link":"https:\/\/gr1993records.com\/index.php\/product\/horgas-eszter-arcai-iv-latin-fiesta-cd\/","title":{"rendered":"Horgas Eszter Arcai IV. <\/br>Latin Fiesta <\/br>(CD)"},"content":{"rendered":"<p>[vc_row][vc_column][vc_column_text]A 2002. novemberben, az Erkel Sz\u00ednh\u00e1zban rendezett koncertek voltak az els\u00f4 olyan crossover estjeink, ahol a zene, a dramaturgia, a l\u00e1tv\u00e1ny, a t\u00e1nc tal\u00e1lkoztak. Olyan vil\u00e1gok jelentek meg, mint a Buenos Aires-i \u00e9jszaka vagy Don Quijote mes\u00e9s \u00e1lmai&#8230;<br \/>\nA sz\u00ednpadon kilencvenn\u00e9gy muzsikus &#8211; a klasszika, a jazz \u00e9s a pop vil\u00e1g\u00e1b\u00f3l &#8211; egy nap t\u00f6rt\u00e9net\u00e9t d\u00e9li tizenk\u00e9t \u00f3r\u00e1t\u00f3l m\u00e1snap d\u00e9lig zen\u00e9li el. Mese, szerelem, trag\u00e9dia, f\u00e1jdalom \u00e9s mulats\u00e1g&#8230;<br \/>\nEgy nap, amely \u00e9let\u00fcnkr\u00f4l, \u00e1lmainkr\u00f3l, v\u00e1gyainkr\u00f3l, f\u00e9lelmeinkr\u00f4l sz\u00f3l.<br \/>\nEz a CD is &#8211; mint a sorozat harmadik lemeze &#8211; a latin zen\u00e9k birodalm\u00e1ban mozog. Az est meghat\u00e1roz\u00f3 zeneszerz\u00f4je Astor Piazzolla, argentin zeneszerz\u00f4 \u00e9s harm\u00f3nikamuv\u00e9sz, aki a 20. sz\u00e1zad egyik meghat\u00e1roz\u00f3 szem\u00e9lyis\u00e9ge lett. Ez a felv\u00e9tel z\u00e1rja a n\u00e9gyr\u00e9szes Horgas Eszter arcai sorozatot, amely rem\u00e9lem csak az \u00fat kezdete, \u00e9s m\u00e9g sok-sok arc, koncert, el\u00f4ad\u00e1s, munka v\u00e1r r\u00e1m.<br \/>\n<strong>Horgas Eszter<\/strong>[\/vc_column_text][vc_separator][vc_column_text]<strong>A lemezen szerepl\u0151 el\u0151ad\u00f3k<\/strong><br \/>\nHorgas Eszter &#8211; fuvola, altfuvola<br \/>\nOrosz Zolt\u00e1n &#8211; harm\u00f3nika<br \/>\nRicardo Salsa Club<br \/>\nClass &amp; Jazz Band<br \/>\nBudapest Film Orchestra vez\u00e9nyel: Malek Mikl\u00f3s[\/vc_column_text][\/vc_column][\/vc_row]<\/p>","protected":false},"excerpt":{"rendered":"<p>A nagysiker\u0171, n\u00e9gyr\u00e9szes, Horgas Eszter arcait bemutat\u00f3 CD sorozat utols\u00f3 darabja. Az album sodr\u00f3, latinos hangv\u00e9tele m\u00e9lt\u00f3 z\u00e1r\u00e1sa a gy\u0171jtem\u00e9nynek, ism\u00e9t a legkiv\u00e1l\u00f3bb hazai jazz zen\u00e9szek k\u00f6zrem\u0171k\u00f6d\u00e9s\u00e9vel. A nagyzenekart Malek Mikl\u00f3s vez\u00e9nyli.<\/p>\n","protected":false},"featured_media":5756,"template":"","meta":[],"product_brand":[],"product_cat":[92],"product_tag":[],"class_list":{"0":"post-5754","1":"product","2":"type-product","3":"status-publish","4":"has-post-thumbnail","6":"product_cat-cd","7":"yith_product_brand-horgas-eszter","8":"col-12 col-sm-6 col-md-4","10":"first","11":"instock","12":"shipping-taxable","13":"purchasable","14":"product-type-simple"},"yoast_head":"<!-- This site is optimized with the Yoast SEO plugin v27.3 - https:\/\/yoast.com\/product\/yoast-seo-wordpress\/ -->\n<title>Horgas Eszter Arcai IV. Latin Fiesta (CD) &#8211; GR1993 Records<\/title>\n<meta name=\"robots\" content=\"index, follow, max-snippet:-1, max-image-preview:large, max-video-preview:-1\" \/>\n<link rel=\"canonical\" href=\"https:\/\/gr1993records.com\/index.php\/product\/horgas-eszter-arcai-iv-latin-fiesta-cd\/\" \/>\n<meta property=\"og:locale\" content=\"hu_HU\" \/>\n<meta property=\"og:type\" content=\"article\" \/>\n<meta property=\"og:title\" content=\"Horgas Eszter Arcai IV. Latin Fiesta (CD) &#8211; GR1993 Records\" \/>\n<meta property=\"og:description\" content=\"[:hu]A nagysiker\u0171, n\u00e9gyr\u00e9szes, Horgas Eszter arcait bemutat\u00f3 CD sorozat utols\u00f3 darabja. Az album sodr\u00f3, latinos hangv\u00e9tele m\u00e9lt\u00f3 z\u00e1r\u00e1sa a gy\u0171jtem\u00e9nynek, ism\u00e9t a legkiv\u00e1l\u00f3bb hazai jazz zen\u00e9szek k\u00f6zrem\u0171k\u00f6d\u00e9s\u00e9vel. A nagyzenekart Malek Mikl\u00f3s vez\u00e9nyli.[:en]This is the last piece of the successful, four piece CD series, presenting the faces of Eszter Horgas. This captivating, Latin sounding album is a worthy conclusion to the collection, which is performed by the most excellent Hungarian musicians. The orchestra conducted by Mikl\u00f3s Malek.[:]\" \/>\n<meta property=\"og:url\" content=\"https:\/\/gr1993records.com\/index.php\/product\/horgas-eszter-arcai-iv-latin-fiesta-cd\/\" \/>\n<meta property=\"og:site_name\" content=\"GR1993 Records\" \/>\n<meta property=\"article:publisher\" content=\"https:\/\/www.facebook.com\/GR1993Records-113564886691383\/\" \/>\n<meta property=\"article:modified_time\" content=\"2026-03-31T09:53:18+00:00\" \/>\n<meta property=\"og:image\" content=\"https:\/\/gr1993records.com\/wp-content\/uploads\/2020\/05\/kiadvany_horgas_eszter_arcai_IV_CD_front.jpg\" \/>\n\t<meta property=\"og:image:width\" content=\"1000\" \/>\n\t<meta property=\"og:image:height\" content=\"1000\" \/>\n\t<meta property=\"og:image:type\" content=\"image\/jpeg\" \/>\n<meta name=\"twitter:card\" content=\"summary_large_image\" \/>\n<meta name=\"twitter:label1\" content=\"Becs\u00fclt olvas\u00e1si id\u0151\" \/>\n\t<meta name=\"twitter:data1\" content=\"2 perc\" \/>\n<script type=\"application\/ld+json\" class=\"yoast-schema-graph\">{\"@context\":\"https:\\\/\\\/schema.org\",\"@graph\":[{\"@type\":\"WebPage\",\"@id\":\"https:\\\/\\\/gr1993records.com\\\/index.php\\\/product\\\/horgas-eszter-arcai-iv-latin-fiesta-cd\\\/\",\"url\":\"https:\\\/\\\/gr1993records.com\\\/index.php\\\/product\\\/horgas-eszter-arcai-iv-latin-fiesta-cd\\\/\",\"name\":\"Horgas Eszter Arcai IV. Latin Fiesta (CD) &#8211; GR1993 Records\",\"isPartOf\":{\"@id\":\"https:\\\/\\\/gr1993records.com\\\/#website\"},\"primaryImageOfPage\":{\"@id\":\"https:\\\/\\\/gr1993records.com\\\/index.php\\\/product\\\/horgas-eszter-arcai-iv-latin-fiesta-cd\\\/#primaryimage\"},\"image\":{\"@id\":\"https:\\\/\\\/gr1993records.com\\\/index.php\\\/product\\\/horgas-eszter-arcai-iv-latin-fiesta-cd\\\/#primaryimage\"},\"thumbnailUrl\":\"https:\\\/\\\/gr1993records.com\\\/wp-content\\\/uploads\\\/2020\\\/05\\\/kiadvany_horgas_eszter_arcai_IV_CD_front.jpg\",\"datePublished\":\"2020-05-08T07:47:03+00:00\",\"dateModified\":\"2026-03-31T09:53:18+00:00\",\"breadcrumb\":{\"@id\":\"https:\\\/\\\/gr1993records.com\\\/index.php\\\/product\\\/horgas-eszter-arcai-iv-latin-fiesta-cd\\\/#breadcrumb\"},\"inLanguage\":\"hu\",\"potentialAction\":[{\"@type\":\"ReadAction\",\"target\":[\"https:\\\/\\\/gr1993records.com\\\/index.php\\\/product\\\/horgas-eszter-arcai-iv-latin-fiesta-cd\\\/\"]}]},{\"@type\":\"ImageObject\",\"inLanguage\":\"hu\",\"@id\":\"https:\\\/\\\/gr1993records.com\\\/index.php\\\/product\\\/horgas-eszter-arcai-iv-latin-fiesta-cd\\\/#primaryimage\",\"url\":\"https:\\\/\\\/gr1993records.com\\\/wp-content\\\/uploads\\\/2020\\\/05\\\/kiadvany_horgas_eszter_arcai_IV_CD_front.jpg\",\"contentUrl\":\"https:\\\/\\\/gr1993records.com\\\/wp-content\\\/uploads\\\/2020\\\/05\\\/kiadvany_horgas_eszter_arcai_IV_CD_front.jpg\",\"width\":1000,\"height\":1000,\"caption\":\"Horgas Eszter Arcai IV. \u2013 Latin Fiesta (CD) cover\"},{\"@type\":\"BreadcrumbList\",\"@id\":\"https:\\\/\\\/gr1993records.com\\\/index.php\\\/product\\\/horgas-eszter-arcai-iv-latin-fiesta-cd\\\/#breadcrumb\",\"itemListElement\":[{\"@type\":\"ListItem\",\"position\":1,\"name\":\"Home\",\"item\":\"https:\\\/\\\/gr1993records.com\\\/\"},{\"@type\":\"ListItem\",\"position\":2,\"name\":\"Kiadv\u00e1nyok\",\"item\":\"https:\\\/\\\/gr1993records.com\\\/index.php\\\/shop\\\/\"},{\"@type\":\"ListItem\",\"position\":3,\"name\":\"Horgas Eszter Arcai IV. Latin Fiesta (CD)\"}]},{\"@type\":\"WebSite\",\"@id\":\"https:\\\/\\\/gr1993records.com\\\/#website\",\"url\":\"https:\\\/\\\/gr1993records.com\\\/\",\"name\":\"GR1993 Records\",\"description\":\"\",\"publisher\":{\"@id\":\"https:\\\/\\\/gr1993records.com\\\/#organization\"},\"potentialAction\":[{\"@type\":\"SearchAction\",\"target\":{\"@type\":\"EntryPoint\",\"urlTemplate\":\"https:\\\/\\\/gr1993records.com\\\/?s={search_term_string}\"},\"query-input\":{\"@type\":\"PropertyValueSpecification\",\"valueRequired\":true,\"valueName\":\"search_term_string\"}}],\"inLanguage\":\"hu\"},{\"@type\":\"Organization\",\"@id\":\"https:\\\/\\\/gr1993records.com\\\/#organization\",\"name\":\"Gramy-H Ltd.\",\"url\":\"https:\\\/\\\/gr1993records.com\\\/\",\"logo\":{\"@type\":\"ImageObject\",\"inLanguage\":\"hu\",\"@id\":\"https:\\\/\\\/gr1993records.com\\\/#\\\/schema\\\/logo\\\/image\\\/\",\"url\":\"https:\\\/\\\/gr1993records.com\\\/wp-content\\\/uploads\\\/2019\\\/08\\\/GR1993_Records_logo_CC.png\",\"contentUrl\":\"https:\\\/\\\/gr1993records.com\\\/wp-content\\\/uploads\\\/2019\\\/08\\\/GR1993_Records_logo_CC.png\",\"width\":2900,\"height\":2001,\"caption\":\"Gramy-H Ltd.\"},\"image\":{\"@id\":\"https:\\\/\\\/gr1993records.com\\\/#\\\/schema\\\/logo\\\/image\\\/\"},\"sameAs\":[\"https:\\\/\\\/www.facebook.com\\\/GR1993Records-113564886691383\\\/\"]}]}<\/script>\n<!-- \/ Yoast SEO plugin. -->","yoast_head_json":{"title":"Horgas Eszter Arcai IV. Latin Fiesta (CD) &#8211; GR1993 Records","robots":{"index":"index","follow":"follow","max-snippet":"max-snippet:-1","max-image-preview":"max-image-preview:large","max-video-preview":"max-video-preview:-1"},"canonical":"https:\/\/gr1993records.com\/index.php\/product\/horgas-eszter-arcai-iv-latin-fiesta-cd\/","og_locale":"hu_HU","og_type":"article","og_title":"Horgas Eszter Arcai IV. Latin Fiesta (CD) &#8211; GR1993 Records","og_description":"[:hu]A nagysiker\u0171, n\u00e9gyr\u00e9szes, Horgas Eszter arcait bemutat\u00f3 CD sorozat utols\u00f3 darabja. Az album sodr\u00f3, latinos hangv\u00e9tele m\u00e9lt\u00f3 z\u00e1r\u00e1sa a gy\u0171jtem\u00e9nynek, ism\u00e9t a legkiv\u00e1l\u00f3bb hazai jazz zen\u00e9szek k\u00f6zrem\u0171k\u00f6d\u00e9s\u00e9vel. A nagyzenekart Malek Mikl\u00f3s vez\u00e9nyli.[:en]This is the last piece of the successful, four piece CD series, presenting the faces of Eszter Horgas. This captivating, Latin sounding album is a worthy conclusion to the collection, which is performed by the most excellent Hungarian musicians. The orchestra conducted by Mikl\u00f3s Malek.[:]","og_url":"https:\/\/gr1993records.com\/index.php\/product\/horgas-eszter-arcai-iv-latin-fiesta-cd\/","og_site_name":"GR1993 Records","article_publisher":"https:\/\/www.facebook.com\/GR1993Records-113564886691383\/","article_modified_time":"2026-03-31T09:53:18+00:00","og_image":[{"width":1000,"height":1000,"url":"https:\/\/gr1993records.com\/wp-content\/uploads\/2020\/05\/kiadvany_horgas_eszter_arcai_IV_CD_front.jpg","type":"image\/jpeg"}],"twitter_card":"summary_large_image","twitter_misc":{"Becs\u00fclt olvas\u00e1si id\u0151":"2 perc"},"schema":{"@context":"https:\/\/schema.org","@graph":[{"@type":"WebPage","@id":"https:\/\/gr1993records.com\/index.php\/product\/horgas-eszter-arcai-iv-latin-fiesta-cd\/","url":"https:\/\/gr1993records.com\/index.php\/product\/horgas-eszter-arcai-iv-latin-fiesta-cd\/","name":"Horgas Eszter Arcai IV. Latin Fiesta (CD) &#8211; GR1993 Records","isPartOf":{"@id":"https:\/\/gr1993records.com\/#website"},"primaryImageOfPage":{"@id":"https:\/\/gr1993records.com\/index.php\/product\/horgas-eszter-arcai-iv-latin-fiesta-cd\/#primaryimage"},"image":{"@id":"https:\/\/gr1993records.com\/index.php\/product\/horgas-eszter-arcai-iv-latin-fiesta-cd\/#primaryimage"},"thumbnailUrl":"https:\/\/gr1993records.com\/wp-content\/uploads\/2020\/05\/kiadvany_horgas_eszter_arcai_IV_CD_front.jpg","datePublished":"2020-05-08T07:47:03+00:00","dateModified":"2026-03-31T09:53:18+00:00","breadcrumb":{"@id":"https:\/\/gr1993records.com\/index.php\/product\/horgas-eszter-arcai-iv-latin-fiesta-cd\/#breadcrumb"},"inLanguage":"hu","potentialAction":[{"@type":"ReadAction","target":["https:\/\/gr1993records.com\/index.php\/product\/horgas-eszter-arcai-iv-latin-fiesta-cd\/"]}]},{"@type":"ImageObject","inLanguage":"hu","@id":"https:\/\/gr1993records.com\/index.php\/product\/horgas-eszter-arcai-iv-latin-fiesta-cd\/#primaryimage","url":"https:\/\/gr1993records.com\/wp-content\/uploads\/2020\/05\/kiadvany_horgas_eszter_arcai_IV_CD_front.jpg","contentUrl":"https:\/\/gr1993records.com\/wp-content\/uploads\/2020\/05\/kiadvany_horgas_eszter_arcai_IV_CD_front.jpg","width":1000,"height":1000,"caption":"Horgas Eszter Arcai IV. \u2013 Latin Fiesta (CD) cover"},{"@type":"BreadcrumbList","@id":"https:\/\/gr1993records.com\/index.php\/product\/horgas-eszter-arcai-iv-latin-fiesta-cd\/#breadcrumb","itemListElement":[{"@type":"ListItem","position":1,"name":"Home","item":"https:\/\/gr1993records.com\/"},{"@type":"ListItem","position":2,"name":"Kiadv\u00e1nyok","item":"https:\/\/gr1993records.com\/index.php\/shop\/"},{"@type":"ListItem","position":3,"name":"Horgas Eszter Arcai IV. Latin Fiesta (CD)"}]},{"@type":"WebSite","@id":"https:\/\/gr1993records.com\/#website","url":"https:\/\/gr1993records.com\/","name":"GR1993 Records","description":"","publisher":{"@id":"https:\/\/gr1993records.com\/#organization"},"potentialAction":[{"@type":"SearchAction","target":{"@type":"EntryPoint","urlTemplate":"https:\/\/gr1993records.com\/?s={search_term_string}"},"query-input":{"@type":"PropertyValueSpecification","valueRequired":true,"valueName":"search_term_string"}}],"inLanguage":"hu"},{"@type":"Organization","@id":"https:\/\/gr1993records.com\/#organization","name":"Gramy-H Ltd.","url":"https:\/\/gr1993records.com\/","logo":{"@type":"ImageObject","inLanguage":"hu","@id":"https:\/\/gr1993records.com\/#\/schema\/logo\/image\/","url":"https:\/\/gr1993records.com\/wp-content\/uploads\/2019\/08\/GR1993_Records_logo_CC.png","contentUrl":"https:\/\/gr1993records.com\/wp-content\/uploads\/2019\/08\/GR1993_Records_logo_CC.png","width":2900,"height":2001,"caption":"Gramy-H Ltd."},"image":{"@id":"https:\/\/gr1993records.com\/#\/schema\/logo\/image\/"},"sameAs":["https:\/\/www.facebook.com\/GR1993Records-113564886691383\/"]}]}},"jetpack_sharing_enabled":true,"_links":{"self":[{"href":"https:\/\/gr1993records.com\/index.php\/wp-json\/wp\/v2\/product\/5754","targetHints":{"allow":["GET"]}}],"collection":[{"href":"https:\/\/gr1993records.com\/index.php\/wp-json\/wp\/v2\/product"}],"about":[{"href":"https:\/\/gr1993records.com\/index.php\/wp-json\/wp\/v2\/types\/product"}],"wp:featuredmedia":[{"embeddable":true,"href":"https:\/\/gr1993records.com\/index.php\/wp-json\/wp\/v2\/media\/5756"}],"wp:attachment":[{"href":"https:\/\/gr1993records.com\/index.php\/wp-json\/wp\/v2\/media?parent=5754"}],"wp:term":[{"taxonomy":"product_brand","embeddable":true,"href":"https:\/\/gr1993records.com\/index.php\/wp-json\/wp\/v2\/product_brand?post=5754"},{"taxonomy":"product_cat","embeddable":true,"href":"https:\/\/gr1993records.com\/index.php\/wp-json\/wp\/v2\/product_cat?post=5754"},{"taxonomy":"product_tag","embeddable":true,"href":"https:\/\/gr1993records.com\/index.php\/wp-json\/wp\/v2\/product_tag?post=5754"}],"curies":[{"name":"wp","href":"https:\/\/api.w.org\/{rel}","templated":true}]}}