{"id":5692,"date":"2020-04-23T10:47:05","date_gmt":"2020-04-23T10:47:05","guid":{"rendered":"http:\/\/gr1993records.com\/?post_type=product&#038;p=5692"},"modified":"2026-03-31T11:53:37","modified_gmt":"2026-03-31T09:53:37","slug":"djabe-steve-hackett-sipi-emlekkoncert-2dvd","status":"publish","type":"product","link":"https:\/\/gr1993records.com\/product\/djabe-steve-hackett-sipi-emlekkoncert-2dvd\/","title":{"rendered":"Djabe \/ Steve Hackett <\/br>Sipi benefit concert <\/br>(2DVD)"},"content":{"rendered":"<p>[vc_row][vc_column][vc_column_text]<strong>Djabe<\/strong>\u00a0is the No1 Jazz\/World fusion band of Hungary. In 2007 they organized a charity concert for their late percussionist Andras Sipos, as they call him, Sipi\u2019s family. Their long time friend, the former Genesis guitar player helped out to fully pack the concert venue in Budapest. Steve was on stage more than two hours, and not only played in the Djabe tunes, but also has an own acoustic medley.<\/p>\n<p><strong><em>\u201eA triumph homage\u201d<\/em><\/strong><\/p>\n<p><em>\u201eDjabe said farewell to Andr\u00e1s Sipos in a 4-hour monstrous concert. Several guest artists appeared, including actors and musicians, with the special guest, Steve Hackett, whom I have never before seen playing with such happiness. \u2026 they had never been better than on this night. I have never seen them playing so well, it was a fabulous show\u2026\u201d<\/em>[\/vc_column_text][vc_separator][vc_column_text]<strong>Musicians<\/strong><br \/>\nSipos Andr\u00e1s \u2013 percussion, vocal<br \/>\nSteve Hackett \u2013 guitar<br \/>\n\u00c9gerh\u00e1zi Attila \u2013 guitar, percussion<br \/>\nBarab\u00e1s Tam\u00e1s \u2013 bass guitar, derbouka<br \/>\nKov\u00e1cs Ferenc \u2013 trumpet, violin, vocal<br \/>\nKov\u00e1cs Zolt\u00e1n \u2013 keyboards<br \/>\nBanai Szil\u00e1rd \u2013 drums<br \/>\nDresch Mih\u00e1ly \u2013 soprano and tenor saxopnone, flute<br \/>\nBalogh K\u00e1lm\u00e1n \u2013 dulcimer<br \/>\nSaid Tichiti \u2013 vocal, gembri, djembe, derbouka<br \/>\nBudai S\u00e1ndor \u2013 violin<br \/>\nN\u00e9meth Ferenc \u2013 vocal[\/vc_column_text][vc_separator][vc_column_text]<strong>Djabe \/ Steve Hackett &#8211; Reflection of Thi\u00e9rache<\/strong>[\/vc_column_text][vc_video link=&#8221;https:\/\/www.youtube.com\/watch?v=DjCfve63yiQ&#8221; align=&#8221;center&#8221;][vc_separator][vc_column_text]<strong>Djabe \/ Steve Hackett &#8211; Distant Dance<\/strong>[\/vc_column_text][vc_video link=&#8221;https:\/\/www.youtube.com\/watch?v=Wf6C5Iovy50&#8243; align=&#8221;center&#8221;][\/vc_column][\/vc_row]<\/p>","protected":false},"excerpt":{"rendered":"<p>In 2007 Djabe organized a charity concert for their late percussionist Andras Sipos, as they call him, Sipi\u2019s family. Their long time friend, the former Genesis guitar player helped out to fully pack the concert venue in Budapest. Steve was on stage more than two hours, and not only played in the Djabe tunes, but also has an own acoustic medley. It was one of the best Djabe shows ever!<\/p>\n","protected":false},"featured_media":5702,"template":"","meta":[],"product_brand":[],"product_cat":[93],"product_tag":[],"class_list":{"0":"post-5692","1":"product","2":"type-product","3":"status-publish","4":"has-post-thumbnail","6":"product_cat-dvd","7":"yith_product_brand-djabe","8":"yith_product_brand-steve-hackett","9":"col-12 col-sm-6 col-md-4","11":"first","12":"instock","13":"shipping-taxable","14":"purchasable","15":"product-type-simple"},"yoast_head":"<!-- This site is optimized with the Yoast SEO plugin v27.5 - https:\/\/yoast.com\/product\/yoast-seo-wordpress\/ -->\n<title>Djabe \/ Steve Hackett Sipi benefit concert (2DVD) &#8211; GR1993 Records<\/title>\n<meta name=\"robots\" content=\"index, follow, max-snippet:-1, max-image-preview:large, max-video-preview:-1\" \/>\n<link rel=\"canonical\" href=\"https:\/\/gr1993records.com\/product\/djabe-steve-hackett-sipi-emlekkoncert-2dvd\/\" \/>\n<meta property=\"og:locale\" content=\"en_US\" \/>\n<meta property=\"og:type\" content=\"article\" \/>\n<meta property=\"og:title\" content=\"Djabe \/ Steve Hackett Sipi benefit concert (2DVD) &#8211; GR1993 Records\" \/>\n<meta property=\"og:description\" content=\"[:hu]A Djabe zenekar 2007. november 30-\u00e1n, Andr\u00e1s napj\u00e1n minden id\u0151k legjobb koncertj\u00e9t adta Budapesten a Pet\u0151fi Csarnokban. Az el\u0151ad\u00e1s aprop\u00f3ja sajnos egy szomor\u00fa esem\u00e9ny volt, m\u00e9gpedig az egyik alap\u00edt\u00f3 tag, Sipos Andr\u00e1s elveszt\u00e9se. Steve Hackett t\u00f6bb mint k\u00e9t \u00f3r\u00e1t t\u00f6lt\u00f6tt sz\u00ednpadon \u00e9s nem csak a Djabe sz\u00e1mokban j\u00e1tszott, harem el\u0151adott egy saj\u00e1t akusztikus egyveleget is. Minden id\u0151k egyik legjobb Djabe koncertje volt![:en]In 2007 Djabe organized a charity concert for their late percussionist Andras Sipos, as they call him, Sipi\u2019s family. Their long time friend, the former Genesis guitar player helped out to fully pack the concert venue in Budapest. Steve was on stage more than two hours, and not only played in the Djabe tunes, but also has an own acoustic medley. It was one of the best Djabe shows ever![:]\" \/>\n<meta property=\"og:url\" content=\"https:\/\/gr1993records.com\/product\/djabe-steve-hackett-sipi-emlekkoncert-2dvd\/\" \/>\n<meta property=\"og:site_name\" content=\"GR1993 Records\" \/>\n<meta property=\"article:publisher\" content=\"https:\/\/www.facebook.com\/GR1993Records-113564886691383\/\" \/>\n<meta property=\"article:modified_time\" content=\"2026-03-31T09:53:37+00:00\" \/>\n<meta property=\"og:image\" content=\"https:\/\/gr1993records.com\/wp-content\/uploads\/2020\/04\/kiadvany_djabe_sipibenefit_2DVD_front-1.jpg\" \/>\n\t<meta property=\"og:image:width\" content=\"1000\" \/>\n\t<meta property=\"og:image:height\" content=\"1000\" \/>\n\t<meta property=\"og:image:type\" content=\"image\/jpeg\" \/>\n<meta name=\"twitter:card\" content=\"summary_large_image\" \/>\n<meta name=\"twitter:label1\" content=\"Est. reading time\" \/>\n\t<meta name=\"twitter:data1\" content=\"4 minutes\" \/>\n<script type=\"application\/ld+json\" class=\"yoast-schema-graph\">{\"@context\":\"https:\\\/\\\/schema.org\",\"@graph\":[{\"@type\":\"WebPage\",\"@id\":\"https:\\\/\\\/gr1993records.com\\\/product\\\/djabe-steve-hackett-sipi-emlekkoncert-2dvd\\\/\",\"url\":\"https:\\\/\\\/gr1993records.com\\\/product\\\/djabe-steve-hackett-sipi-emlekkoncert-2dvd\\\/\",\"name\":\"Djabe \\\/ Steve Hackett Sipi benefit concert (2DVD) &#8211; GR1993 Records\",\"isPartOf\":{\"@id\":\"https:\\\/\\\/gr1993records.com\\\/#website\"},\"primaryImageOfPage\":{\"@id\":\"https:\\\/\\\/gr1993records.com\\\/product\\\/djabe-steve-hackett-sipi-emlekkoncert-2dvd\\\/#primaryimage\"},\"image\":{\"@id\":\"https:\\\/\\\/gr1993records.com\\\/product\\\/djabe-steve-hackett-sipi-emlekkoncert-2dvd\\\/#primaryimage\"},\"thumbnailUrl\":\"https:\\\/\\\/gr1993records.com\\\/wp-content\\\/uploads\\\/2020\\\/04\\\/kiadvany_djabe_sipibenefit_2DVD_front-1.jpg\",\"datePublished\":\"2020-04-23T10:47:05+00:00\",\"dateModified\":\"2026-03-31T09:53:37+00:00\",\"breadcrumb\":{\"@id\":\"https:\\\/\\\/gr1993records.com\\\/product\\\/djabe-steve-hackett-sipi-emlekkoncert-2dvd\\\/#breadcrumb\"},\"inLanguage\":\"en-US\",\"potentialAction\":[{\"@type\":\"ReadAction\",\"target\":[\"https:\\\/\\\/gr1993records.com\\\/product\\\/djabe-steve-hackett-sipi-emlekkoncert-2dvd\\\/\"]}]},{\"@type\":\"ImageObject\",\"inLanguage\":\"en-US\",\"@id\":\"https:\\\/\\\/gr1993records.com\\\/product\\\/djabe-steve-hackett-sipi-emlekkoncert-2dvd\\\/#primaryimage\",\"url\":\"https:\\\/\\\/gr1993records.com\\\/wp-content\\\/uploads\\\/2020\\\/04\\\/kiadvany_djabe_sipibenefit_2DVD_front-1.jpg\",\"contentUrl\":\"https:\\\/\\\/gr1993records.com\\\/wp-content\\\/uploads\\\/2020\\\/04\\\/kiadvany_djabe_sipibenefit_2DVD_front-1.jpg\",\"width\":1000,\"height\":1000,\"caption\":\"Djabe\\\/Steve Hackett \u2013 Sipi eml\u00e9kkoncert (2DVD) cover\"},{\"@type\":\"BreadcrumbList\",\"@id\":\"https:\\\/\\\/gr1993records.com\\\/product\\\/djabe-steve-hackett-sipi-emlekkoncert-2dvd\\\/#breadcrumb\",\"itemListElement\":[{\"@type\":\"ListItem\",\"position\":1,\"name\":\"Home\",\"item\":\"https:\\\/\\\/gr1993records.com\\\/?lang=en\"},{\"@type\":\"ListItem\",\"position\":2,\"name\":\"Releases\",\"item\":\"https:\\\/\\\/gr1993records.com\\\/shop\\\/?lang=en\"},{\"@type\":\"ListItem\",\"position\":3,\"name\":\"Djabe \\\/ Steve Hackett Sipi eml\u00e9kkoncert (2DVD)\"}]},{\"@type\":\"WebSite\",\"@id\":\"https:\\\/\\\/gr1993records.com\\\/#website\",\"url\":\"https:\\\/\\\/gr1993records.com\\\/\",\"name\":\"GR1993 Records\",\"description\":\"\",\"publisher\":{\"@id\":\"https:\\\/\\\/gr1993records.com\\\/#organization\"},\"potentialAction\":[{\"@type\":\"SearchAction\",\"target\":{\"@type\":\"EntryPoint\",\"urlTemplate\":\"https:\\\/\\\/gr1993records.com\\\/?s={search_term_string}\"},\"query-input\":{\"@type\":\"PropertyValueSpecification\",\"valueRequired\":true,\"valueName\":\"search_term_string\"}}],\"inLanguage\":\"en-US\"},{\"@type\":\"Organization\",\"@id\":\"https:\\\/\\\/gr1993records.com\\\/#organization\",\"name\":\"Gramy-H Ltd.\",\"url\":\"https:\\\/\\\/gr1993records.com\\\/\",\"logo\":{\"@type\":\"ImageObject\",\"inLanguage\":\"en-US\",\"@id\":\"https:\\\/\\\/gr1993records.com\\\/#\\\/schema\\\/logo\\\/image\\\/\",\"url\":\"https:\\\/\\\/gr1993records.com\\\/wp-content\\\/uploads\\\/2019\\\/08\\\/GR1993_Records_logo_CC.png\",\"contentUrl\":\"https:\\\/\\\/gr1993records.com\\\/wp-content\\\/uploads\\\/2019\\\/08\\\/GR1993_Records_logo_CC.png\",\"width\":2900,\"height\":2001,\"caption\":\"Gramy-H Ltd.\"},\"image\":{\"@id\":\"https:\\\/\\\/gr1993records.com\\\/#\\\/schema\\\/logo\\\/image\\\/\"},\"sameAs\":[\"https:\\\/\\\/www.facebook.com\\\/GR1993Records-113564886691383\\\/\"]}]}<\/script>\n<!-- \/ Yoast SEO plugin. -->","yoast_head_json":{"title":"Djabe \/ Steve Hackett Sipi benefit concert (2DVD) &#8211; GR1993 Records","robots":{"index":"index","follow":"follow","max-snippet":"max-snippet:-1","max-image-preview":"max-image-preview:large","max-video-preview":"max-video-preview:-1"},"canonical":"https:\/\/gr1993records.com\/product\/djabe-steve-hackett-sipi-emlekkoncert-2dvd\/","og_locale":"en_US","og_type":"article","og_title":"Djabe \/ Steve Hackett Sipi benefit concert (2DVD) &#8211; GR1993 Records","og_description":"[:hu]A Djabe zenekar 2007. november 30-\u00e1n, Andr\u00e1s napj\u00e1n minden id\u0151k legjobb koncertj\u00e9t adta Budapesten a Pet\u0151fi Csarnokban. Az el\u0151ad\u00e1s aprop\u00f3ja sajnos egy szomor\u00fa esem\u00e9ny volt, m\u00e9gpedig az egyik alap\u00edt\u00f3 tag, Sipos Andr\u00e1s elveszt\u00e9se. Steve Hackett t\u00f6bb mint k\u00e9t \u00f3r\u00e1t t\u00f6lt\u00f6tt sz\u00ednpadon \u00e9s nem csak a Djabe sz\u00e1mokban j\u00e1tszott, harem el\u0151adott egy saj\u00e1t akusztikus egyveleget is. Minden id\u0151k egyik legjobb Djabe koncertje volt![:en]In 2007 Djabe organized a charity concert for their late percussionist Andras Sipos, as they call him, Sipi\u2019s family. Their long time friend, the former Genesis guitar player helped out to fully pack the concert venue in Budapest. Steve was on stage more than two hours, and not only played in the Djabe tunes, but also has an own acoustic medley. It was one of the best Djabe shows ever![:]","og_url":"https:\/\/gr1993records.com\/product\/djabe-steve-hackett-sipi-emlekkoncert-2dvd\/","og_site_name":"GR1993 Records","article_publisher":"https:\/\/www.facebook.com\/GR1993Records-113564886691383\/","article_modified_time":"2026-03-31T09:53:37+00:00","og_image":[{"width":1000,"height":1000,"url":"https:\/\/gr1993records.com\/wp-content\/uploads\/2020\/04\/kiadvany_djabe_sipibenefit_2DVD_front-1.jpg","type":"image\/jpeg"}],"twitter_card":"summary_large_image","twitter_misc":{"Est. reading time":"4 minutes"},"schema":{"@context":"https:\/\/schema.org","@graph":[{"@type":"WebPage","@id":"https:\/\/gr1993records.com\/product\/djabe-steve-hackett-sipi-emlekkoncert-2dvd\/","url":"https:\/\/gr1993records.com\/product\/djabe-steve-hackett-sipi-emlekkoncert-2dvd\/","name":"Djabe \/ Steve Hackett Sipi benefit concert (2DVD) &#8211; GR1993 Records","isPartOf":{"@id":"https:\/\/gr1993records.com\/#website"},"primaryImageOfPage":{"@id":"https:\/\/gr1993records.com\/product\/djabe-steve-hackett-sipi-emlekkoncert-2dvd\/#primaryimage"},"image":{"@id":"https:\/\/gr1993records.com\/product\/djabe-steve-hackett-sipi-emlekkoncert-2dvd\/#primaryimage"},"thumbnailUrl":"https:\/\/gr1993records.com\/wp-content\/uploads\/2020\/04\/kiadvany_djabe_sipibenefit_2DVD_front-1.jpg","datePublished":"2020-04-23T10:47:05+00:00","dateModified":"2026-03-31T09:53:37+00:00","breadcrumb":{"@id":"https:\/\/gr1993records.com\/product\/djabe-steve-hackett-sipi-emlekkoncert-2dvd\/#breadcrumb"},"inLanguage":"en-US","potentialAction":[{"@type":"ReadAction","target":["https:\/\/gr1993records.com\/product\/djabe-steve-hackett-sipi-emlekkoncert-2dvd\/"]}]},{"@type":"ImageObject","inLanguage":"en-US","@id":"https:\/\/gr1993records.com\/product\/djabe-steve-hackett-sipi-emlekkoncert-2dvd\/#primaryimage","url":"https:\/\/gr1993records.com\/wp-content\/uploads\/2020\/04\/kiadvany_djabe_sipibenefit_2DVD_front-1.jpg","contentUrl":"https:\/\/gr1993records.com\/wp-content\/uploads\/2020\/04\/kiadvany_djabe_sipibenefit_2DVD_front-1.jpg","width":1000,"height":1000,"caption":"Djabe\/Steve Hackett \u2013 Sipi eml\u00e9kkoncert (2DVD) cover"},{"@type":"BreadcrumbList","@id":"https:\/\/gr1993records.com\/product\/djabe-steve-hackett-sipi-emlekkoncert-2dvd\/#breadcrumb","itemListElement":[{"@type":"ListItem","position":1,"name":"Home","item":"https:\/\/gr1993records.com\/?lang=en"},{"@type":"ListItem","position":2,"name":"Releases","item":"https:\/\/gr1993records.com\/shop\/?lang=en"},{"@type":"ListItem","position":3,"name":"Djabe \/ Steve Hackett Sipi eml\u00e9kkoncert (2DVD)"}]},{"@type":"WebSite","@id":"https:\/\/gr1993records.com\/#website","url":"https:\/\/gr1993records.com\/","name":"GR1993 Records","description":"","publisher":{"@id":"https:\/\/gr1993records.com\/#organization"},"potentialAction":[{"@type":"SearchAction","target":{"@type":"EntryPoint","urlTemplate":"https:\/\/gr1993records.com\/?s={search_term_string}"},"query-input":{"@type":"PropertyValueSpecification","valueRequired":true,"valueName":"search_term_string"}}],"inLanguage":"en-US"},{"@type":"Organization","@id":"https:\/\/gr1993records.com\/#organization","name":"Gramy-H Ltd.","url":"https:\/\/gr1993records.com\/","logo":{"@type":"ImageObject","inLanguage":"en-US","@id":"https:\/\/gr1993records.com\/#\/schema\/logo\/image\/","url":"https:\/\/gr1993records.com\/wp-content\/uploads\/2019\/08\/GR1993_Records_logo_CC.png","contentUrl":"https:\/\/gr1993records.com\/wp-content\/uploads\/2019\/08\/GR1993_Records_logo_CC.png","width":2900,"height":2001,"caption":"Gramy-H Ltd."},"image":{"@id":"https:\/\/gr1993records.com\/#\/schema\/logo\/image\/"},"sameAs":["https:\/\/www.facebook.com\/GR1993Records-113564886691383\/"]}]}},"jetpack_sharing_enabled":true,"_links":{"self":[{"href":"https:\/\/gr1993records.com\/wp-json\/wp\/v2\/product\/5692","targetHints":{"allow":["GET"]}}],"collection":[{"href":"https:\/\/gr1993records.com\/wp-json\/wp\/v2\/product"}],"about":[{"href":"https:\/\/gr1993records.com\/wp-json\/wp\/v2\/types\/product"}],"wp:featuredmedia":[{"embeddable":true,"href":"https:\/\/gr1993records.com\/wp-json\/wp\/v2\/media\/5702"}],"wp:attachment":[{"href":"https:\/\/gr1993records.com\/wp-json\/wp\/v2\/media?parent=5692"}],"wp:term":[{"taxonomy":"product_brand","embeddable":true,"href":"https:\/\/gr1993records.com\/wp-json\/wp\/v2\/product_brand?post=5692"},{"taxonomy":"product_cat","embeddable":true,"href":"https:\/\/gr1993records.com\/wp-json\/wp\/v2\/product_cat?post=5692"},{"taxonomy":"product_tag","embeddable":true,"href":"https:\/\/gr1993records.com\/wp-json\/wp\/v2\/product_tag?post=5692"}],"curies":[{"name":"wp","href":"https:\/\/api.w.org\/{rel}","templated":true}]}}