{"id":5589,"date":"2020-01-13T10:16:34","date_gmt":"2020-01-13T10:16:34","guid":{"rendered":"http:\/\/gr1993records.com\/?post_type=product&#038;p=5589"},"modified":"2026-03-31T11:56:17","modified_gmt":"2026-03-31T09:56:17","slug":"johanna-beisteiner-austrian-rhapsody-cd","status":"publish","type":"product","link":"https:\/\/gr1993records.com\/index.php\/product\/johanna-beisteiner-austrian-rhapsody-cd\/","title":{"rendered":"Johanna Beisteiner <\/br>Austrian Rhapsody <\/br>(CD)"},"content":{"rendered":"<p>[vc_row][vc_column][vc_column_text]Austrian Rhapsody albumomon a haz\u00e1m, Ausztria szerz\u0151inek sz\u00f3l\u00f3 git\u00e1r darabjaib\u00f3l v\u00e1logattam.<\/p>\n<p>A Biedermeier korszakban a git\u00e1r n\u00e9pszer\u0171 hangszer volt, nemcsak kamarazenekar tagjak\u00e9nt \u00e9s k\u00eds\u00e9retk\u00e9nt, hanem sz\u00f3l\u00f3 hangszerk\u00e9nt is. A git\u00e1ros \u00e9s zeneszerz\u0151, Johann Kaspar Mertz, aki Pozsonyban sz\u00fcletett, majd k\u00e9s\u0151bb B\u00e9csben \u00e9lt, t\u00f6bb eredeti git\u00e1rkompoz\u00edci\u00f3t is k\u00e9sz\u00edtett, kort\u00e1rsa, Franz Schubert dalaira is.<\/p>\n<p>Schubert bar\u00e1tja, Anton Diabelli \u2013 f\u0151k\u00e9nt zongoristak\u00e9nt ismert, zeneszerz\u0151 \u00e9s kiad\u00f3 \u2013 szint\u00e9n \u00edrt git\u00e1rsz\u00f3l\u00f3 darabokat, t\u00f6bbek k\u00f6z\u00f6tt a H\u00e1rom szon\u00e1ta 29. opusz\u00e1t. Ezen a felv\u00e9telen hallani lehet a ritk\u00e1n j\u00e1tszott C-d\u00far szon\u00e1t\u00e1t.<\/p>\n<p>Az \u00e9n els\u0151 saj\u00e1t kompoz\u00edci\u00f3mat, a \u201eZemlinsky\u2019s Night\u201d-ot, Alexander von Zemlinsky (1871\u20131942) dalainak t\u00e9m\u00e1i ihlett\u00e9k: A \u201eThe moon has come to complain\u201d \u00e9s a \u201eBlue little star\u201d a Walzerges\u00e4nge 6. \u00e9s az \u201eAt Midnight\u201d 2. opuszokb\u00f3l. 2012-ben, a h\u00edres osztr\u00e1k zeneszerz\u0151 hal\u00e1l\u00e1nak 70. \u00e9vfordul\u00f3j\u00e1n, szerettem volna feleleven\u00edteni az eml\u00e9k\u00e9t.<\/p>\n<p style=\"text-align: right;\" align=\"right\"><em>Johanna Beisteiner<\/em><\/p>\n<p>[\/vc_column_text][\/vc_column][\/vc_row]<\/p>","protected":false},"excerpt":{"rendered":"<p>Austrian Rhapsody albumomon Johanna haz\u00e1ja, Ausztria szerz\u0151inek sz\u00f3l\u00f3 git\u00e1r darabjaib\u00f3l v\u00e1logatott. Ihletett \u00e9s hiteles el\u0151ad\u00e1s.<\/p>\n","protected":false},"featured_media":5591,"template":"","meta":[],"product_brand":[],"product_cat":[92],"product_tag":[],"class_list":{"0":"post-5589","1":"product","2":"type-product","3":"status-publish","4":"has-post-thumbnail","6":"product_cat-cd","7":"yith_product_brand-johanna-beisteiner","8":"col-12 col-sm-6 col-md-4","10":"first","11":"instock","12":"shipping-taxable","13":"purchasable","14":"product-type-simple"},"yoast_head":"<!-- This site is optimized with the Yoast SEO plugin v27.3 - https:\/\/yoast.com\/product\/yoast-seo-wordpress\/ -->\n<title>Johanna Beisteiner Austrian Rhapsody (CD) &#8211; GR1993 Records<\/title>\n<meta name=\"robots\" content=\"index, follow, max-snippet:-1, max-image-preview:large, max-video-preview:-1\" \/>\n<link rel=\"canonical\" href=\"https:\/\/gr1993records.com\/index.php\/product\/johanna-beisteiner-austrian-rhapsody-cd\/\" \/>\n<meta property=\"og:locale\" content=\"hu_HU\" \/>\n<meta property=\"og:type\" content=\"article\" \/>\n<meta property=\"og:title\" content=\"Johanna Beisteiner Austrian Rhapsody (CD) &#8211; GR1993 Records\" \/>\n<meta property=\"og:description\" content=\"[:hu]Austrian Rhapsody albumomon Johanna haz\u00e1ja, Ausztria szerz\u0151inek sz\u00f3l\u00f3 git\u00e1r darabjaib\u00f3l v\u00e1logatott. Ihletett \u00e9s hiteles el\u0151ad\u00e1s.[:en]For her Austrian Rhapsody album, Johanna selected guitar from her homeland\u2019s Austrian composers. These are really inspired and authentic interpretations.[:]\" \/>\n<meta property=\"og:url\" content=\"https:\/\/gr1993records.com\/index.php\/product\/johanna-beisteiner-austrian-rhapsody-cd\/\" \/>\n<meta property=\"og:site_name\" content=\"GR1993 Records\" \/>\n<meta property=\"article:publisher\" content=\"https:\/\/www.facebook.com\/GR1993Records-113564886691383\/\" \/>\n<meta property=\"article:modified_time\" content=\"2026-03-31T09:56:17+00:00\" \/>\n<meta property=\"og:image\" content=\"https:\/\/gr1993records.com\/wp-content\/uploads\/2020\/01\/kiadvany_johanna_beisteiner_austrian_rhapsody_CD_front.jpg\" \/>\n\t<meta property=\"og:image:width\" content=\"1000\" \/>\n\t<meta property=\"og:image:height\" content=\"1000\" \/>\n\t<meta property=\"og:image:type\" content=\"image\/jpeg\" \/>\n<meta name=\"twitter:card\" content=\"summary_large_image\" \/>\n<meta name=\"twitter:label1\" content=\"Becs\u00fclt olvas\u00e1si id\u0151\" \/>\n\t<meta name=\"twitter:data1\" content=\"2 perc\" \/>\n<script type=\"application\/ld+json\" class=\"yoast-schema-graph\">{\"@context\":\"https:\\\/\\\/schema.org\",\"@graph\":[{\"@type\":\"WebPage\",\"@id\":\"https:\\\/\\\/gr1993records.com\\\/index.php\\\/product\\\/johanna-beisteiner-austrian-rhapsody-cd\\\/\",\"url\":\"https:\\\/\\\/gr1993records.com\\\/index.php\\\/product\\\/johanna-beisteiner-austrian-rhapsody-cd\\\/\",\"name\":\"Johanna Beisteiner Austrian Rhapsody (CD) &#8211; GR1993 Records\",\"isPartOf\":{\"@id\":\"https:\\\/\\\/gr1993records.com\\\/#website\"},\"primaryImageOfPage\":{\"@id\":\"https:\\\/\\\/gr1993records.com\\\/index.php\\\/product\\\/johanna-beisteiner-austrian-rhapsody-cd\\\/#primaryimage\"},\"image\":{\"@id\":\"https:\\\/\\\/gr1993records.com\\\/index.php\\\/product\\\/johanna-beisteiner-austrian-rhapsody-cd\\\/#primaryimage\"},\"thumbnailUrl\":\"https:\\\/\\\/gr1993records.com\\\/wp-content\\\/uploads\\\/2020\\\/01\\\/kiadvany_johanna_beisteiner_austrian_rhapsody_CD_front.jpg\",\"datePublished\":\"2020-01-13T10:16:34+00:00\",\"dateModified\":\"2026-03-31T09:56:17+00:00\",\"breadcrumb\":{\"@id\":\"https:\\\/\\\/gr1993records.com\\\/index.php\\\/product\\\/johanna-beisteiner-austrian-rhapsody-cd\\\/#breadcrumb\"},\"inLanguage\":\"hu\",\"potentialAction\":[{\"@type\":\"ReadAction\",\"target\":[\"https:\\\/\\\/gr1993records.com\\\/index.php\\\/product\\\/johanna-beisteiner-austrian-rhapsody-cd\\\/\"]}]},{\"@type\":\"ImageObject\",\"inLanguage\":\"hu\",\"@id\":\"https:\\\/\\\/gr1993records.com\\\/index.php\\\/product\\\/johanna-beisteiner-austrian-rhapsody-cd\\\/#primaryimage\",\"url\":\"https:\\\/\\\/gr1993records.com\\\/wp-content\\\/uploads\\\/2020\\\/01\\\/kiadvany_johanna_beisteiner_austrian_rhapsody_CD_front.jpg\",\"contentUrl\":\"https:\\\/\\\/gr1993records.com\\\/wp-content\\\/uploads\\\/2020\\\/01\\\/kiadvany_johanna_beisteiner_austrian_rhapsody_CD_front.jpg\",\"width\":1000,\"height\":1000,\"caption\":\"Johanna Beisteiner \u2013 Austrian Rhapsody (CD) cover\"},{\"@type\":\"BreadcrumbList\",\"@id\":\"https:\\\/\\\/gr1993records.com\\\/index.php\\\/product\\\/johanna-beisteiner-austrian-rhapsody-cd\\\/#breadcrumb\",\"itemListElement\":[{\"@type\":\"ListItem\",\"position\":1,\"name\":\"Home\",\"item\":\"https:\\\/\\\/gr1993records.com\\\/\"},{\"@type\":\"ListItem\",\"position\":2,\"name\":\"Kiadv\u00e1nyok\",\"item\":\"https:\\\/\\\/gr1993records.com\\\/index.php\\\/shop\\\/\"},{\"@type\":\"ListItem\",\"position\":3,\"name\":\"Johanna Beisteiner Austrian Rhapsody (CD)\"}]},{\"@type\":\"WebSite\",\"@id\":\"https:\\\/\\\/gr1993records.com\\\/#website\",\"url\":\"https:\\\/\\\/gr1993records.com\\\/\",\"name\":\"GR1993 Records\",\"description\":\"\",\"publisher\":{\"@id\":\"https:\\\/\\\/gr1993records.com\\\/#organization\"},\"potentialAction\":[{\"@type\":\"SearchAction\",\"target\":{\"@type\":\"EntryPoint\",\"urlTemplate\":\"https:\\\/\\\/gr1993records.com\\\/?s={search_term_string}\"},\"query-input\":{\"@type\":\"PropertyValueSpecification\",\"valueRequired\":true,\"valueName\":\"search_term_string\"}}],\"inLanguage\":\"hu\"},{\"@type\":\"Organization\",\"@id\":\"https:\\\/\\\/gr1993records.com\\\/#organization\",\"name\":\"Gramy-H Ltd.\",\"url\":\"https:\\\/\\\/gr1993records.com\\\/\",\"logo\":{\"@type\":\"ImageObject\",\"inLanguage\":\"hu\",\"@id\":\"https:\\\/\\\/gr1993records.com\\\/#\\\/schema\\\/logo\\\/image\\\/\",\"url\":\"https:\\\/\\\/gr1993records.com\\\/wp-content\\\/uploads\\\/2019\\\/08\\\/GR1993_Records_logo_CC.png\",\"contentUrl\":\"https:\\\/\\\/gr1993records.com\\\/wp-content\\\/uploads\\\/2019\\\/08\\\/GR1993_Records_logo_CC.png\",\"width\":2900,\"height\":2001,\"caption\":\"Gramy-H Ltd.\"},\"image\":{\"@id\":\"https:\\\/\\\/gr1993records.com\\\/#\\\/schema\\\/logo\\\/image\\\/\"},\"sameAs\":[\"https:\\\/\\\/www.facebook.com\\\/GR1993Records-113564886691383\\\/\"]}]}<\/script>\n<!-- \/ Yoast SEO plugin. -->","yoast_head_json":{"title":"Johanna Beisteiner Austrian Rhapsody (CD) &#8211; GR1993 Records","robots":{"index":"index","follow":"follow","max-snippet":"max-snippet:-1","max-image-preview":"max-image-preview:large","max-video-preview":"max-video-preview:-1"},"canonical":"https:\/\/gr1993records.com\/index.php\/product\/johanna-beisteiner-austrian-rhapsody-cd\/","og_locale":"hu_HU","og_type":"article","og_title":"Johanna Beisteiner Austrian Rhapsody (CD) &#8211; GR1993 Records","og_description":"[:hu]Austrian Rhapsody albumomon Johanna haz\u00e1ja, Ausztria szerz\u0151inek sz\u00f3l\u00f3 git\u00e1r darabjaib\u00f3l v\u00e1logatott. Ihletett \u00e9s hiteles el\u0151ad\u00e1s.[:en]For her Austrian Rhapsody album, Johanna selected guitar from her homeland\u2019s Austrian composers. These are really inspired and authentic interpretations.[:]","og_url":"https:\/\/gr1993records.com\/index.php\/product\/johanna-beisteiner-austrian-rhapsody-cd\/","og_site_name":"GR1993 Records","article_publisher":"https:\/\/www.facebook.com\/GR1993Records-113564886691383\/","article_modified_time":"2026-03-31T09:56:17+00:00","og_image":[{"width":1000,"height":1000,"url":"https:\/\/gr1993records.com\/wp-content\/uploads\/2020\/01\/kiadvany_johanna_beisteiner_austrian_rhapsody_CD_front.jpg","type":"image\/jpeg"}],"twitter_card":"summary_large_image","twitter_misc":{"Becs\u00fclt olvas\u00e1si id\u0151":"2 perc"},"schema":{"@context":"https:\/\/schema.org","@graph":[{"@type":"WebPage","@id":"https:\/\/gr1993records.com\/index.php\/product\/johanna-beisteiner-austrian-rhapsody-cd\/","url":"https:\/\/gr1993records.com\/index.php\/product\/johanna-beisteiner-austrian-rhapsody-cd\/","name":"Johanna Beisteiner Austrian Rhapsody (CD) &#8211; GR1993 Records","isPartOf":{"@id":"https:\/\/gr1993records.com\/#website"},"primaryImageOfPage":{"@id":"https:\/\/gr1993records.com\/index.php\/product\/johanna-beisteiner-austrian-rhapsody-cd\/#primaryimage"},"image":{"@id":"https:\/\/gr1993records.com\/index.php\/product\/johanna-beisteiner-austrian-rhapsody-cd\/#primaryimage"},"thumbnailUrl":"https:\/\/gr1993records.com\/wp-content\/uploads\/2020\/01\/kiadvany_johanna_beisteiner_austrian_rhapsody_CD_front.jpg","datePublished":"2020-01-13T10:16:34+00:00","dateModified":"2026-03-31T09:56:17+00:00","breadcrumb":{"@id":"https:\/\/gr1993records.com\/index.php\/product\/johanna-beisteiner-austrian-rhapsody-cd\/#breadcrumb"},"inLanguage":"hu","potentialAction":[{"@type":"ReadAction","target":["https:\/\/gr1993records.com\/index.php\/product\/johanna-beisteiner-austrian-rhapsody-cd\/"]}]},{"@type":"ImageObject","inLanguage":"hu","@id":"https:\/\/gr1993records.com\/index.php\/product\/johanna-beisteiner-austrian-rhapsody-cd\/#primaryimage","url":"https:\/\/gr1993records.com\/wp-content\/uploads\/2020\/01\/kiadvany_johanna_beisteiner_austrian_rhapsody_CD_front.jpg","contentUrl":"https:\/\/gr1993records.com\/wp-content\/uploads\/2020\/01\/kiadvany_johanna_beisteiner_austrian_rhapsody_CD_front.jpg","width":1000,"height":1000,"caption":"Johanna Beisteiner \u2013 Austrian Rhapsody (CD) cover"},{"@type":"BreadcrumbList","@id":"https:\/\/gr1993records.com\/index.php\/product\/johanna-beisteiner-austrian-rhapsody-cd\/#breadcrumb","itemListElement":[{"@type":"ListItem","position":1,"name":"Home","item":"https:\/\/gr1993records.com\/"},{"@type":"ListItem","position":2,"name":"Kiadv\u00e1nyok","item":"https:\/\/gr1993records.com\/index.php\/shop\/"},{"@type":"ListItem","position":3,"name":"Johanna Beisteiner Austrian Rhapsody (CD)"}]},{"@type":"WebSite","@id":"https:\/\/gr1993records.com\/#website","url":"https:\/\/gr1993records.com\/","name":"GR1993 Records","description":"","publisher":{"@id":"https:\/\/gr1993records.com\/#organization"},"potentialAction":[{"@type":"SearchAction","target":{"@type":"EntryPoint","urlTemplate":"https:\/\/gr1993records.com\/?s={search_term_string}"},"query-input":{"@type":"PropertyValueSpecification","valueRequired":true,"valueName":"search_term_string"}}],"inLanguage":"hu"},{"@type":"Organization","@id":"https:\/\/gr1993records.com\/#organization","name":"Gramy-H Ltd.","url":"https:\/\/gr1993records.com\/","logo":{"@type":"ImageObject","inLanguage":"hu","@id":"https:\/\/gr1993records.com\/#\/schema\/logo\/image\/","url":"https:\/\/gr1993records.com\/wp-content\/uploads\/2019\/08\/GR1993_Records_logo_CC.png","contentUrl":"https:\/\/gr1993records.com\/wp-content\/uploads\/2019\/08\/GR1993_Records_logo_CC.png","width":2900,"height":2001,"caption":"Gramy-H Ltd."},"image":{"@id":"https:\/\/gr1993records.com\/#\/schema\/logo\/image\/"},"sameAs":["https:\/\/www.facebook.com\/GR1993Records-113564886691383\/"]}]}},"jetpack_sharing_enabled":true,"_links":{"self":[{"href":"https:\/\/gr1993records.com\/index.php\/wp-json\/wp\/v2\/product\/5589","targetHints":{"allow":["GET"]}}],"collection":[{"href":"https:\/\/gr1993records.com\/index.php\/wp-json\/wp\/v2\/product"}],"about":[{"href":"https:\/\/gr1993records.com\/index.php\/wp-json\/wp\/v2\/types\/product"}],"wp:featuredmedia":[{"embeddable":true,"href":"https:\/\/gr1993records.com\/index.php\/wp-json\/wp\/v2\/media\/5591"}],"wp:attachment":[{"href":"https:\/\/gr1993records.com\/index.php\/wp-json\/wp\/v2\/media?parent=5589"}],"wp:term":[{"taxonomy":"product_brand","embeddable":true,"href":"https:\/\/gr1993records.com\/index.php\/wp-json\/wp\/v2\/product_brand?post=5589"},{"taxonomy":"product_cat","embeddable":true,"href":"https:\/\/gr1993records.com\/index.php\/wp-json\/wp\/v2\/product_cat?post=5589"},{"taxonomy":"product_tag","embeddable":true,"href":"https:\/\/gr1993records.com\/index.php\/wp-json\/wp\/v2\/product_tag?post=5589"}],"curies":[{"name":"wp","href":"https:\/\/api.w.org\/{rel}","templated":true}]}}