{"id":7622,"date":"2025-07-03T13:27:16","date_gmt":"2025-07-03T11:27:16","guid":{"rendered":"https:\/\/gr1993records.com\/?page_id=7622"},"modified":"2026-04-01T11:39:20","modified_gmt":"2026-04-01T09:39:20","slug":"amatild-2","status":"publish","type":"page","link":"https:\/\/gr1993records.com\/index.php\/eloadok\/amatild-2\/","title":{"rendered":"Amatild"},"content":{"rendered":"<p>[vc_row][vc_column width=&#8221;2\/3&#8243;][vc_column_text]\u201eHossz\u00fa \u00fat vezetett 2010 december\u00e9ig, amikor megalakult az Amatild zenekar. Nem \u00edrhatok zenekari t\u00f6rt\u00e9netet an\u00e9lk\u00fcl, hogy ne eml\u00edten\u00e9m meg az \u00fat el\u0151z\u0151 \u00e1llom\u00e1s\u00e1t: az Imago Mundi-t, amely az els\u0151 k\u00f6z\u00f6s zenekarunk volt az az\u00f3ta nagyon kedves bar\u00e1tommal, Veress G\u00e1bor Csaba git\u00e1ros-zeneszerz\u0151vel. Sokat csiszol\u00f3dott a zen\u00e9nk az\u00f3ta \u00e9s \u00f6sszecsiszol\u00f3dtunk mi is a zene \u00e1ltal. \u00dagy \u00e9rzem, hogy mostani dalaink letisztultabbak, egyszer\u0171bbek lettek, sokkal k\u00f6zelebb \u00e1llnak hozz\u00e1m. Val\u00f3sz\u00edn\u0171leg ez ind\u00edtotta el bennem azt a v\u00e1ltoz\u00e1st, hogy elkezdtem dalsz\u00f6vegeket \u00edrni. Egyszer csak elkezdtek \u201ebesz\u00e9lni\u201d hozz\u00e1m a dallamok. Ebben sokat seg\u00edtettek a Szvor\u00e1k Katit\u00f3l tanult n\u00e9pdalok; az a m\u00e9lys\u00e9g \u00e9s egyszer\u0171s\u00e9g, amit ezekt\u0151l a dalokt\u00f3l kaptam. Teh\u00e1t visszany\u00faltam a n\u00e9pi gy\u00f6kereinkhez, hiszen \u201egy\u00f6kerek n\u00e9lk\u00fcl nem lehet rep\u00fclni\u201d. K\u00e9s\u0151bb, m\u00e1r 2011-ben, csatlakozott hozz\u00e1nk egy kit\u0171n\u0151 git\u00e1ros \u00e9s nagyszer\u0171 ember, Juh\u00e1sz Robi. M\u00e1ra teljesen beilleszkedett a kis csapatunkba. J\u00f3 bar\u00e1tra \u00e9s zen\u00e9szt\u00e1rsra tal\u00e1ltunk szem\u00e9ly\u00e9ben. Szerencs\u00e9snek mondhatjuk magunkat, hiszen olyan fantasztikus muzsikusok csatlakoztak m\u00e9g hozz\u00e1nk, mint Bede P\u00e9ter f\u00fav\u00f3s, Barab\u00e1s Tam\u00e1s basszusgit\u00e1ros \u00e9s Clemente G\u00e1bor \u00fct\u0151hangszeres. Bemutatkoz\u00f3 dalunk, a \u201eTavaszi sz\u00e9l\u201d (mely nem az ismert n\u00e9pdal feldolgoz\u00e1sa) a meg\u00fajul\u00e1sr\u00f3l, az \u00fajrakezd\u00e9sr\u0151l sz\u00f3l; a term\u00e9szet k\u00f6rforg\u00e1s\u00e1ban mindig megt\u00f6rt\u00e9n\u0151 \u00fajj\u00e1sz\u00fclet\u00e9sr\u0151l. Arr\u00f3l, hogy ha hagyjuk, hogy minket is \u201eelrep\u00edtsen\u201d ez a tavaszi sz\u00e9l, akkor ezeket a v\u00e1ltoz\u00e1sokat a h\u00e9tk\u00f6znapi \u00e9let\u00fcnkben is megtapasztalhatjuk, k\u00edv\u00fcl \u00e9s bel\u00fcl egyar\u00e1nt.\u201d[\/vc_column_text][\/vc_column][vc_column width=&#8221;1\/3&#8243;][vc_single_image image=&#8221;7625&#8243; img_size=&#8221;full&#8221;][\/vc_column][\/vc_row][vc_row][vc_column][vc_single_image image=&#8221;7626&#8243; img_size=&#8221;full&#8221; alignment=&#8221;center&#8221;][vc_separator][vc_empty_space][vc_custom_heading title_font_size=&#8221;fs36&#8243; text=&#8221;El\u0151ad\u00f3hoz kapcsol\u00f3d\u00f3 kiadv\u00e1nyok&#8221; use_theme_fonts=&#8221;yes&#8221; el_class=&#8221;mb60 mb30-md&#8221;][vc_basic_grid post_type=&#8221;product&#8221; max_items=&#8221;-1&#8243; element_width=&#8221;3&#8243; item=&#8221;5015&#8243; grid_id=&#8221;vc_gid:1775036308991-9e51fd9d-758e-7&#8243; taxonomies=&#8221;131&#8243;][\/vc_column][\/vc_row]<\/p>","protected":false},"excerpt":{"rendered":"<p>[vc_row][vc_column width=&#8221;2\/3&#8243;][vc_column_text]\u201eHossz\u00fa \u00fat vezetett 2010 december\u00e9ig, amikor megalakult az Amatild zenekar. Nem \u00edrhatok zenekari t\u00f6rt\u00e9netet an\u00e9lk\u00fcl, hogy ne eml\u00edten\u00e9m meg az \u00fat el\u0151z\u0151 \u00e1llom\u00e1s\u00e1t: az Imago Mundi-t, amely az els\u0151 k\u00f6z\u00f6s zenekarunk volt az az\u00f3ta nagyon kedves bar\u00e1tommal, Veress G\u00e1bor Csaba git\u00e1ros-zeneszerz\u0151vel. Sokat csiszol\u00f3dott a zen\u00e9nk az\u00f3ta \u00e9s \u00f6sszecsiszol\u00f3dtunk mi is a zene \u00e1ltal. \u00dagy [&hellip;]<\/p>\n","protected":false},"author":1,"featured_media":7624,"parent":4565,"menu_order":0,"comment_status":"closed","ping_status":"closed","template":"","meta":{"footnotes":""},"categories":[128],"tags":[],"class_list":["post-7622","page","type-page","status-publish","has-post-thumbnail","hentry","category-artists"],"yoast_head":"<!-- This site is optimized with the Yoast SEO plugin v27.3 - https:\/\/yoast.com\/product\/yoast-seo-wordpress\/ -->\n<title>Amatild &#8211; GR1993 Records<\/title>\n<meta name=\"robots\" content=\"index, follow, max-snippet:-1, max-image-preview:large, max-video-preview:-1\" \/>\n<link rel=\"canonical\" href=\"https:\/\/gr1993records.com\/index.php\/eloadok\/amatild-2\/\" \/>\n<meta property=\"og:locale\" content=\"hu_HU\" \/>\n<meta property=\"og:type\" content=\"article\" \/>\n<meta property=\"og:title\" content=\"Amatild &#8211; GR1993 Records\" \/>\n<meta property=\"og:description\" content=\"[vc_row][vc_column width=&#8221;2\/3&#8243;][vc_column_text]\u201eHossz\u00fa \u00fat vezetett 2010 december\u00e9ig, amikor megalakult az Amatild zenekar. Nem \u00edrhatok zenekari t\u00f6rt\u00e9netet an\u00e9lk\u00fcl, hogy ne eml\u00edten\u00e9m meg az \u00fat el\u0151z\u0151 \u00e1llom\u00e1s\u00e1t: az Imago Mundi-t, amely az els\u0151 k\u00f6z\u00f6s zenekarunk volt az az\u00f3ta nagyon kedves bar\u00e1tommal, Veress G\u00e1bor Csaba git\u00e1ros-zeneszerz\u0151vel. Sokat csiszol\u00f3dott a zen\u00e9nk az\u00f3ta \u00e9s \u00f6sszecsiszol\u00f3dtunk mi is a zene \u00e1ltal. \u00dagy [&hellip;]\" \/>\n<meta property=\"og:url\" content=\"https:\/\/gr1993records.com\/index.php\/eloadok\/amatild-2\/\" \/>\n<meta property=\"og:site_name\" content=\"GR1993 Records\" \/>\n<meta property=\"article:publisher\" content=\"https:\/\/www.facebook.com\/GR1993Records-113564886691383\/\" \/>\n<meta property=\"article:modified_time\" content=\"2026-04-01T09:39:20+00:00\" \/>\n<meta property=\"og:image\" content=\"https:\/\/gr1993records.com\/wp-content\/uploads\/2025\/07\/Amatild_foto_1.jpg\" \/>\n\t<meta property=\"og:image:width\" content=\"2048\" \/>\n\t<meta property=\"og:image:height\" content=\"2048\" \/>\n\t<meta property=\"og:image:type\" content=\"image\/jpeg\" \/>\n<meta name=\"twitter:card\" content=\"summary_large_image\" \/>\n<meta name=\"twitter:image\" content=\"https:\/\/gr1993records.com\/wp-content\/uploads\/2025\/07\/Amatild_foto_1.jpg\" \/>\n<meta name=\"twitter:label1\" content=\"Becs\u00fclt olvas\u00e1si id\u0151\" \/>\n\t<meta name=\"twitter:data1\" content=\"2 perc\" \/>\n<script type=\"application\/ld+json\" class=\"yoast-schema-graph\">{\"@context\":\"https:\\\/\\\/schema.org\",\"@graph\":[{\"@type\":\"WebPage\",\"@id\":\"https:\\\/\\\/gr1993records.com\\\/index.php\\\/eloadok\\\/amatild-2\\\/\",\"url\":\"https:\\\/\\\/gr1993records.com\\\/index.php\\\/eloadok\\\/amatild-2\\\/\",\"name\":\"Amatild &#8211; GR1993 Records\",\"isPartOf\":{\"@id\":\"https:\\\/\\\/gr1993records.com\\\/#website\"},\"primaryImageOfPage\":{\"@id\":\"https:\\\/\\\/gr1993records.com\\\/index.php\\\/eloadok\\\/amatild-2\\\/#primaryimage\"},\"image\":{\"@id\":\"https:\\\/\\\/gr1993records.com\\\/index.php\\\/eloadok\\\/amatild-2\\\/#primaryimage\"},\"thumbnailUrl\":\"https:\\\/\\\/gr1993records.com\\\/wp-content\\\/uploads\\\/2025\\\/07\\\/Amatild_foto_1.jpg\",\"datePublished\":\"2025-07-03T11:27:16+00:00\",\"dateModified\":\"2026-04-01T09:39:20+00:00\",\"breadcrumb\":{\"@id\":\"https:\\\/\\\/gr1993records.com\\\/index.php\\\/eloadok\\\/amatild-2\\\/#breadcrumb\"},\"inLanguage\":\"hu\",\"potentialAction\":[{\"@type\":\"ReadAction\",\"target\":[\"https:\\\/\\\/gr1993records.com\\\/index.php\\\/eloadok\\\/amatild-2\\\/\"]}]},{\"@type\":\"ImageObject\",\"inLanguage\":\"hu\",\"@id\":\"https:\\\/\\\/gr1993records.com\\\/index.php\\\/eloadok\\\/amatild-2\\\/#primaryimage\",\"url\":\"https:\\\/\\\/gr1993records.com\\\/wp-content\\\/uploads\\\/2025\\\/07\\\/Amatild_foto_1.jpg\",\"contentUrl\":\"https:\\\/\\\/gr1993records.com\\\/wp-content\\\/uploads\\\/2025\\\/07\\\/Amatild_foto_1.jpg\",\"width\":2048,\"height\":2048},{\"@type\":\"BreadcrumbList\",\"@id\":\"https:\\\/\\\/gr1993records.com\\\/index.php\\\/eloadok\\\/amatild-2\\\/#breadcrumb\",\"itemListElement\":[{\"@type\":\"ListItem\",\"position\":1,\"name\":\"Home\",\"item\":\"https:\\\/\\\/gr1993records.com\\\/\"},{\"@type\":\"ListItem\",\"position\":2,\"name\":\"El\u0151ad\u00f3k\",\"item\":\"https:\\\/\\\/gr1993records.com\\\/index.php\\\/eloadok\\\/?lang=en\"},{\"@type\":\"ListItem\",\"position\":3,\"name\":\"Amatild\"}]},{\"@type\":\"WebSite\",\"@id\":\"https:\\\/\\\/gr1993records.com\\\/#website\",\"url\":\"https:\\\/\\\/gr1993records.com\\\/\",\"name\":\"GR1993 Records\",\"description\":\"\",\"publisher\":{\"@id\":\"https:\\\/\\\/gr1993records.com\\\/#organization\"},\"potentialAction\":[{\"@type\":\"SearchAction\",\"target\":{\"@type\":\"EntryPoint\",\"urlTemplate\":\"https:\\\/\\\/gr1993records.com\\\/?s={search_term_string}\"},\"query-input\":{\"@type\":\"PropertyValueSpecification\",\"valueRequired\":true,\"valueName\":\"search_term_string\"}}],\"inLanguage\":\"hu\"},{\"@type\":\"Organization\",\"@id\":\"https:\\\/\\\/gr1993records.com\\\/#organization\",\"name\":\"Gramy-H Ltd.\",\"url\":\"https:\\\/\\\/gr1993records.com\\\/\",\"logo\":{\"@type\":\"ImageObject\",\"inLanguage\":\"hu\",\"@id\":\"https:\\\/\\\/gr1993records.com\\\/#\\\/schema\\\/logo\\\/image\\\/\",\"url\":\"https:\\\/\\\/gr1993records.com\\\/wp-content\\\/uploads\\\/2019\\\/08\\\/GR1993_Records_logo_CC.png\",\"contentUrl\":\"https:\\\/\\\/gr1993records.com\\\/wp-content\\\/uploads\\\/2019\\\/08\\\/GR1993_Records_logo_CC.png\",\"width\":2900,\"height\":2001,\"caption\":\"Gramy-H Ltd.\"},\"image\":{\"@id\":\"https:\\\/\\\/gr1993records.com\\\/#\\\/schema\\\/logo\\\/image\\\/\"},\"sameAs\":[\"https:\\\/\\\/www.facebook.com\\\/GR1993Records-113564886691383\\\/\"]}]}<\/script>\n<!-- \/ Yoast SEO plugin. -->","yoast_head_json":{"title":"Amatild &#8211; GR1993 Records","robots":{"index":"index","follow":"follow","max-snippet":"max-snippet:-1","max-image-preview":"max-image-preview:large","max-video-preview":"max-video-preview:-1"},"canonical":"https:\/\/gr1993records.com\/index.php\/eloadok\/amatild-2\/","og_locale":"hu_HU","og_type":"article","og_title":"Amatild &#8211; GR1993 Records","og_description":"[vc_row][vc_column width=&#8221;2\/3&#8243;][vc_column_text]\u201eHossz\u00fa \u00fat vezetett 2010 december\u00e9ig, amikor megalakult az Amatild zenekar. Nem \u00edrhatok zenekari t\u00f6rt\u00e9netet an\u00e9lk\u00fcl, hogy ne eml\u00edten\u00e9m meg az \u00fat el\u0151z\u0151 \u00e1llom\u00e1s\u00e1t: az Imago Mundi-t, amely az els\u0151 k\u00f6z\u00f6s zenekarunk volt az az\u00f3ta nagyon kedves bar\u00e1tommal, Veress G\u00e1bor Csaba git\u00e1ros-zeneszerz\u0151vel. Sokat csiszol\u00f3dott a zen\u00e9nk az\u00f3ta \u00e9s \u00f6sszecsiszol\u00f3dtunk mi is a zene \u00e1ltal. \u00dagy [&hellip;]","og_url":"https:\/\/gr1993records.com\/index.php\/eloadok\/amatild-2\/","og_site_name":"GR1993 Records","article_publisher":"https:\/\/www.facebook.com\/GR1993Records-113564886691383\/","article_modified_time":"2026-04-01T09:39:20+00:00","og_image":[{"width":2048,"height":2048,"url":"https:\/\/gr1993records.com\/wp-content\/uploads\/2025\/07\/Amatild_foto_1.jpg","type":"image\/jpeg"}],"twitter_card":"summary_large_image","twitter_image":"https:\/\/gr1993records.com\/wp-content\/uploads\/2025\/07\/Amatild_foto_1.jpg","twitter_misc":{"Becs\u00fclt olvas\u00e1si id\u0151":"2 perc"},"schema":{"@context":"https:\/\/schema.org","@graph":[{"@type":"WebPage","@id":"https:\/\/gr1993records.com\/index.php\/eloadok\/amatild-2\/","url":"https:\/\/gr1993records.com\/index.php\/eloadok\/amatild-2\/","name":"Amatild &#8211; GR1993 Records","isPartOf":{"@id":"https:\/\/gr1993records.com\/#website"},"primaryImageOfPage":{"@id":"https:\/\/gr1993records.com\/index.php\/eloadok\/amatild-2\/#primaryimage"},"image":{"@id":"https:\/\/gr1993records.com\/index.php\/eloadok\/amatild-2\/#primaryimage"},"thumbnailUrl":"https:\/\/gr1993records.com\/wp-content\/uploads\/2025\/07\/Amatild_foto_1.jpg","datePublished":"2025-07-03T11:27:16+00:00","dateModified":"2026-04-01T09:39:20+00:00","breadcrumb":{"@id":"https:\/\/gr1993records.com\/index.php\/eloadok\/amatild-2\/#breadcrumb"},"inLanguage":"hu","potentialAction":[{"@type":"ReadAction","target":["https:\/\/gr1993records.com\/index.php\/eloadok\/amatild-2\/"]}]},{"@type":"ImageObject","inLanguage":"hu","@id":"https:\/\/gr1993records.com\/index.php\/eloadok\/amatild-2\/#primaryimage","url":"https:\/\/gr1993records.com\/wp-content\/uploads\/2025\/07\/Amatild_foto_1.jpg","contentUrl":"https:\/\/gr1993records.com\/wp-content\/uploads\/2025\/07\/Amatild_foto_1.jpg","width":2048,"height":2048},{"@type":"BreadcrumbList","@id":"https:\/\/gr1993records.com\/index.php\/eloadok\/amatild-2\/#breadcrumb","itemListElement":[{"@type":"ListItem","position":1,"name":"Home","item":"https:\/\/gr1993records.com\/"},{"@type":"ListItem","position":2,"name":"El\u0151ad\u00f3k","item":"https:\/\/gr1993records.com\/index.php\/eloadok\/?lang=en"},{"@type":"ListItem","position":3,"name":"Amatild"}]},{"@type":"WebSite","@id":"https:\/\/gr1993records.com\/#website","url":"https:\/\/gr1993records.com\/","name":"GR1993 Records","description":"","publisher":{"@id":"https:\/\/gr1993records.com\/#organization"},"potentialAction":[{"@type":"SearchAction","target":{"@type":"EntryPoint","urlTemplate":"https:\/\/gr1993records.com\/?s={search_term_string}"},"query-input":{"@type":"PropertyValueSpecification","valueRequired":true,"valueName":"search_term_string"}}],"inLanguage":"hu"},{"@type":"Organization","@id":"https:\/\/gr1993records.com\/#organization","name":"Gramy-H Ltd.","url":"https:\/\/gr1993records.com\/","logo":{"@type":"ImageObject","inLanguage":"hu","@id":"https:\/\/gr1993records.com\/#\/schema\/logo\/image\/","url":"https:\/\/gr1993records.com\/wp-content\/uploads\/2019\/08\/GR1993_Records_logo_CC.png","contentUrl":"https:\/\/gr1993records.com\/wp-content\/uploads\/2019\/08\/GR1993_Records_logo_CC.png","width":2900,"height":2001,"caption":"Gramy-H Ltd."},"image":{"@id":"https:\/\/gr1993records.com\/#\/schema\/logo\/image\/"},"sameAs":["https:\/\/www.facebook.com\/GR1993Records-113564886691383\/"]}]}},"jetpack_sharing_enabled":true,"_links":{"self":[{"href":"https:\/\/gr1993records.com\/index.php\/wp-json\/wp\/v2\/pages\/7622","targetHints":{"allow":["GET"]}}],"collection":[{"href":"https:\/\/gr1993records.com\/index.php\/wp-json\/wp\/v2\/pages"}],"about":[{"href":"https:\/\/gr1993records.com\/index.php\/wp-json\/wp\/v2\/types\/page"}],"author":[{"embeddable":true,"href":"https:\/\/gr1993records.com\/index.php\/wp-json\/wp\/v2\/users\/1"}],"replies":[{"embeddable":true,"href":"https:\/\/gr1993records.com\/index.php\/wp-json\/wp\/v2\/comments?post=7622"}],"version-history":[{"count":3,"href":"https:\/\/gr1993records.com\/index.php\/wp-json\/wp\/v2\/pages\/7622\/revisions"}],"predecessor-version":[{"id":7861,"href":"https:\/\/gr1993records.com\/index.php\/wp-json\/wp\/v2\/pages\/7622\/revisions\/7861"}],"up":[{"embeddable":true,"href":"https:\/\/gr1993records.com\/index.php\/wp-json\/wp\/v2\/pages\/4565"}],"wp:featuredmedia":[{"embeddable":true,"href":"https:\/\/gr1993records.com\/index.php\/wp-json\/wp\/v2\/media\/7624"}],"wp:attachment":[{"href":"https:\/\/gr1993records.com\/index.php\/wp-json\/wp\/v2\/media?parent=7622"}],"wp:term":[{"taxonomy":"category","embeddable":true,"href":"https:\/\/gr1993records.com\/index.php\/wp-json\/wp\/v2\/categories?post=7622"},{"taxonomy":"post_tag","embeddable":true,"href":"https:\/\/gr1993records.com\/index.php\/wp-json\/wp\/v2\/tags?post=7622"}],"curies":[{"name":"wp","href":"https:\/\/api.w.org\/{rel}","templated":true}]}}