{"id":4664,"date":"2019-08-13T08:34:51","date_gmt":"2019-08-13T08:34:51","guid":{"rendered":"http:\/\/gr1993records.magex.hu\/?page_id=4664"},"modified":"2026-04-01T12:22:40","modified_gmt":"2026-04-01T10:22:40","slug":"szaniszlo-richard","status":"publish","type":"page","link":"https:\/\/gr1993records.com\/index.php\/eloadok\/szaniszlo-richard\/","title":{"rendered":"Szaniszl\u00f3 Rich\u00e1rd"},"content":{"rendered":"<p>[vc_row][vc_column width=&#8221;2\/3&#8243;][vc_column_text]A Liszt Ferenc Zeneakad\u00e9mi\u00e1n v\u00e9gzett 2000-ben Szegeden, mint \u00fct\u0151hangszeres m\u0171v\u00e9sz. A konzervat\u00f3riumi \u00e9s akad\u00e9miai \u00e9vek alatt sok id\u0151t t\u00f6lt\u00f6tt auotdidaktak\u00e9nt jazz vibrafonoz\u00e1ssal \u00e9s marimb\u00e1z\u00e1ssal a klasszikus zene mellett, saj\u00e1t kompoz\u00edci\u00f3kat \u00e9s transzkripci\u00f3kat is j\u00e1tszott.<\/p>\n<p><strong>2000-ben<\/strong> Az els\u0151 budapesti Nemzetk\u00f6zi Jazzfesztiv\u00e1lon k\u00fcl\u00f6nd\u00edjas vibrafonos sz\u00f3lista volt.<\/p>\n<p><strong>2002-ben<\/strong> D\u00f6nt\u0151s volt az els\u0151 Magyar Jazz Zeneszerz\u0151 versenyen szeptett kompoz\u00edci\u00f3j\u00e1val, \u00d6rd\u00f6gt\u00e1nc c\u00edmmel.<\/p>\n<p><strong>2004-ben <\/strong>k\u00f6z\u00e9pd\u00f6nt\u0151s volt a nashville-i ISC dalszerz\u0151 versenyen Sophia c\u00edm\u0171 darabj\u00e1val.<\/p>\n<p><strong>2004-ben <\/strong>az orsz\u00e1gban els\u0151k\u00e9nt tartott jazz vibrafon kurzust a Debreceni Egyetemen megh\u00edvottk\u00e9nt.<\/p>\n<p><strong>2002-t\u0151l<\/strong> rendszeres fell\u00e9p\u0151je a Bart\u00f3k R\u00e1di\u00f3 jazz m\u0171sorainak, szinte minden nagyobb fesztiv\u00e1lon, jazz klubban fell\u00e9pett itthon k\u00fcl\u00f6nb\u00f6z\u0151 form\u00e1ci\u00f3ival.<\/p>\n<p>Jelenleg a vibesworkshop.com szerz\u0151d\u00f6tt oktat\u00f3ja, tov\u00e1bb\u00e1 a j\u00e1szber\u00e9nyi Palot\u00e1sy J\u00e1nos Zeneiskola \u00fct\u0151tan\u00e1ra.[\/vc_column_text][\/vc_column][vc_column width=&#8221;1\/3&#8243;][vc_single_image image=&#8221;7577&#8243; img_size=&#8221;full&#8221;][\/vc_column][\/vc_row][vc_row][vc_column][vc_separator][vc_empty_space][vc_custom_heading title_font_size=&#8221;fs36&#8243; text=&#8221;El\u0151ad\u00f3hoz kapcsol\u00f3d\u00f3 kiadv\u00e1nyok&#8221; use_theme_fonts=&#8221;yes&#8221; el_class=&#8221;mb60 mb30-md&#8221;][vc_basic_grid post_type=&#8221;product&#8221; max_items=&#8221;-1&#8243; element_width=&#8221;3&#8243; item=&#8221;5015&#8243; grid_id=&#8221;vc_gid:1775038942928-87466710-3c5b-6&#8243; taxonomies=&#8221;148&#8243;][\/vc_column][\/vc_row]<\/p>","protected":false},"excerpt":{"rendered":"<p>[vc_row][vc_column width=&#8221;2\/3&#8243;][vc_column_text]A Liszt Ferenc Zeneakad\u00e9mi\u00e1n v\u00e9gzett 2000-ben Szegeden, mint \u00fct\u0151hangszeres m\u0171v\u00e9sz. A konzervat\u00f3riumi \u00e9s akad\u00e9miai \u00e9vek alatt sok id\u0151t t\u00f6lt\u00f6tt auotdidaktak\u00e9nt jazz vibrafonoz\u00e1ssal \u00e9s marimb\u00e1z\u00e1ssal a klasszikus zene mellett, saj\u00e1t kompoz\u00edci\u00f3kat \u00e9s transzkripci\u00f3kat is j\u00e1tszott. 2000-ben Az els\u0151 budapesti Nemzetk\u00f6zi Jazzfesztiv\u00e1lon k\u00fcl\u00f6nd\u00edjas vibrafonos sz\u00f3lista volt. 2002-ben D\u00f6nt\u0151s volt az els\u0151 Magyar Jazz Zeneszerz\u0151 versenyen szeptett [&hellip;]<\/p>\n","protected":false},"author":2,"featured_media":7578,"parent":4565,"menu_order":111,"comment_status":"closed","ping_status":"closed","template":"","meta":{"footnotes":""},"categories":[128],"tags":[502],"class_list":["post-4664","page","type-page","status-publish","has-post-thumbnail","hentry","category-artists","tag-szaniszlo-richard"],"yoast_head":"<!-- This site is optimized with the Yoast SEO plugin v27.2 - https:\/\/yoast.com\/product\/yoast-seo-wordpress\/ -->\n<title>Szaniszl\u00f3 Rich\u00e1rd &#8211; GR1993 Records<\/title>\n<meta name=\"robots\" content=\"index, follow, max-snippet:-1, max-image-preview:large, max-video-preview:-1\" \/>\n<link rel=\"canonical\" href=\"https:\/\/gr1993records.com\/index.php\/eloadok\/szaniszlo-richard\/\" \/>\n<meta property=\"og:locale\" content=\"hu_HU\" \/>\n<meta property=\"og:type\" content=\"article\" \/>\n<meta property=\"og:title\" content=\"Szaniszl\u00f3 Rich\u00e1rd &#8211; GR1993 Records\" \/>\n<meta property=\"og:description\" content=\"[vc_row][vc_column width=&#8221;2\/3&#8243;][vc_column_text]A Liszt Ferenc Zeneakad\u00e9mi\u00e1n v\u00e9gzett 2000-ben Szegeden, mint \u00fct\u0151hangszeres m\u0171v\u00e9sz. A konzervat\u00f3riumi \u00e9s akad\u00e9miai \u00e9vek alatt sok id\u0151t t\u00f6lt\u00f6tt auotdidaktak\u00e9nt jazz vibrafonoz\u00e1ssal \u00e9s marimb\u00e1z\u00e1ssal a klasszikus zene mellett, saj\u00e1t kompoz\u00edci\u00f3kat \u00e9s transzkripci\u00f3kat is j\u00e1tszott. 2000-ben Az els\u0151 budapesti Nemzetk\u00f6zi Jazzfesztiv\u00e1lon k\u00fcl\u00f6nd\u00edjas vibrafonos sz\u00f3lista volt. 2002-ben D\u00f6nt\u0151s volt az els\u0151 Magyar Jazz Zeneszerz\u0151 versenyen szeptett [&hellip;]\" \/>\n<meta property=\"og:url\" content=\"https:\/\/gr1993records.com\/index.php\/eloadok\/szaniszlo-richard\/\" \/>\n<meta property=\"og:site_name\" content=\"GR1993 Records\" \/>\n<meta property=\"article:publisher\" content=\"https:\/\/www.facebook.com\/GR1993Records-113564886691383\/\" \/>\n<meta property=\"article:modified_time\" content=\"2026-04-01T10:22:40+00:00\" \/>\n<meta property=\"og:image\" content=\"https:\/\/gr1993records.com\/wp-content\/uploads\/2025\/06\/Szaniszlo_Richard_photo_3.jpg\" \/>\n\t<meta property=\"og:image:width\" content=\"1500\" \/>\n\t<meta property=\"og:image:height\" content=\"1500\" \/>\n\t<meta property=\"og:image:type\" content=\"image\/jpeg\" \/>\n<meta name=\"twitter:card\" content=\"summary_large_image\" \/>\n<meta name=\"twitter:image\" content=\"https:\/\/gr1993records.com\/wp-content\/uploads\/2025\/06\/Szaniszlo_Richard_photo_3.jpg\" \/>\n<meta name=\"twitter:label1\" content=\"Becs\u00fclt olvas\u00e1si id\u0151\" \/>\n\t<meta name=\"twitter:data1\" content=\"1 perc\" \/>\n<script type=\"application\/ld+json\" class=\"yoast-schema-graph\">{\"@context\":\"https:\/\/schema.org\",\"@graph\":[{\"@type\":\"WebPage\",\"@id\":\"https:\/\/gr1993records.com\/index.php\/eloadok\/szaniszlo-richard\/\",\"url\":\"https:\/\/gr1993records.com\/index.php\/eloadok\/szaniszlo-richard\/\",\"name\":\"Szaniszl\u00f3 Rich\u00e1rd &#8211; GR1993 Records\",\"isPartOf\":{\"@id\":\"https:\/\/gr1993records.com\/#website\"},\"primaryImageOfPage\":{\"@id\":\"https:\/\/gr1993records.com\/index.php\/eloadok\/szaniszlo-richard\/#primaryimage\"},\"image\":{\"@id\":\"https:\/\/gr1993records.com\/index.php\/eloadok\/szaniszlo-richard\/#primaryimage\"},\"thumbnailUrl\":\"https:\/\/gr1993records.com\/wp-content\/uploads\/2025\/06\/Szaniszlo_Richard_photo_3.jpg\",\"datePublished\":\"2019-08-13T08:34:51+00:00\",\"dateModified\":\"2026-04-01T10:22:40+00:00\",\"breadcrumb\":{\"@id\":\"https:\/\/gr1993records.com\/index.php\/eloadok\/szaniszlo-richard\/#breadcrumb\"},\"inLanguage\":\"hu\",\"potentialAction\":[{\"@type\":\"ReadAction\",\"target\":[\"https:\/\/gr1993records.com\/index.php\/eloadok\/szaniszlo-richard\/\"]}]},{\"@type\":\"ImageObject\",\"inLanguage\":\"hu\",\"@id\":\"https:\/\/gr1993records.com\/index.php\/eloadok\/szaniszlo-richard\/#primaryimage\",\"url\":\"https:\/\/gr1993records.com\/wp-content\/uploads\/2025\/06\/Szaniszlo_Richard_photo_3.jpg\",\"contentUrl\":\"https:\/\/gr1993records.com\/wp-content\/uploads\/2025\/06\/Szaniszlo_Richard_photo_3.jpg\",\"width\":1500,\"height\":1500},{\"@type\":\"BreadcrumbList\",\"@id\":\"https:\/\/gr1993records.com\/index.php\/eloadok\/szaniszlo-richard\/#breadcrumb\",\"itemListElement\":[{\"@type\":\"ListItem\",\"position\":1,\"name\":\"Home\",\"item\":\"https:\/\/gr1993records.com\/\"},{\"@type\":\"ListItem\",\"position\":2,\"name\":\"El\u0151ad\u00f3k\",\"item\":\"https:\/\/gr1993records.com\/index.php\/eloadok\/?lang=en\"},{\"@type\":\"ListItem\",\"position\":3,\"name\":\"Szaniszl\u00f3 Rich\u00e1rd\"}]},{\"@type\":\"WebSite\",\"@id\":\"https:\/\/gr1993records.com\/#website\",\"url\":\"https:\/\/gr1993records.com\/\",\"name\":\"GR1993 Records\",\"description\":\"\",\"publisher\":{\"@id\":\"https:\/\/gr1993records.com\/#organization\"},\"potentialAction\":[{\"@type\":\"SearchAction\",\"target\":{\"@type\":\"EntryPoint\",\"urlTemplate\":\"https:\/\/gr1993records.com\/?s={search_term_string}\"},\"query-input\":{\"@type\":\"PropertyValueSpecification\",\"valueRequired\":true,\"valueName\":\"search_term_string\"}}],\"inLanguage\":\"hu\"},{\"@type\":\"Organization\",\"@id\":\"https:\/\/gr1993records.com\/#organization\",\"name\":\"Gramy-H Ltd.\",\"url\":\"https:\/\/gr1993records.com\/\",\"logo\":{\"@type\":\"ImageObject\",\"inLanguage\":\"hu\",\"@id\":\"https:\/\/gr1993records.com\/#\/schema\/logo\/image\/\",\"url\":\"https:\/\/gr1993records.com\/wp-content\/uploads\/2019\/08\/GR1993_Records_logo_CC.png\",\"contentUrl\":\"https:\/\/gr1993records.com\/wp-content\/uploads\/2019\/08\/GR1993_Records_logo_CC.png\",\"width\":2900,\"height\":2001,\"caption\":\"Gramy-H Ltd.\"},\"image\":{\"@id\":\"https:\/\/gr1993records.com\/#\/schema\/logo\/image\/\"},\"sameAs\":[\"https:\/\/www.facebook.com\/GR1993Records-113564886691383\/\"]}]}<\/script>\n<!-- \/ Yoast SEO plugin. -->","yoast_head_json":{"title":"Szaniszl\u00f3 Rich\u00e1rd &#8211; GR1993 Records","robots":{"index":"index","follow":"follow","max-snippet":"max-snippet:-1","max-image-preview":"max-image-preview:large","max-video-preview":"max-video-preview:-1"},"canonical":"https:\/\/gr1993records.com\/index.php\/eloadok\/szaniszlo-richard\/","og_locale":"hu_HU","og_type":"article","og_title":"Szaniszl\u00f3 Rich\u00e1rd &#8211; GR1993 Records","og_description":"[vc_row][vc_column width=&#8221;2\/3&#8243;][vc_column_text]A Liszt Ferenc Zeneakad\u00e9mi\u00e1n v\u00e9gzett 2000-ben Szegeden, mint \u00fct\u0151hangszeres m\u0171v\u00e9sz. A konzervat\u00f3riumi \u00e9s akad\u00e9miai \u00e9vek alatt sok id\u0151t t\u00f6lt\u00f6tt auotdidaktak\u00e9nt jazz vibrafonoz\u00e1ssal \u00e9s marimb\u00e1z\u00e1ssal a klasszikus zene mellett, saj\u00e1t kompoz\u00edci\u00f3kat \u00e9s transzkripci\u00f3kat is j\u00e1tszott. 2000-ben Az els\u0151 budapesti Nemzetk\u00f6zi Jazzfesztiv\u00e1lon k\u00fcl\u00f6nd\u00edjas vibrafonos sz\u00f3lista volt. 2002-ben D\u00f6nt\u0151s volt az els\u0151 Magyar Jazz Zeneszerz\u0151 versenyen szeptett [&hellip;]","og_url":"https:\/\/gr1993records.com\/index.php\/eloadok\/szaniszlo-richard\/","og_site_name":"GR1993 Records","article_publisher":"https:\/\/www.facebook.com\/GR1993Records-113564886691383\/","article_modified_time":"2026-04-01T10:22:40+00:00","og_image":[{"width":1500,"height":1500,"url":"https:\/\/gr1993records.com\/wp-content\/uploads\/2025\/06\/Szaniszlo_Richard_photo_3.jpg","type":"image\/jpeg"}],"twitter_card":"summary_large_image","twitter_image":"https:\/\/gr1993records.com\/wp-content\/uploads\/2025\/06\/Szaniszlo_Richard_photo_3.jpg","twitter_misc":{"Becs\u00fclt olvas\u00e1si id\u0151":"1 perc"},"schema":{"@context":"https:\/\/schema.org","@graph":[{"@type":"WebPage","@id":"https:\/\/gr1993records.com\/index.php\/eloadok\/szaniszlo-richard\/","url":"https:\/\/gr1993records.com\/index.php\/eloadok\/szaniszlo-richard\/","name":"Szaniszl\u00f3 Rich\u00e1rd &#8211; GR1993 Records","isPartOf":{"@id":"https:\/\/gr1993records.com\/#website"},"primaryImageOfPage":{"@id":"https:\/\/gr1993records.com\/index.php\/eloadok\/szaniszlo-richard\/#primaryimage"},"image":{"@id":"https:\/\/gr1993records.com\/index.php\/eloadok\/szaniszlo-richard\/#primaryimage"},"thumbnailUrl":"https:\/\/gr1993records.com\/wp-content\/uploads\/2025\/06\/Szaniszlo_Richard_photo_3.jpg","datePublished":"2019-08-13T08:34:51+00:00","dateModified":"2026-04-01T10:22:40+00:00","breadcrumb":{"@id":"https:\/\/gr1993records.com\/index.php\/eloadok\/szaniszlo-richard\/#breadcrumb"},"inLanguage":"hu","potentialAction":[{"@type":"ReadAction","target":["https:\/\/gr1993records.com\/index.php\/eloadok\/szaniszlo-richard\/"]}]},{"@type":"ImageObject","inLanguage":"hu","@id":"https:\/\/gr1993records.com\/index.php\/eloadok\/szaniszlo-richard\/#primaryimage","url":"https:\/\/gr1993records.com\/wp-content\/uploads\/2025\/06\/Szaniszlo_Richard_photo_3.jpg","contentUrl":"https:\/\/gr1993records.com\/wp-content\/uploads\/2025\/06\/Szaniszlo_Richard_photo_3.jpg","width":1500,"height":1500},{"@type":"BreadcrumbList","@id":"https:\/\/gr1993records.com\/index.php\/eloadok\/szaniszlo-richard\/#breadcrumb","itemListElement":[{"@type":"ListItem","position":1,"name":"Home","item":"https:\/\/gr1993records.com\/"},{"@type":"ListItem","position":2,"name":"El\u0151ad\u00f3k","item":"https:\/\/gr1993records.com\/index.php\/eloadok\/?lang=en"},{"@type":"ListItem","position":3,"name":"Szaniszl\u00f3 Rich\u00e1rd"}]},{"@type":"WebSite","@id":"https:\/\/gr1993records.com\/#website","url":"https:\/\/gr1993records.com\/","name":"GR1993 Records","description":"","publisher":{"@id":"https:\/\/gr1993records.com\/#organization"},"potentialAction":[{"@type":"SearchAction","target":{"@type":"EntryPoint","urlTemplate":"https:\/\/gr1993records.com\/?s={search_term_string}"},"query-input":{"@type":"PropertyValueSpecification","valueRequired":true,"valueName":"search_term_string"}}],"inLanguage":"hu"},{"@type":"Organization","@id":"https:\/\/gr1993records.com\/#organization","name":"Gramy-H Ltd.","url":"https:\/\/gr1993records.com\/","logo":{"@type":"ImageObject","inLanguage":"hu","@id":"https:\/\/gr1993records.com\/#\/schema\/logo\/image\/","url":"https:\/\/gr1993records.com\/wp-content\/uploads\/2019\/08\/GR1993_Records_logo_CC.png","contentUrl":"https:\/\/gr1993records.com\/wp-content\/uploads\/2019\/08\/GR1993_Records_logo_CC.png","width":2900,"height":2001,"caption":"Gramy-H Ltd."},"image":{"@id":"https:\/\/gr1993records.com\/#\/schema\/logo\/image\/"},"sameAs":["https:\/\/www.facebook.com\/GR1993Records-113564886691383\/"]}]}},"jetpack_sharing_enabled":true,"_links":{"self":[{"href":"https:\/\/gr1993records.com\/index.php\/wp-json\/wp\/v2\/pages\/4664","targetHints":{"allow":["GET"]}}],"collection":[{"href":"https:\/\/gr1993records.com\/index.php\/wp-json\/wp\/v2\/pages"}],"about":[{"href":"https:\/\/gr1993records.com\/index.php\/wp-json\/wp\/v2\/types\/page"}],"author":[{"embeddable":true,"href":"https:\/\/gr1993records.com\/index.php\/wp-json\/wp\/v2\/users\/2"}],"replies":[{"embeddable":true,"href":"https:\/\/gr1993records.com\/index.php\/wp-json\/wp\/v2\/comments?post=4664"}],"version-history":[{"count":3,"href":"https:\/\/gr1993records.com\/index.php\/wp-json\/wp\/v2\/pages\/4664\/revisions"}],"predecessor-version":[{"id":7878,"href":"https:\/\/gr1993records.com\/index.php\/wp-json\/wp\/v2\/pages\/4664\/revisions\/7878"}],"up":[{"embeddable":true,"href":"https:\/\/gr1993records.com\/index.php\/wp-json\/wp\/v2\/pages\/4565"}],"wp:featuredmedia":[{"embeddable":true,"href":"https:\/\/gr1993records.com\/index.php\/wp-json\/wp\/v2\/media\/7578"}],"wp:attachment":[{"href":"https:\/\/gr1993records.com\/index.php\/wp-json\/wp\/v2\/media?parent=4664"}],"wp:term":[{"taxonomy":"category","embeddable":true,"href":"https:\/\/gr1993records.com\/index.php\/wp-json\/wp\/v2\/categories?post=4664"},{"taxonomy":"post_tag","embeddable":true,"href":"https:\/\/gr1993records.com\/index.php\/wp-json\/wp\/v2\/tags?post=4664"}],"curies":[{"name":"wp","href":"https:\/\/api.w.org\/{rel}","templated":true}]}}