{"id":4408,"date":"2019-03-04T07:36:39","date_gmt":"2019-03-04T07:36:39","guid":{"rendered":"http:\/\/demo.themepiko.com\/woomega\/default\/?page_id=4408"},"modified":"2019-03-04T07:36:39","modified_gmt":"2019-03-04T07:36:39","slug":"faqs","status":"publish","type":"page","link":"https:\/\/gr1993records.com\/index.php\/faqs\/","title":{"rendered":"FAQ&#8217;s"},"content":{"rendered":"<p>\t\t\t\t[vc_row][vc_column width=&#8221;1\/2&#8243;][pikoworks_icon_block style=&#8221;2&#8243; block_title=&#8221;What Shipping Methods Are Available?&#8221; block_desc=&#8221;We are Accepted suspendisse tellus nisl, consequat sed dui eget, venenatis molestie diam. Pellentesque massa velit, ornare sed sapien pretium venenatis felis. Sed interdum massa vitae mauris congue semper. Maecenas pharetra maximus fermentum. Sed congue.&#8221; el_class=&#8221;mb15&#8243;][pikoworks_icon_block style=&#8221;2&#8243; block_title=&#8221;How long will it take before my item is fixed?&#8221; block_desc=&#8221;We are fix your product suspendisse tellus nisl, consequat sed dui eget, venenatis molestie diam. Pellentesque massa velit, ornare sed sapien in, pretium venenatis felis. Sed interdum massa vitae mauris congue semper. Maecenas pharetra maximus fermentum. Sed congue.&#8221;][\/vc_column][vc_column width=&#8221;1\/2&#8243;][pikoworks_icon_block style=&#8221;2&#8243; block_title=&#8221;Do you ship Internationally?&#8221; block_desc=&#8221;First of all we are delivery some country Duis finibus, nibh eu dignissim laoreet, odio augue gravida elit, sed sollicitudin ipsum mauris at eros. Vivamus cursus sapien ante, id commodo ex convallis nec. Cras convallis dictum sapien ipsum mauris at eros. .&#8221; el_class=&#8221;mb15&#8243;][pikoworks_icon_block style=&#8221;2&#8243; block_title=&#8221;How can I track my order?&#8221; block_desc=&#8221;You can easily track your order , nibh eu dignissim laoreet, odio augue gravida elit, sed sollicitudin ipsum mauris at eros. Vivamus cursus sapien ante, id commodo ex convallis nec. Cras convallis dictum sapien, at bibendum orci commodo sed.&#8221;][\/vc_column][\/vc_row][vc_row el_class=&#8221;mb25 mt85 mt40-sm mt15-sm&#8221;][vc_column][vc_custom_heading title_font_size=&#8221;fs36&#8243; text=&#8221;Order and Returns&#8221; font_container=&#8221;tag:h3|text_align:left&#8221; use_theme_fonts=&#8221;yes&#8221;][\/vc_column][\/vc_row][vc_row el_class=&#8221;mb10&#8243;][vc_column width=&#8221;1\/2&#8243;][pikoworks_icon_block style=&#8221;2&#8243; block_title=&#8221;I have changed my mind. Can I cancel order?&#8221; block_desc=&#8221;We are Accepted suspendisse tellus nisl, consequat sed dui eget, venenatis molestie diam. Pellentesque massa velit, ornare sed sapien pretium venenatis felis. Sed interdum massa&#8221; el_class=&#8221;mb15&#8243;][pikoworks_icon_block style=&#8221;2&#8243; block_title=&#8221;How can I track my return order?&#8221; block_desc=&#8221;We are Accepted suspendisse tellus nisl, consequat sed dui eget, venenatis molestie diam. Pellentesque massa velit, ornare Sed interdum massa vitae mauris congue semper&#8221; el_class=&#8221;mb15&#8243;][pikoworks_icon_block style=&#8221;2&#8243; block_title=&#8221;How can I return an item?&#8221; block_desc=&#8221;We are fix your product suspendisse tellus nisl, consequat sed dui eget, venenatis molestie diam. Pellentesque massa velit, pretium venenatis felis. ornare sed sapien in.&#8221;][\/vc_column][vc_column width=&#8221;1\/2&#8243;][pikoworks_icon_block style=&#8221;2&#8243; block_title=&#8221;Do I get a refund?&#8221; block_desc=&#8221;First of all we are delivery some country Duis finibus, nibh eu dignissim laoreet, odio augue gravida elit, sed sollicitudin ipsum mauris at eros. Vivamus cursus sapien ante, id commodo ex convallis.&#8221; el_class=&#8221;mb15&#8243;][pikoworks_icon_block style=&#8221;2&#8243; block_title=&#8221;What is the return notice period?&#8221; block_desc=&#8221;First of all we are delivery some country Duis finibus, nibh eu dignissim laoreet, odio augue gravida elit, sed sollicitudin ipsum id commodo ex convallis nec. Cras convallis dictum sapien.&#8221; el_class=&#8221;mb15&#8243;][pikoworks_icon_block style=&#8221;2&#8243; block_title=&#8221;Why can\u2019t I return certain items?&#8221; block_desc=&#8221;You can easily track your order , nibh eu dignissim laoreet, odio augue gravida elit, sed sollicitudin ipsum mauris at eros. Vivamus cursus sapien ante, id commodo ex convallis nec.&#8221;][\/vc_column][\/vc_row]\t\t<\/p>\n","protected":false},"excerpt":{"rendered":"<p>[vc_row][vc_column width=&#8221;1\/2&#8243;][pikoworks_icon_block style=&#8221;2&#8243; block_title=&#8221;What Shipping Methods Are Available?&#8221; block_desc=&#8221;We are Accepted suspendisse tellus nisl, consequat sed dui eget, venenatis molestie diam. Pellentesque massa velit, ornare sed sapien pretium venenatis felis. Sed interdum massa vitae mauris congue semper. Maecenas pharetra maximus fermentum. Sed congue.&#8221; el_class=&#8221;mb15&#8243;][pikoworks_icon_block style=&#8221;2&#8243; block_title=&#8221;How long will it take before my item is fixed?&#8221; [&hellip;]<\/p>\n","protected":false},"author":2,"featured_media":0,"parent":0,"menu_order":0,"comment_status":"closed","ping_status":"closed","template":"","meta":{"footnotes":""},"categories":[],"tags":[],"class_list":["post-4408","page","type-page","status-publish","hentry"],"yoast_head":"<!-- This site is optimized with the Yoast SEO plugin v27.3 - https:\/\/yoast.com\/product\/yoast-seo-wordpress\/ -->\n<title>FAQ&#039;s &#8211; GR1993 Records<\/title>\n<meta name=\"robots\" content=\"index, follow, max-snippet:-1, max-image-preview:large, max-video-preview:-1\" \/>\n<link rel=\"canonical\" href=\"https:\/\/gr1993records.com\/index.php\/faqs\/\" \/>\n<meta property=\"og:locale\" content=\"hu_HU\" \/>\n<meta property=\"og:type\" content=\"article\" \/>\n<meta property=\"og:title\" content=\"FAQ&#039;s &#8211; GR1993 Records\" \/>\n<meta property=\"og:description\" content=\"[vc_row][vc_column width=&#8221;1\/2&#8243;][pikoworks_icon_block style=&#8221;2&#8243; block_title=&#8221;What Shipping Methods Are Available?&#8221; block_desc=&#8221;We are Accepted suspendisse tellus nisl, consequat sed dui eget, venenatis molestie diam. Pellentesque massa velit, ornare sed sapien pretium venenatis felis. Sed interdum massa vitae mauris congue semper. Maecenas pharetra maximus fermentum. Sed congue.&#8221; el_class=&#8221;mb15&#8243;][pikoworks_icon_block style=&#8221;2&#8243; block_title=&#8221;How long will it take before my item is fixed?&#8221; [&hellip;]\" \/>\n<meta property=\"og:url\" content=\"https:\/\/gr1993records.com\/index.php\/faqs\/\" \/>\n<meta property=\"og:site_name\" content=\"GR1993 Records\" \/>\n<meta property=\"article:publisher\" content=\"https:\/\/www.facebook.com\/GR1993Records-113564886691383\/\" \/>\n<meta name=\"twitter:card\" content=\"summary_large_image\" \/>\n<meta name=\"twitter:label1\" content=\"Becs\u00fclt olvas\u00e1si id\u0151\" \/>\n\t<meta name=\"twitter:data1\" content=\"3 perc\" \/>\n<script type=\"application\/ld+json\" class=\"yoast-schema-graph\">{\"@context\":\"https:\\\/\\\/schema.org\",\"@graph\":[{\"@type\":\"WebPage\",\"@id\":\"https:\\\/\\\/gr1993records.com\\\/index.php\\\/faqs\\\/\",\"url\":\"https:\\\/\\\/gr1993records.com\\\/index.php\\\/faqs\\\/\",\"name\":\"FAQ's &#8211; GR1993 Records\",\"isPartOf\":{\"@id\":\"https:\\\/\\\/gr1993records.com\\\/#website\"},\"datePublished\":\"2019-03-04T07:36:39+00:00\",\"breadcrumb\":{\"@id\":\"https:\\\/\\\/gr1993records.com\\\/index.php\\\/faqs\\\/#breadcrumb\"},\"inLanguage\":\"hu\",\"potentialAction\":[{\"@type\":\"ReadAction\",\"target\":[\"https:\\\/\\\/gr1993records.com\\\/index.php\\\/faqs\\\/\"]}]},{\"@type\":\"BreadcrumbList\",\"@id\":\"https:\\\/\\\/gr1993records.com\\\/index.php\\\/faqs\\\/#breadcrumb\",\"itemListElement\":[{\"@type\":\"ListItem\",\"position\":1,\"name\":\"Home\",\"item\":\"https:\\\/\\\/gr1993records.com\\\/\"},{\"@type\":\"ListItem\",\"position\":2,\"name\":\"FAQ&#8217;s\"}]},{\"@type\":\"WebSite\",\"@id\":\"https:\\\/\\\/gr1993records.com\\\/#website\",\"url\":\"https:\\\/\\\/gr1993records.com\\\/\",\"name\":\"GR1993 Records\",\"description\":\"\",\"publisher\":{\"@id\":\"https:\\\/\\\/gr1993records.com\\\/#organization\"},\"potentialAction\":[{\"@type\":\"SearchAction\",\"target\":{\"@type\":\"EntryPoint\",\"urlTemplate\":\"https:\\\/\\\/gr1993records.com\\\/?s={search_term_string}\"},\"query-input\":{\"@type\":\"PropertyValueSpecification\",\"valueRequired\":true,\"valueName\":\"search_term_string\"}}],\"inLanguage\":\"hu\"},{\"@type\":\"Organization\",\"@id\":\"https:\\\/\\\/gr1993records.com\\\/#organization\",\"name\":\"Gramy-H Ltd.\",\"url\":\"https:\\\/\\\/gr1993records.com\\\/\",\"logo\":{\"@type\":\"ImageObject\",\"inLanguage\":\"hu\",\"@id\":\"https:\\\/\\\/gr1993records.com\\\/#\\\/schema\\\/logo\\\/image\\\/\",\"url\":\"https:\\\/\\\/gr1993records.com\\\/wp-content\\\/uploads\\\/2019\\\/08\\\/GR1993_Records_logo_CC.png\",\"contentUrl\":\"https:\\\/\\\/gr1993records.com\\\/wp-content\\\/uploads\\\/2019\\\/08\\\/GR1993_Records_logo_CC.png\",\"width\":2900,\"height\":2001,\"caption\":\"Gramy-H Ltd.\"},\"image\":{\"@id\":\"https:\\\/\\\/gr1993records.com\\\/#\\\/schema\\\/logo\\\/image\\\/\"},\"sameAs\":[\"https:\\\/\\\/www.facebook.com\\\/GR1993Records-113564886691383\\\/\"]}]}<\/script>\n<!-- \/ Yoast SEO plugin. -->","yoast_head_json":{"title":"FAQ's &#8211; GR1993 Records","robots":{"index":"index","follow":"follow","max-snippet":"max-snippet:-1","max-image-preview":"max-image-preview:large","max-video-preview":"max-video-preview:-1"},"canonical":"https:\/\/gr1993records.com\/index.php\/faqs\/","og_locale":"hu_HU","og_type":"article","og_title":"FAQ's &#8211; GR1993 Records","og_description":"[vc_row][vc_column width=&#8221;1\/2&#8243;][pikoworks_icon_block style=&#8221;2&#8243; block_title=&#8221;What Shipping Methods Are Available?&#8221; block_desc=&#8221;We are Accepted suspendisse tellus nisl, consequat sed dui eget, venenatis molestie diam. Pellentesque massa velit, ornare sed sapien pretium venenatis felis. Sed interdum massa vitae mauris congue semper. Maecenas pharetra maximus fermentum. Sed congue.&#8221; el_class=&#8221;mb15&#8243;][pikoworks_icon_block style=&#8221;2&#8243; block_title=&#8221;How long will it take before my item is fixed?&#8221; [&hellip;]","og_url":"https:\/\/gr1993records.com\/index.php\/faqs\/","og_site_name":"GR1993 Records","article_publisher":"https:\/\/www.facebook.com\/GR1993Records-113564886691383\/","twitter_card":"summary_large_image","twitter_misc":{"Becs\u00fclt olvas\u00e1si id\u0151":"3 perc"},"schema":{"@context":"https:\/\/schema.org","@graph":[{"@type":"WebPage","@id":"https:\/\/gr1993records.com\/index.php\/faqs\/","url":"https:\/\/gr1993records.com\/index.php\/faqs\/","name":"FAQ's &#8211; GR1993 Records","isPartOf":{"@id":"https:\/\/gr1993records.com\/#website"},"datePublished":"2019-03-04T07:36:39+00:00","breadcrumb":{"@id":"https:\/\/gr1993records.com\/index.php\/faqs\/#breadcrumb"},"inLanguage":"hu","potentialAction":[{"@type":"ReadAction","target":["https:\/\/gr1993records.com\/index.php\/faqs\/"]}]},{"@type":"BreadcrumbList","@id":"https:\/\/gr1993records.com\/index.php\/faqs\/#breadcrumb","itemListElement":[{"@type":"ListItem","position":1,"name":"Home","item":"https:\/\/gr1993records.com\/"},{"@type":"ListItem","position":2,"name":"FAQ&#8217;s"}]},{"@type":"WebSite","@id":"https:\/\/gr1993records.com\/#website","url":"https:\/\/gr1993records.com\/","name":"GR1993 Records","description":"","publisher":{"@id":"https:\/\/gr1993records.com\/#organization"},"potentialAction":[{"@type":"SearchAction","target":{"@type":"EntryPoint","urlTemplate":"https:\/\/gr1993records.com\/?s={search_term_string}"},"query-input":{"@type":"PropertyValueSpecification","valueRequired":true,"valueName":"search_term_string"}}],"inLanguage":"hu"},{"@type":"Organization","@id":"https:\/\/gr1993records.com\/#organization","name":"Gramy-H Ltd.","url":"https:\/\/gr1993records.com\/","logo":{"@type":"ImageObject","inLanguage":"hu","@id":"https:\/\/gr1993records.com\/#\/schema\/logo\/image\/","url":"https:\/\/gr1993records.com\/wp-content\/uploads\/2019\/08\/GR1993_Records_logo_CC.png","contentUrl":"https:\/\/gr1993records.com\/wp-content\/uploads\/2019\/08\/GR1993_Records_logo_CC.png","width":2900,"height":2001,"caption":"Gramy-H Ltd."},"image":{"@id":"https:\/\/gr1993records.com\/#\/schema\/logo\/image\/"},"sameAs":["https:\/\/www.facebook.com\/GR1993Records-113564886691383\/"]}]}},"jetpack_sharing_enabled":true,"_links":{"self":[{"href":"https:\/\/gr1993records.com\/index.php\/wp-json\/wp\/v2\/pages\/4408","targetHints":{"allow":["GET"]}}],"collection":[{"href":"https:\/\/gr1993records.com\/index.php\/wp-json\/wp\/v2\/pages"}],"about":[{"href":"https:\/\/gr1993records.com\/index.php\/wp-json\/wp\/v2\/types\/page"}],"author":[{"embeddable":true,"href":"https:\/\/gr1993records.com\/index.php\/wp-json\/wp\/v2\/users\/2"}],"replies":[{"embeddable":true,"href":"https:\/\/gr1993records.com\/index.php\/wp-json\/wp\/v2\/comments?post=4408"}],"version-history":[{"count":0,"href":"https:\/\/gr1993records.com\/index.php\/wp-json\/wp\/v2\/pages\/4408\/revisions"}],"wp:attachment":[{"href":"https:\/\/gr1993records.com\/index.php\/wp-json\/wp\/v2\/media?parent=4408"}],"wp:term":[{"taxonomy":"category","embeddable":true,"href":"https:\/\/gr1993records.com\/index.php\/wp-json\/wp\/v2\/categories?post=4408"},{"taxonomy":"post_tag","embeddable":true,"href":"https:\/\/gr1993records.com\/index.php\/wp-json\/wp\/v2\/tags?post=4408"}],"curies":[{"name":"wp","href":"https:\/\/api.w.org\/{rel}","templated":true}]}}